{"id":318,"date":"2015-10-21T22:17:52","date_gmt":"2015-10-21T21:17:52","guid":{"rendered":"http:\/\/agora.xtec.cat\/ceip-jrj\/?page_id=318"},"modified":"2025-07-24T11:58:58","modified_gmt":"2025-07-24T09:58:58","slug":"consell-escolar","status":"publish","type":"page","link":"https:\/\/agora.xtec.cat\/ceip-jrj\/organitzacio\/recursos-humans\/consell-escolar\/","title":{"rendered":"Consell Escolar"},"content":{"rendered":"<table border=\"0\" width=\"542\" cellspacing=\"0\" cellpadding=\"0\" align=\"center\">\n<tbody>\n<tr>\n<td width=\"244\">President<\/td>\n<td width=\"298\">Sr. Iban Porta<\/td>\n<\/tr>\n<tr>\n<td width=\"244\">Cap d&#8217;estudis<\/td>\n<td width=\"298\">Sra. Tuhanet Gonz\u00e1lez<\/td>\n<\/tr>\n<tr>\n<td width=\"244\">Secret\u00e0ria<\/td>\n<td width=\"298\">Sra. Joana Rom\u00e1n<\/td>\n<\/tr>\n<tr>\n<td width=\"244\"><\/td>\n<td width=\"298\"><\/td>\n<\/tr>\n<tr>\n<td width=\"244\">Sector-Fam\u00edlies d&#8217;alumnat<\/td>\n<td width=\"298\">Sra. Eva S\u00e1nchez<\/td>\n<\/tr>\n<tr>\n<td width=\"244\"><\/td>\n<td width=\"298\">Sr. Javier Acu\u00f1a<\/td>\n<\/tr>\n<tr>\n<td width=\"244\"><\/td>\n<td width=\"298\" height=\"8\">Sra. Javier Moyano<\/td>\n<\/tr>\n<tr>\n<td width=\"244\"><\/td>\n<td width=\"298\">Sr. Oscar Besa<\/td>\n<\/tr>\n<tr>\n<td width=\"244\"><\/td>\n<td width=\"298\"><\/td>\n<\/tr>\n<tr>\n<td width=\"244\">\u00a0Sector-Equip docent<\/td>\n<td width=\"298\">Sra. Sof\u00eda Mu\u00f1oz<\/td>\n<\/tr>\n<tr>\n<td width=\"244\"><\/td>\n<td width=\"298\">Sra. Susana Buenavista<\/td>\n<\/tr>\n<tr>\n<td width=\"244\"><\/td>\n<td width=\"298\">Sra. Ana Mart\u00ednez<\/td>\n<\/tr>\n<tr>\n<td width=\"244\"><\/td>\n<td width=\"298\">Sra. Eva Mar\u00eda Ruiz<\/td>\n<\/tr>\n<tr>\n<td width=\"244\"><\/td>\n<td width=\"298\">Sra. Laura Bordes<\/td>\n<\/tr>\n<tr>\n<td width=\"244\"><\/td>\n<td width=\"298\"><\/td>\n<\/tr>\n<tr>\n<td width=\"244\">Representant de l&#8217;Ajuntament<\/td>\n<td width=\"298\">Sra. Soledad Rosende<\/td>\n<\/tr>\n<tr>\n<td width=\"244\"><\/td>\n<td width=\"298\">Sr. Oriol Bosch<\/td>\n<\/tr>\n<tr>\n<td width=\"244\">Representant de l&#8217;AFA<\/td>\n<td width=\"298\">Sra. M\u00f2nica Subirana<\/td>\n<\/tr>\n<tr>\n<td width=\"244\"><\/td>\n<td width=\"298\"><\/td>\n<\/tr>\n<tr>\n<td width=\"244\">Representant del PAS<\/td>\n<td width=\"298\">Sra. Eva Rubio<\/td>\n<\/tr>\n<\/tbody>\n<\/table>\n<p><strong data-start=\"91\" data-end=\"113\">El Consell Escolar<\/strong> \u00e9s l&#8217;\u00f2rgan col\u00b7legiat de participaci\u00f3 de la comunitat educativa en la gesti\u00f3 i el funcionament del centre. Els seus membres representen els diferents sectors de la comunitat educativa i tenen la responsabilitat de vetllar per una organitzaci\u00f3 eficient i transparent de l&#8217;escola. A continuaci\u00f3, es detallen les compet\u00e8ncies que li corresponen:<\/p>\n<ul>\n<li>Participar en l&#8217;aprovaci\u00f3 del projecte educatiu i les seves modificacions. El consell escolar ha de ser consultat pel director de manera preceptiva per valorar la proposta del projecte educatiu i manifestar el seu suport amb una majoria de les tres cinquenes parts dels membres.<\/li>\n<li>Participar en l&#8217;aprovaci\u00f3 de la programaci\u00f3 general anual, de les normes de funcionament i de la gesti\u00f3 econ\u00f2mica del centre. El consell escolar ha de ser consultat de manera preceptiva per valorar cada una de les propostes i manifestar el seu suport per majoria simple dels membres.<\/li>\n<li>Avaluar l&#8217;aplicaci\u00f3 del projecte educatiu i de les seves modificacions aix\u00ed com de la resta de documents de gesti\u00f3 del centre.<\/li>\n<li>Aprovar les propostes d&#8217;acords de coresponsabilitat, convenis i altres acords de col\u00b7laboraci\u00f3 del centre amb entitats i institucions.<\/li>\n<li>Participar en el procediment de selecci\u00f3 i en la proposta de cessament del director o directora.<\/li>\n<li>Intervenir en la resoluci\u00f3 dels conflictes i, si escau, revisar les sancions als alumnes.<\/li>\n<li>Aprovar les directrius per a la programaci\u00f3 d&#8217;activitats escolars<br \/>\ncomplement\u00e0ries i d&#8217;activitats extraescolars, i avaluar-ne el<br \/>\ndesenvolupament.<\/li>\n<li>Participar en les an\u00e0lisis i les avaluacions del funcionament general del centre i con\u00e8ixer l&#8217;evoluci\u00f3 del rendiment escolar<\/li>\n<li>Aprovar els criteris de col\u00b7laboraci\u00f3 amb altres centres i amb l&#8217;entorn.<\/li>\n<li>Qualsevol altre que li sigui atribu\u00efda per les normes legals o<br \/>\nreglament\u00e0ries.<\/li>\n<\/ul>\n<p>Per contactar amb els membres del consell escolar, podeu escriure un email al correu: <strong>consellescolarfamilies@jrjmartorell.com<\/strong><\/p>\n","protected":false},"excerpt":{"rendered":"<p>President<br \/>\nSr. Iban Porta<\/p>\n<p>Cap d&#8217;estudis<br \/>\nSra. Tuhanet Gonz\u00e1lez<\/p>\n<p>Secret\u00e0ria<br \/>\nSra. Joana Rom\u00e1n<\/p>\n<p>Sector-Fam\u00edlies d&#8217;alumnat<br \/>\nSra. Eva S\u00e1nchez<\/p>\n<p>Sr. Javier Acu\u00f1a<\/p>\n<p>Sra. Javier Moyano<\/p>\n<p>Sr. Oscar Besa<\/p>\n<p>\u00a0Sector-Equip docent<br \/>\nSra. Sof\u00eda Mu\u00f1oz<\/p>\n<p>Sra. Susana Buenavista<\/p>\n<p>Sra. Ana Mart\u00ednez<\/p>\n<p>Sra. Eva Mar\u00eda Ruiz<\/p>\n<p>Sra. Laura Bordes<\/p>\n<p>Representant de l&#8217;Ajuntament<br \/>\nSra. Soledad Rosende<\/p>\n<p>Sr. Oriol Bosch<\/p>\n<p>Representant de l&#8217;AFA<br \/>\nSra. M\u00f2nica Subirana<\/p>\n<p>Representant del PAS<br \/>\nSra. Eva Rubio<\/p>\n<p>El Consell Escolar&hellip;  <a href=\"https:\/\/agora.xtec.cat\/ceip-jrj\/organitzacio\/recursos-humans\/consell-escolar\/\" title=\"Read Consell Escolar\">Llegeix m\u00e9s\u00bb<\/a><\/p>\n","protected":false},"author":1,"featured_media":0,"parent":313,"menu_order":0,"comment_status":"closed","ping_status":"closed","template":"page-templates\/side-menu.php","meta":{"_bbp_topic_count":0,"_bbp_reply_count":0,"_bbp_total_topic_count":0,"_bbp_total_reply_count":0,"_bbp_voice_count":0,"_bbp_anonymous_reply_count":0,"_bbp_topic_count_hidden":0,"_bbp_reply_count_hidden":0,"_bbp_forum_subforum_count":0,"footnotes":""},"class_list":["post-318","page","type-page","status-publish","hentry"],"post_mailing_queue_ids":[],"_links":{"self":[{"href":"https:\/\/agora.xtec.cat\/ceip-jrj\/wp-json\/wp\/v2\/pages\/318","targetHints":{"allow":["GET"]}}],"collection":[{"href":"https:\/\/agora.xtec.cat\/ceip-jrj\/wp-json\/wp\/v2\/pages"}],"about":[{"href":"https:\/\/agora.xtec.cat\/ceip-jrj\/wp-json\/wp\/v2\/types\/page"}],"author":[{"embeddable":true,"href":"https:\/\/agora.xtec.cat\/ceip-jrj\/wp-json\/wp\/v2\/users\/1"}],"replies":[{"embeddable":true,"href":"https:\/\/agora.xtec.cat\/ceip-jrj\/wp-json\/wp\/v2\/comments?post=318"}],"version-history":[{"count":7,"href":"https:\/\/agora.xtec.cat\/ceip-jrj\/wp-json\/wp\/v2\/pages\/318\/revisions"}],"predecessor-version":[{"id":7736,"href":"https:\/\/agora.xtec.cat\/ceip-jrj\/wp-json\/wp\/v2\/pages\/318\/revisions\/7736"}],"up":[{"embeddable":true,"href":"https:\/\/agora.xtec.cat\/ceip-jrj\/wp-json\/wp\/v2\/pages\/313"}],"wp:attachment":[{"href":"https:\/\/agora.xtec.cat\/ceip-jrj\/wp-json\/wp\/v2\/media?parent=318"}],"curies":[{"name":"wp","href":"https:\/\/api.w.org\/{rel}","templated":true}]}}