{"id":305,"date":"2015-10-21T22:15:08","date_gmt":"2015-10-21T21:15:08","guid":{"rendered":"http:\/\/agora.xtec.cat\/ceip-jrj\/?page_id=305"},"modified":"2025-07-10T12:34:08","modified_gmt":"2025-07-10T10:34:08","slug":"horaris","status":"publish","type":"page","link":"https:\/\/agora.xtec.cat\/ceip-jrj\/organitzacio\/horaris\/","title":{"rendered":"Horaris. Entrades i sortides"},"content":{"rendered":"<p>Enguany, els horaris per tots els cursos s\u00f3n els seg\u00fcents:<\/p>\n<ul style=\"list-style-type: circle;\">\n<li>Mat\u00ed de 9 a 12.30h.<\/li>\n<li>Menjador de 12.30 a 15h.<\/li>\n<li>Tarda de 15 a 16.30h.<\/li>\n<\/ul>\n<table style=\"height: 118px; width: 71.4134%;\" width=\"636\">\n<tbody>\n<tr style=\"height: 64px;\">\n<td style=\"width: 32.7586%; height: 64px;\"><\/td>\n<td style=\"width: 32.9615%; text-align: center; height: 64px;\"><strong>Porta Avinguda Mancomunitats Comarcals<\/strong><\/td>\n<td style=\"width: 33.2657%; text-align: center; height: 64px;\"><strong>Porta AFA<\/strong><\/td>\n<\/tr>\n<tr style=\"height: 95px;\">\n<td style=\"width: 32.7586%; height: 54px;\"><\/td>\n<td style=\"width: 32.9615%; text-align: center; height: 54px;\">1r, 2n, 3r, 4t, 5\u00e8 i 6\u00e8<\/td>\n<td style=\"width: 33.2657%; text-align: center; height: 54px;\">I3, I4 i I5<\/td>\n<\/tr>\n<\/tbody>\n<\/table>\n<p>&nbsp;<\/p>\n<p>Les fam\u00edlies d&#8217;infantil i les de 1r i 2n, poden accedir al centre a les entrades i sortides.<\/p>\n<p>L&#8217;alumnat d&#8217;I3 s\u2019acompanya i es recull directament a les aules.<\/p>\n<p>L&#8217;alumnat d&#8217;I4 s\u2019acompanya i es recull a l&#8217;espai \u00c0gora (banc de totxos del mig del pati).<\/p>\n<p>L&#8217;alumnat d&#8217;I5 s\u2019acompanya \u00a0fins a la barana de l&#8217;espai que est\u00e0 entre el gimn\u00e0s i l&#8217;edifici principal, i es recull al mateix punt.<\/p>\n<p>Les fam\u00edlies de 1r i 2n van als porxos del costat de l&#8217;edifici de direcci\u00f3 per acompanyar i recollir els infants.<\/p>\n<p>Les fam\u00edlies de 3r i 4t que recullen als infants que no tenen l\u2019autoritzaci\u00f3 per sortir sols, <strong>nom\u00e9s poden accedir a les hores de recollida (12.30 i 16.30h) i <\/strong>esperen als porxos del costat del gimn\u00e0s.<\/p>\n<p>Les fam\u00edlies de 5\u00e8 i 6\u00e8 que recullen als infants que no tenen l\u2019autoritzaci\u00f3 per sortir sols, <strong>nom\u00e9s poden accedir a les hores de recollida (12.30 i 16.30h) i <\/strong>esperen als porxos del costat de l&#8217;edifici de direcci\u00f3.<\/p>\n","protected":false},"excerpt":{"rendered":"<p>Enguany, els horaris per tots els cursos s\u00f3n els seg\u00fcents:<\/p>\n<ul style=\"list-style-type: circle;\">\n<li>Mat\u00ed de 9 a 12.30h.<\/li>\n<li>Menjador de 12.30 a 15h.<\/li>\n<li>Tarda de 15 a 16.30h.<\/li>\n<\/ul>\n<p>Porta Avinguda Mancomunitats Comarcals<br \/>\nPorta AFA<\/p>\n<p>1r, 2n, 3r, 4t, 5\u00e8 i 6\u00e8<br \/>\nI3, I4 i I5<\/p>\n<p>&nbsp;<br \/>\nLes fam\u00edlies d&#8217;infantil i les de 1r i 2n,&hellip;  <a href=\"https:\/\/agora.xtec.cat\/ceip-jrj\/organitzacio\/horaris\/\" title=\"Read Horaris. Entrades i sortides\">Llegeix m\u00e9s\u00bb<\/a><\/p>\n","protected":false},"author":1,"featured_media":0,"parent":248,"menu_order":0,"comment_status":"closed","ping_status":"closed","template":"page-templates\/side-menu.php","meta":{"_bbp_topic_count":0,"_bbp_reply_count":0,"_bbp_total_topic_count":0,"_bbp_total_reply_count":0,"_bbp_voice_count":0,"_bbp_anonymous_reply_count":0,"_bbp_topic_count_hidden":0,"_bbp_reply_count_hidden":0,"_bbp_forum_subforum_count":0,"footnotes":""},"class_list":["post-305","page","type-page","status-publish","hentry"],"post_mailing_queue_ids":[],"_links":{"self":[{"href":"https:\/\/agora.xtec.cat\/ceip-jrj\/wp-json\/wp\/v2\/pages\/305","targetHints":{"allow":["GET"]}}],"collection":[{"href":"https:\/\/agora.xtec.cat\/ceip-jrj\/wp-json\/wp\/v2\/pages"}],"about":[{"href":"https:\/\/agora.xtec.cat\/ceip-jrj\/wp-json\/wp\/v2\/types\/page"}],"author":[{"embeddable":true,"href":"https:\/\/agora.xtec.cat\/ceip-jrj\/wp-json\/wp\/v2\/users\/1"}],"replies":[{"embeddable":true,"href":"https:\/\/agora.xtec.cat\/ceip-jrj\/wp-json\/wp\/v2\/comments?post=305"}],"version-history":[{"count":6,"href":"https:\/\/agora.xtec.cat\/ceip-jrj\/wp-json\/wp\/v2\/pages\/305\/revisions"}],"predecessor-version":[{"id":7704,"href":"https:\/\/agora.xtec.cat\/ceip-jrj\/wp-json\/wp\/v2\/pages\/305\/revisions\/7704"}],"up":[{"embeddable":true,"href":"https:\/\/agora.xtec.cat\/ceip-jrj\/wp-json\/wp\/v2\/pages\/248"}],"wp:attachment":[{"href":"https:\/\/agora.xtec.cat\/ceip-jrj\/wp-json\/wp\/v2\/media?parent=305"}],"curies":[{"name":"wp","href":"https:\/\/api.w.org\/{rel}","templated":true}]}}

<p>Enguany, els horaris per tots els cursos són els següents:</p>
<ul style="list-style-type: circle;">
<li>Matí de 9 a 12.30h.</li>
<li>Menjador de 12.30 a 15h.</li>
<li>Tarda de 15 a 16.30h.</li>
</ul>
<table style="height: 118px; width: 71.4134%;" width="636">
<tbody>
<tr style="height: 64px;">
<td style="width: 32.7586%; height: 64px;"></td>
<td style="width: 32.9615%; text-align: center; height: 64px;"><strong>Porta Avinguda Mancomunitats Comarcals</strong></td>
<td style="width: 33.2657%; text-align: center; height: 64px;"><strong>Porta AFA</strong></td>
</tr>
<tr style="height: 95px;">
<td style="width: 32.7586%; height: 54px;"></td>
<td style="width: 32.9615%; text-align: center; height: 54px;">1r, 2n, 3r, 4t, 5è i 6è</td>
<td style="width: 33.2657%; text-align: center; height: 54px;">I3, I4 i I5</td>
</tr>
</tbody>
</table>
<p>&nbsp;</p>
<p>Les famílies d&#8217;infantil i les de 1r i 2n, poden accedir al centre a les entrades i sortides.</p>
<p>L&#8217;alumnat d&#8217;I3 s’acompanya i es recull directament a les aules.</p>
<p>L&#8217;alumnat d&#8217;I4 s’acompanya i es recull a l&#8217;espai Àgora (banc de totxos del mig del pati).</p>
<p>L&#8217;alumnat d&#8217;I5 s’acompanya  fins a la barana de l&#8217;espai que està entre el gimnàs i l&#8217;edifici principal, i es recull al mateix punt.</p>
<p>Les famílies de 1r i 2n van als porxos del costat de l&#8217;edifici de direcció per acompanyar i recollir els infants.</p>
<p>Les famílies de 3r i 4t que recullen als infants que no tenen l’autorització per sortir sols, <strong>només poden accedir a les hores de recollida (12.30 i 16.30h) i </strong>esperen als porxos del costat del gimnàs.</p>
<p>Les famílies de 5è i 6è que recullen als infants que no tenen l’autorització per sortir sols, <strong>només poden accedir a les hores de recollida (12.30 i 16.30h) i </strong>esperen als porxos del costat de l&#8217;edifici de direcció.</p>

<p>Enguany, els horaris per tots els cursos són els següents:</p>
<ul style="list-style-type: circle;">
<li>Matí de 9 a 12.30h.</li>
<li>Menjador de 12.30 a 15h.</li>
<li>Tarda de 15 a 16.30h.</li>
</ul>
<p>Porta Avinguda Mancomunitats Comarcals<br />
Porta AFA</p>
<p>1r, 2n, 3r, 4t, 5è i 6è<br />
I3, I4 i I5</p>
<p>&nbsp;<br />
Les famílies d&#8217;infantil i les de 1r i 2n,&hellip;  <a href="https://agora.xtec.cat/ceip-jrj/organitzacio/horaris/" title="Read Horaris. Entrades i sortides">Llegeix més»</a></p>
