{"id":277,"date":"2015-10-21T22:10:04","date_gmt":"2015-10-21T21:10:04","guid":{"rendered":"http:\/\/agora.xtec.cat\/ceip-jrj\/?page_id=277"},"modified":"2021-02-02T10:47:52","modified_gmt":"2021-02-02T09:47:52","slug":"aula-dinformatica-2","status":"publish","type":"page","link":"https:\/\/agora.xtec.cat\/ceip-jrj\/escola\/instal%c2%b7lacions\/aula-dinformatica-2\/","title":{"rendered":"Aula d&#8217;Inform\u00e0tica 2"},"content":{"rendered":"<p style=\"text-align: justify;\">L&#8217;Escola disposa d&#8217;una segona Aula d&#8217;Inform\u00e0tica, que disposa de 17 ordinadors, 1 impressora, un videoprojector i una pantalla de projecci\u00f3. Tots els ordinadors tene acc\u00e9s a Internet a trav\u00e9s d&#8217;una l\u00ednia ADSL de 1000 Mb.<br \/>\nAquesta Aula es utilitzada principalment per grups redu\u00efts d&#8217;alumnes, de manera que sempre hi hagi, com a m\u00e0xim, un nen per ordinador.<\/p>\n<p style=\"text-align: justify;\"><a href=\"http:\/\/agora.xtec.cat\/ceip-jrj\/wp-content\/uploads\/usu280\/2015\/10\/IMG_1216.jpg\"><img loading=\"lazy\" decoding=\"async\" class=\"wp-image-1338 aligncenter\" src=\"http:\/\/agora.xtec.cat\/ceip-jrj\/wp-content\/uploads\/usu280\/2015\/10\/IMG_1216-1024x768.jpg\" alt=\"img_1216\" width=\"502\" height=\"377\" srcset=\"https:\/\/agora.xtec.cat\/ceip-jrj\/wp-content\/uploads\/usu280\/2015\/10\/IMG_1216.jpg 1024w, https:\/\/agora.xtec.cat\/ceip-jrj\/wp-content\/uploads\/usu280\/2015\/10\/IMG_1216-300x225.jpg 300w, https:\/\/agora.xtec.cat\/ceip-jrj\/wp-content\/uploads\/usu280\/2015\/10\/IMG_1216-768x576.jpg 768w, https:\/\/agora.xtec.cat\/ceip-jrj\/wp-content\/uploads\/usu280\/2015\/10\/IMG_1216-200x150.jpg 200w\" sizes=\"auto, (max-width: 502px) 100vw, 502px\" \/><\/a><\/p>\n","protected":false},"excerpt":{"rendered":"<p>L&#8217;Escola disposa d&#8217;una segona Aula d&#8217;Inform\u00e0tica, que disposa de 17 ordinadors, 1 impressora, un videoprojector i una pantalla de projecci\u00f3. Tots els ordinadors tene acc\u00e9s a Internet a trav\u00e9s d&#8217;una l\u00ednia ADSL de 1000 Mb.<br \/>\nAquesta Aula es utilitzada principalment per grups redu\u00efts d&#8217;alumnes, de manera&hellip;  <a href=\"https:\/\/agora.xtec.cat\/ceip-jrj\/escola\/instal%c2%b7lacions\/aula-dinformatica-2\/\" title=\"Read Aula d&#8217;Inform\u00e0tica 2\">Llegeix m\u00e9s\u00bb<\/a><\/p>\n","protected":false},"author":1,"featured_media":0,"parent":265,"menu_order":0,"comment_status":"closed","ping_status":"closed","template":"page-templates\/side-menu.php","meta":{"_bbp_topic_count":0,"_bbp_reply_count":0,"_bbp_total_topic_count":0,"_bbp_total_reply_count":0,"_bbp_voice_count":0,"_bbp_anonymous_reply_count":0,"_bbp_topic_count_hidden":0,"_bbp_reply_count_hidden":0,"_bbp_forum_subforum_count":0,"footnotes":""},"class_list":["post-277","page","type-page","status-publish","hentry"],"post_mailing_queue_ids":[],"_links":{"self":[{"href":"https:\/\/agora.xtec.cat\/ceip-jrj\/wp-json\/wp\/v2\/pages\/277","targetHints":{"allow":["GET"]}}],"collection":[{"href":"https:\/\/agora.xtec.cat\/ceip-jrj\/wp-json\/wp\/v2\/pages"}],"about":[{"href":"https:\/\/agora.xtec.cat\/ceip-jrj\/wp-json\/wp\/v2\/types\/page"}],"author":[{"embeddable":true,"href":"https:\/\/agora.xtec.cat\/ceip-jrj\/wp-json\/wp\/v2\/users\/1"}],"replies":[{"embeddable":true,"href":"https:\/\/agora.xtec.cat\/ceip-jrj\/wp-json\/wp\/v2\/comments?post=277"}],"version-history":[{"count":3,"href":"https:\/\/agora.xtec.cat\/ceip-jrj\/wp-json\/wp\/v2\/pages\/277\/revisions"}],"predecessor-version":[{"id":3949,"href":"https:\/\/agora.xtec.cat\/ceip-jrj\/wp-json\/wp\/v2\/pages\/277\/revisions\/3949"}],"up":[{"embeddable":true,"href":"https:\/\/agora.xtec.cat\/ceip-jrj\/wp-json\/wp\/v2\/pages\/265"}],"wp:attachment":[{"href":"https:\/\/agora.xtec.cat\/ceip-jrj\/wp-json\/wp\/v2\/media?parent=277"}],"curies":[{"name":"wp","href":"https:\/\/api.w.org\/{rel}","templated":true}]}}

Aula d&#8217;Informàtica 2

<p style="text-align: justify;">L&#8217;Escola disposa d&#8217;una segona Aula d&#8217;Informàtica, que disposa de 17 ordinadors, 1 impressora, un videoprojector i una pantalla de projecció. Tots els ordinadors tene accés a Internet a través d&#8217;una línia ADSL de 1000 Mb.<br />
Aquesta Aula es utilitzada principalment per grups reduïts d&#8217;alumnes, de manera que sempre hi hagi, com a màxim, un nen per ordinador.</p>
<p style="text-align: justify;"><a href="http://agora.xtec.cat/ceip-jrj/wp-content/uploads/usu280/2015/10/IMG_1216.jpg"><img loading="lazy" decoding="async" class="wp-image-1338 aligncenter" src="http://agora.xtec.cat/ceip-jrj/wp-content/uploads/usu280/2015/10/IMG_1216-1024x768.jpg" alt="img_1216" width="502" height="377" srcset="https://agora.xtec.cat/ceip-jrj/wp-content/uploads/usu280/2015/10/IMG_1216.jpg 1024w, https://agora.xtec.cat/ceip-jrj/wp-content/uploads/usu280/2015/10/IMG_1216-300x225.jpg 300w, https://agora.xtec.cat/ceip-jrj/wp-content/uploads/usu280/2015/10/IMG_1216-768x576.jpg 768w, https://agora.xtec.cat/ceip-jrj/wp-content/uploads/usu280/2015/10/IMG_1216-200x150.jpg 200w" sizes="auto, (max-width: 502px) 100vw, 502px" /></a></p>

<p>L&#8217;Escola disposa d&#8217;una segona Aula d&#8217;Informàtica, que disposa de 17 ordinadors, 1 impressora, un videoprojector i una pantalla de projecció. Tots els ordinadors tene accés a Internet a través d&#8217;una línia ADSL de 1000 Mb.<br />
Aquesta Aula es utilitzada principalment per grups reduïts d&#8217;alumnes, de manera&hellip;  <a href="https://agora.xtec.cat/ceip-jrj/escola/instal%c2%b7lacions/aula-dinformatica-2/" title="Read Aula d&#8217;Informàtica 2">Llegeix més»</a></p>
