{"id":269,"date":"2015-10-21T22:07:18","date_gmt":"2015-10-21T21:07:18","guid":{"rendered":"http:\/\/agora.xtec.cat\/ceip-jrj\/?page_id=269"},"modified":"2022-10-16T18:22:25","modified_gmt":"2022-10-16T16:22:25","slug":"trets-didentitat","status":"publish","type":"page","link":"https:\/\/agora.xtec.cat\/ceip-jrj\/escola\/trets-didentitat\/","title":{"rendered":"Identitat i car\u00e0cter propi"},"content":{"rendered":"<p>La Llei 12\/2009, del 10 de juliol, d\u2019educaci\u00f3 en l\u2019article 2 i 93 defineix els principis generals rectors del Sistema Educatiu : <em>escola inclusiva, laica i respectuosa amb la pluralitat d\u2019acord amb els principis de qualitat pedag\u00f2gica, de direcci\u00f3 responsable, de dedicaci\u00f3 i professionalitat docents, d&#8217;avaluaci\u00f3, de retiment de comptes, d&#8217;implicaci\u00f3 de les fam\u00edlies, de preservaci\u00f3 de l&#8217;equitat, de cerca de l&#8217;excel\u00b7l\u00e8ncia i de respecte a les idees i les creences dels alumnes i de llurs mares, pares o tutors. <\/em><\/p>\n<p>A banda d\u2019aquest principis , en el marc dels valors definits per la Constituci\u00f3 i per l\u2019Estatut i dels objectius d\u2019Escola que defineixen l\u2019autonomia del Centre, el car\u00e0cter propi de l\u2019escola es defineix perqu\u00e8:<\/p>\n<ul>\n<li>Vetllem per la millora de les compet\u00e8ncies de l\u2019alumnat i del seu benestar.<\/li>\n<li>Potenciem un clima de flu\u00efdesa en les relacions entre les persones de la comunitat educativa i un sentit de pertinen\u00e7a al Centre.<\/li>\n<li>Dinamitzem innovacions pedag\u00f2giques sense apostar per metodologies \u00faniques i excloents.<\/li>\n<li>Mantenim all\u00f2 que \u00e9s nostre i funciona oberts a les innovacions que ens fan cr\u00e9ixer.<\/li>\n<li>No descuidem l\u2019entorn m\u00e9s proper i cuidem l\u2019estat i renovaci\u00f3 de les instal\u00b7lacions del centre aix\u00ed com del material emprat a les activitats educatives.<\/li>\n<li>Apostem per l\u2019\u00fas de les eines digitals que faciliten una qualitat educativa.<\/li>\n<li>Tenim una mirada emp\u00e0tica vers les fam\u00edlies a la vegada que donem respostes assertives .<\/li>\n<\/ul>\n","protected":false},"excerpt":{"rendered":"<p>La Llei 12\/2009, del 10 de juliol, d\u2019educaci\u00f3 en l\u2019article 2 i 93 defineix els principis generals rectors del Sistema Educatiu : escola inclusiva, laica i respectuosa amb la pluralitat d\u2019acord amb els principis de qualitat pedag\u00f2gica, de direcci\u00f3 responsable, de dedicaci\u00f3 i professionalitat docents,&hellip;  <a href=\"https:\/\/agora.xtec.cat\/ceip-jrj\/escola\/trets-didentitat\/\" title=\"Read Identitat i car\u00e0cter propi\">Llegeix m\u00e9s\u00bb<\/a><\/p>\n","protected":false},"author":1,"featured_media":0,"parent":245,"menu_order":0,"comment_status":"closed","ping_status":"closed","template":"page-templates\/side-menu.php","meta":{"_bbp_topic_count":0,"_bbp_reply_count":0,"_bbp_total_topic_count":0,"_bbp_total_reply_count":0,"_bbp_voice_count":0,"_bbp_anonymous_reply_count":0,"_bbp_topic_count_hidden":0,"_bbp_reply_count_hidden":0,"_bbp_forum_subforum_count":0,"footnotes":""},"class_list":["post-269","page","type-page","status-publish","hentry"],"post_mailing_queue_ids":[],"_links":{"self":[{"href":"https:\/\/agora.xtec.cat\/ceip-jrj\/wp-json\/wp\/v2\/pages\/269","targetHints":{"allow":["GET"]}}],"collection":[{"href":"https:\/\/agora.xtec.cat\/ceip-jrj\/wp-json\/wp\/v2\/pages"}],"about":[{"href":"https:\/\/agora.xtec.cat\/ceip-jrj\/wp-json\/wp\/v2\/types\/page"}],"author":[{"embeddable":true,"href":"https:\/\/agora.xtec.cat\/ceip-jrj\/wp-json\/wp\/v2\/users\/1"}],"replies":[{"embeddable":true,"href":"https:\/\/agora.xtec.cat\/ceip-jrj\/wp-json\/wp\/v2\/comments?post=269"}],"version-history":[{"count":3,"href":"https:\/\/agora.xtec.cat\/ceip-jrj\/wp-json\/wp\/v2\/pages\/269\/revisions"}],"predecessor-version":[{"id":5658,"href":"https:\/\/agora.xtec.cat\/ceip-jrj\/wp-json\/wp\/v2\/pages\/269\/revisions\/5658"}],"up":[{"embeddable":true,"href":"https:\/\/agora.xtec.cat\/ceip-jrj\/wp-json\/wp\/v2\/pages\/245"}],"wp:attachment":[{"href":"https:\/\/agora.xtec.cat\/ceip-jrj\/wp-json\/wp\/v2\/media?parent=269"}],"curies":[{"name":"wp","href":"https:\/\/api.w.org\/{rel}","templated":true}]}}

Identitat i caràcter propi

<p>La Llei 12/2009, del 10 de juliol, d’educació en l’article 2 i 93 defineix els principis generals rectors del Sistema Educatiu : <em>escola inclusiva, laica i respectuosa amb la pluralitat d’acord amb els principis de qualitat pedagògica, de direcció responsable, de dedicació i professionalitat docents, d&#8217;avaluació, de retiment de comptes, d&#8217;implicació de les famílies, de preservació de l&#8217;equitat, de cerca de l&#8217;excel·lència i de respecte a les idees i les creences dels alumnes i de llurs mares, pares o tutors. </em></p>
<p>A banda d’aquest principis , en el marc dels valors definits per la Constitució i per l’Estatut i dels objectius d’Escola que defineixen l’autonomia del Centre, el caràcter propi de l’escola es defineix perquè:</p>
<ul>
<li>Vetllem per la millora de les competències de l’alumnat i del seu benestar.</li>
<li>Potenciem un clima de fluïdesa en les relacions entre les persones de la comunitat educativa i un sentit de pertinença al Centre.</li>
<li>Dinamitzem innovacions pedagògiques sense apostar per metodologies úniques i excloents.</li>
<li>Mantenim allò que és nostre i funciona oberts a les innovacions que ens fan créixer.</li>
<li>No descuidem l’entorn més proper i cuidem l’estat i renovació de les instal·lacions del centre així com del material emprat a les activitats educatives.</li>
<li>Apostem per l’ús de les eines digitals que faciliten una qualitat educativa.</li>
<li>Tenim una mirada empàtica vers les famílies a la vegada que donem respostes assertives .</li>
</ul>

<p>La Llei 12/2009, del 10 de juliol, d’educació en l’article 2 i 93 defineix els principis generals rectors del Sistema Educatiu : escola inclusiva, laica i respectuosa amb la pluralitat d’acord amb els principis de qualitat pedagògica, de direcció responsable, de dedicació i professionalitat docents,&hellip;  <a href="https://agora.xtec.cat/ceip-jrj/escola/trets-didentitat/" title="Read Identitat i caràcter propi">Llegeix més»</a></p>
