{"id":262,"date":"2015-10-21T22:05:40","date_gmt":"2015-10-21T21:05:40","guid":{"rendered":"http:\/\/agora.xtec.cat\/ceip-jrj\/?page_id=262"},"modified":"2022-10-16T18:18:40","modified_gmt":"2022-10-16T16:18:40","slug":"historia","status":"publish","type":"page","link":"https:\/\/agora.xtec.cat\/ceip-jrj\/escola\/historia\/","title":{"rendered":"Hist\u00f2ria"},"content":{"rendered":"<p style=\"text-align: justify;\"><span style=\"font-size: medium; color: #000000;\">L&#8217;Escola Juan Ram\u00f3n Jim\u00e9nez va obrir portes un cop comen\u00e7at el Curs 1975-76. Les obres estaven encara per acabar i el mobiliari havia d&#8217;arribar-hi, per\u00f2 la demanda de matr\u00edcula va ser tan gran que l&#8217;Ajuntament i l&#8217;Administraci\u00f3 Educativa varen decidir habilitar unes aules mentre s&#8217;acabaven les obres i es dotava de tot l&#8217;equipament necessari.<br \/>\nEl barri &#8220;Buenos Aires&#8221;, on es va ubicar l&#8217;Escola, va n\u00e9ixer com a conseq\u00fc\u00e8ncia del fort creixement demogr\u00e0fic dels anys 60 i 70. Aquest barri va arribar a tenir l&#8217;\u00edndex d&#8217;habitants m\u00e9s alt de Martorell i no comptava amb cap Escola P\u00fablica, a excepci\u00f3 d&#8217;un centre d&#8217;Educaci\u00f3 Especial.<br \/>\nVa ser al setembre de 1976 quan l&#8217;Escola va comen\u00e7ar a funcionar amb doble l\u00ednia d&#8217;alumnes des de P4 fins a 8\u00e8 d&#8217;EGB. En aquells moments, d&#8217;acord amb la Llei General d&#8217;Educaci\u00f3, la r\u00e0tio estava situada en 40 alumnes, per\u00f2 nosaltres fins i tot la super\u00e0vem en alguns grups. El nombre total d&#8217;alumnes s&#8217;apropava als 800. Encara que no hi havia edifici per al parvulari, es van instal\u00b7lar quatre aules dins de l&#8217;edifici escolar fins que al Curs 1982-83 es va construir un aulari propi.<br \/>\nDes d&#8217;un bon comen\u00e7ament l&#8217;Escola va tenir car\u00e0cter comarcal i un 35% de l&#8217;alumnat arribava dels municipis de Castellv\u00ed de Rosanes, Santa Maria de Villalba, Sant Lloren\u00e7 d&#8217;Hortons i Sant Esteve Sesrovires. Aix\u00f2 va suposar tenir quatre l\u00ednies de transport i el menjador escolar com a serveis obligatoris.<\/span><\/p>\n<p style=\"text-align: justify;\">A les \u00faltimes d\u00e8cades, la poblaci\u00f3 ha anat canviant de perfil. S&#8217;han incorporat al barri i al municipi en general, fam\u00edlies de fora de d\u2019Estat, majorit\u00e0riament marroquines, seguides de les de sud-am\u00e8ricanes i sub-saharianes. Aix\u00f2 ha suposat una riquesa multicultural que ha portat a una educaci\u00f3 plural i inclusiva.<\/p>\n<p>El barri t\u00e9 ubicats una part important dels serveis municipals a nivell d\u2019Ensenyament (tres escoles, tres Instituts, una llar d\u2019infants municipal ) i de Sanitat (l\u2019Hospital Comarcal, un Ambulatori i oficines de la Seguretat Social) i des de fa uns anys tamb\u00e9 compta amb un Centre Cultural Municipal amb Biblioteca, Sales d\u2019Exposicions, Auditori, \u2026 i una important oferta esportiva municipal tant en activitats com en instal\u00b7lacions.<\/p>\n<p>\u00c9s una escola ben equipada en recursos Digitals actualment totes les aules ordin\u00e0ries (d&#8217;I3 a 6\u00e8 nivell), i algunes aules especialitzades (Inform\u00e0tica, M\u00fasica, Ed. Especial, &#8230;) disposen de pissarra digital fixa. A m\u00e9s a m\u00e9s, al cicle superior disposem de panells interactius. Tamb\u00e9, des de fa molts anys, l\u2019angl\u00e8s s\u2019imparteix en un aula digital, amb una xarxa de so, d\u2019imatge i de connexi\u00f3 a internet per a 26 alumnes. Tamb\u00e9 disposem de manquinari (37 tablets i 8 port\u00e0tils) com a pr\u00e9stec per l&#8217;alumnat de manera itinerant segons l&#8217;activitat prevista pels docents. Tot l&#8217;alumnat de sis\u00e8 disposa d&#8217;un Chromebook assignat pel Departament<\/p>\n<p>\u00c9s un Centre que, a m\u00e9s a m\u00e9s de les aules ordin\u00e0ries, disposa d\u2019altres especialitzades \u00a0dotades de materials i de les que se\u2019n fa un bon \u00fas: 2 Aules d\u2019Inform\u00e0tica, 1 aula de Psicomotricitat, 1 Aula de M\u00fasica, 1 Aula d\u2019Angl\u00e8s, 1 Biblioteca de Centre, 1 Aula de Pl\u00e0stica i Fang, 2 Aules d\u2019Educaci\u00f3 Especial, 1 Aula de Ci\u00e8ncies, 1 Sala d\u2019Actes, 1 Cuina i 2 menjadors per a gaireb\u00e9 280 usuaris en un sol torn.<\/p>\n","protected":false},"excerpt":{"rendered":"<p>L&#8217;Escola Juan Ram\u00f3n Jim\u00e9nez va obrir portes un cop comen\u00e7at el Curs 1975-76. Les obres estaven encara per acabar i el mobiliari havia d&#8217;arribar-hi, per\u00f2 la demanda de matr\u00edcula va ser tan gran que l&#8217;Ajuntament i l&#8217;Administraci\u00f3 Educativa varen decidir habilitar unes aules mentre s&#8217;acabaven&hellip;  <a href=\"https:\/\/agora.xtec.cat\/ceip-jrj\/escola\/historia\/\" title=\"Read Hist\u00f2ria\">Llegeix m\u00e9s\u00bb<\/a><\/p>\n","protected":false},"author":1,"featured_media":0,"parent":245,"menu_order":0,"comment_status":"closed","ping_status":"closed","template":"page-templates\/side-menu.php","meta":{"_bbp_topic_count":0,"_bbp_reply_count":0,"_bbp_total_topic_count":0,"_bbp_total_reply_count":0,"_bbp_voice_count":0,"_bbp_anonymous_reply_count":0,"_bbp_topic_count_hidden":0,"_bbp_reply_count_hidden":0,"_bbp_forum_subforum_count":0,"footnotes":""},"class_list":["post-262","page","type-page","status-publish","hentry"],"post_mailing_queue_ids":[],"_links":{"self":[{"href":"https:\/\/agora.xtec.cat\/ceip-jrj\/wp-json\/wp\/v2\/pages\/262","targetHints":{"allow":["GET"]}}],"collection":[{"href":"https:\/\/agora.xtec.cat\/ceip-jrj\/wp-json\/wp\/v2\/pages"}],"about":[{"href":"https:\/\/agora.xtec.cat\/ceip-jrj\/wp-json\/wp\/v2\/types\/page"}],"author":[{"embeddable":true,"href":"https:\/\/agora.xtec.cat\/ceip-jrj\/wp-json\/wp\/v2\/users\/1"}],"replies":[{"embeddable":true,"href":"https:\/\/agora.xtec.cat\/ceip-jrj\/wp-json\/wp\/v2\/comments?post=262"}],"version-history":[{"count":3,"href":"https:\/\/agora.xtec.cat\/ceip-jrj\/wp-json\/wp\/v2\/pages\/262\/revisions"}],"predecessor-version":[{"id":5657,"href":"https:\/\/agora.xtec.cat\/ceip-jrj\/wp-json\/wp\/v2\/pages\/262\/revisions\/5657"}],"up":[{"embeddable":true,"href":"https:\/\/agora.xtec.cat\/ceip-jrj\/wp-json\/wp\/v2\/pages\/245"}],"wp:attachment":[{"href":"https:\/\/agora.xtec.cat\/ceip-jrj\/wp-json\/wp\/v2\/media?parent=262"}],"curies":[{"name":"wp","href":"https:\/\/api.w.org\/{rel}","templated":true}]}}

Història

<p style="text-align: justify;"><span style="font-size: medium; color: #000000;">L&#8217;Escola Juan Ramón Jiménez va obrir portes un cop començat el Curs 1975-76. Les obres estaven encara per acabar i el mobiliari havia d&#8217;arribar-hi, però la demanda de matrícula va ser tan gran que l&#8217;Ajuntament i l&#8217;Administració Educativa varen decidir habilitar unes aules mentre s&#8217;acabaven les obres i es dotava de tot l&#8217;equipament necessari.<br />
El barri &#8220;Buenos Aires&#8221;, on es va ubicar l&#8217;Escola, va néixer com a conseqüència del fort creixement demogràfic dels anys 60 i 70. Aquest barri va arribar a tenir l&#8217;índex d&#8217;habitants més alt de Martorell i no comptava amb cap Escola Pública, a excepció d&#8217;un centre d&#8217;Educació Especial.<br />
Va ser al setembre de 1976 quan l&#8217;Escola va començar a funcionar amb doble línia d&#8217;alumnes des de P4 fins a 8è d&#8217;EGB. En aquells moments, d&#8217;acord amb la Llei General d&#8217;Educació, la ràtio estava situada en 40 alumnes, però nosaltres fins i tot la superàvem en alguns grups. El nombre total d&#8217;alumnes s&#8217;apropava als 800. Encara que no hi havia edifici per al parvulari, es van instal·lar quatre aules dins de l&#8217;edifici escolar fins que al Curs 1982-83 es va construir un aulari propi.<br />
Des d&#8217;un bon començament l&#8217;Escola va tenir caràcter comarcal i un 35% de l&#8217;alumnat arribava dels municipis de Castellví de Rosanes, Santa Maria de Villalba, Sant Llorenç d&#8217;Hortons i Sant Esteve Sesrovires. Això va suposar tenir quatre línies de transport i el menjador escolar com a serveis obligatoris.</span></p>
<p style="text-align: justify;">A les últimes dècades, la població ha anat canviant de perfil. S&#8217;han incorporat al barri i al municipi en general, famílies de fora de d’Estat, majoritàriament marroquines, seguides de les de sud-amèricanes i sub-saharianes. Això ha suposat una riquesa multicultural que ha portat a una educació plural i inclusiva.</p>
<p>El barri té ubicats una part important dels serveis municipals a nivell d’Ensenyament (tres escoles, tres Instituts, una llar d’infants municipal ) i de Sanitat (l’Hospital Comarcal, un Ambulatori i oficines de la Seguretat Social) i des de fa uns anys també compta amb un Centre Cultural Municipal amb Biblioteca, Sales d’Exposicions, Auditori, … i una important oferta esportiva municipal tant en activitats com en instal·lacions.</p>
<p>És una escola ben equipada en recursos Digitals actualment totes les aules ordinàries (d&#8217;I3 a 6è nivell), i algunes aules especialitzades (Informàtica, Música, Ed. Especial, &#8230;) disposen de pissarra digital fixa. A més a més, al cicle superior disposem de panells interactius. També, des de fa molts anys, l’anglès s’imparteix en un aula digital, amb una xarxa de so, d’imatge i de connexió a internet per a 26 alumnes. També disposem de manquinari (37 tablets i 8 portàtils) com a préstec per l&#8217;alumnat de manera itinerant segons l&#8217;activitat prevista pels docents. Tot l&#8217;alumnat de sisè disposa d&#8217;un Chromebook assignat pel Departament</p>
<p>És un Centre que, a més a més de les aules ordinàries, disposa d’altres especialitzades  dotades de materials i de les que se’n fa un bon ús: 2 Aules d’Informàtica, 1 aula de Psicomotricitat, 1 Aula de Música, 1 Aula d’Anglès, 1 Biblioteca de Centre, 1 Aula de Plàstica i Fang, 2 Aules d’Educació Especial, 1 Aula de Ciències, 1 Sala d’Actes, 1 Cuina i 2 menjadors per a gairebé 280 usuaris en un sol torn.</p>

<p>L&#8217;Escola Juan Ramón Jiménez va obrir portes un cop començat el Curs 1975-76. Les obres estaven encara per acabar i el mobiliari havia d&#8217;arribar-hi, però la demanda de matrícula va ser tan gran que l&#8217;Ajuntament i l&#8217;Administració Educativa varen decidir habilitar unes aules mentre s&#8217;acabaven&hellip;  <a href="https://agora.xtec.cat/ceip-jrj/escola/historia/" title="Read Història">Llegeix més»</a></p>
