{"id":914,"date":"2016-10-23T18:11:19","date_gmt":"2016-10-23T16:11:19","guid":{"rendered":"http:\/\/agora.xtec.cat\/ceip-josepcarner\/?page_id=914"},"modified":"2019-01-24T12:32:52","modified_gmt":"2019-01-24T11:32:52","slug":"racons","status":"publish","type":"page","link":"https:\/\/agora.xtec.cat\/ceip-josepcarner\/com-treballem\/racons\/","title":{"rendered":"2 Mestres Aula-Racons"},"content":{"rendered":"<h5>Atenci\u00f3 Diversitat<\/h5>\n<p>\u2022 Agrupaments flexibles per a treballar LA CONSCI\u00c8NCIA FONOL\u00d2GICA a educaci\u00f3 infantil, partint del grau de consci\u00e8ncia de cada infant.<br \/>\n\u2022 Dos mestres a l&#8217;aula a educaci\u00f3 infantil per a acompanyar als alumnes en ELS RACONS DE LLIURE CIRCULACI\u00d3 A CADA AULA.<br \/>\n\u2022 Petits grups a educaci\u00f3 infantil i cicle inicial per a TREBALLAR LA FON\u00c8TICA amb els alumnes que ho necessiten.<br \/>\n\u2022 Dos mestres a l&#8217;aula a prim\u00e0ria per a treballar els RACONS LLENGUA CATALANA i\/o per a treballar amb els alumnes l&#8217;EXPRESSI\u00d3 ESCRITA i la COMPRENSI\u00d3 LECTORA: treballem les compet\u00e8ncies de l&#8217;\u00e0mbit ling\u00fc\u00edstic a partir de la tipologia textual<br \/>\n\u2022 Dos mestres a l&#8217;aula a prim\u00e0ria per a treballar els RACONS DE MATEM\u00c0TIQUES i la introducci\u00f3 de continguts <span class=\"hiddenGrammarError\">clau:<\/span> treballem les compet\u00e8ncies de l&#8217;\u00e0mbit matem\u00e0tic a partir de la resoluci\u00f3 de problemes, els jocs matem\u00e0tics i activitats vivencials i <span class=\"hiddenSpellError\">manipulatives<\/span>.<\/p>\n<p>\u2022 EXPRESSI\u00d3 ORAL. Dos Mestres per a desdoblar i treballar amb una r\u00e0tio baixa l&#8217;expressi\u00f3 oral. Una r\u00e0tio baixa, de 12 o 13 alumnes per a facilitar la participaci\u00f3<span class=\"hiddenGrammarError\">,<\/span> la interactuaci\u00f3 i la comunicaci\u00f3 de tothom.<\/p>\n<pre><\/pre>\n<h5>RACONS<\/h5>\n<p>Racons Llengua<\/p>\n<p>Racons Matem\u00e0tiques<\/p>\n<p>Els racons ens permeten organitzar l&#8217;aula en petits grups, cadascun dels quals realitza una tasca determinada i diferent.<\/p>\n<p><a href=\"http:\/\/agora.xtec.cat\/ceip-josepcarner\/com-treballem\/racons\/attachment\/racons-per-penjar\/\" rel=\"attachment wp-att-978\"><img loading=\"lazy\" decoding=\"async\" class=\"alignnone wp-image-978\" src=\"http:\/\/agora.xtec.cat\/ceip-josepcarner\/wp-content\/uploads\/usu220\/2016\/10\/racons-per-penjar-1024x768.gif\" alt=\"racons-per-penjar\" width=\"167\" height=\"125\" srcset=\"https:\/\/agora.xtec.cat\/ceip-josepcarner\/wp-content\/uploads\/usu220\/2016\/10\/racons-per-penjar-1024x768.gif 1024w, https:\/\/agora.xtec.cat\/ceip-josepcarner\/wp-content\/uploads\/usu220\/2016\/10\/racons-per-penjar-300x225.gif 300w, https:\/\/agora.xtec.cat\/ceip-josepcarner\/wp-content\/uploads\/usu220\/2016\/10\/racons-per-penjar-768x576.gif 768w, https:\/\/agora.xtec.cat\/ceip-josepcarner\/wp-content\/uploads\/usu220\/2016\/10\/racons-per-penjar-200x150.gif 200w\" sizes=\"auto, (max-width: 167px) 100vw, 167px\" \/>\u00a0\u00a0 <\/a><a href=\"http:\/\/agora.xtec.cat\/ceip-josepcarner\/com-treballem\/racons\/attachment\/escacs-per-penjar\/\" rel=\"attachment wp-att-977\"><img loading=\"lazy\" decoding=\"async\" class=\"alignnone wp-image-977\" src=\"http:\/\/agora.xtec.cat\/ceip-josepcarner\/wp-content\/uploads\/usu220\/2016\/10\/escacs-per-penjar-1024x768.jpg\" alt=\"escacs-per-penjar\" width=\"180\" height=\"135\" srcset=\"https:\/\/agora.xtec.cat\/ceip-josepcarner\/wp-content\/uploads\/usu220\/2016\/10\/escacs-per-penjar-1024x768.jpg 1024w, https:\/\/agora.xtec.cat\/ceip-josepcarner\/wp-content\/uploads\/usu220\/2016\/10\/escacs-per-penjar-300x225.jpg 300w, https:\/\/agora.xtec.cat\/ceip-josepcarner\/wp-content\/uploads\/usu220\/2016\/10\/escacs-per-penjar-768x576.jpg 768w, https:\/\/agora.xtec.cat\/ceip-josepcarner\/wp-content\/uploads\/usu220\/2016\/10\/escacs-per-penjar-200x150.jpg 200w\" sizes=\"auto, (max-width: 180px) 100vw, 180px\" \/><\/a><\/p>\n<h3 style=\"text-align: center;\"><span style=\"color: #993366;\"><strong>Racons a tots els nivell<\/strong><\/span><\/h3>\n<p><iframe loading=\"lazy\" src=\"https:\/\/www.youtube.com\/embed\/ELGrIPV-htA\" width=\"560\" height=\"315\" frameborder=\"0\" allowfullscreen=\"allowfullscreen\"><\/iframe><\/p>\n<p>Confer\u00e8ncia a la Universitat de Barcelona sobre el treball per racons al Josep Carner<\/p>\n<p><a href=\"https:\/\/agora.xtec.cat\/ceip-josepcarner\/wp-content\/uploads\/usu220\/2019\/01\/CONFERENCIA-UB-Racons.pptx\">CONFERENCIA UB Racons<\/a><\/p>\n","protected":false},"excerpt":{"rendered":"<p>Atenci\u00f3 Diversitat \u2022 Agrupaments flexibles per a treballar LA CONSCI\u00c8NCIA FONOL\u00d2GICA a educaci\u00f3 infantil, partint del grau de consci\u00e8ncia de cada infant. \u2022 Dos mestres a l&#8217;aula a educaci\u00f3 infantil per a acompanyar als alumnes en ELS RACONS DE LLIURE CIRCULACI\u00d3 A CADA AULA. \u2022 Petits grups a educaci\u00f3 infantil i cicle inicial per a [&hellip;]<\/p>\n","protected":false},"author":1,"featured_media":0,"parent":352,"menu_order":0,"comment_status":"closed","ping_status":"closed","template":"page-templates\/side-menu.php","meta":{"_bbp_topic_count":0,"_bbp_reply_count":0,"_bbp_total_topic_count":0,"_bbp_total_reply_count":0,"_bbp_voice_count":0,"_bbp_anonymous_reply_count":0,"_bbp_topic_count_hidden":0,"_bbp_reply_count_hidden":0,"_bbp_forum_subforum_count":0,"site-sidebar-layout":"default","site-content-layout":"","ast-site-content-layout":"","site-content-style":"default","site-sidebar-style":"default","ast-global-header-display":"","ast-banner-title-visibility":"","ast-main-header-display":"","ast-hfb-above-header-display":"","ast-hfb-below-header-display":"","ast-hfb-mobile-header-display":"","site-post-title":"","ast-breadcrumbs-content":"","ast-featured-img":"","footer-sml-layout":"","theme-transparent-header-meta":"","adv-header-id-meta":"","stick-header-meta":"","header-above-stick-meta":"","header-main-stick-meta":"","header-below-stick-meta":"","astra-migrate-meta-layouts":"default","ast-page-background-enabled":"default","ast-page-background-meta":{"desktop":{"background-color":"var(--ast-global-color-4)","background-image":"","background-repeat":"repeat","background-position":"center center","background-size":"auto","background-attachment":"scroll","background-type":"","background-media":"","overlay-type":"","overlay-color":"","overlay-opacity":"","overlay-gradient":""},"tablet":{"background-color":"","background-image":"","background-repeat":"repeat","background-position":"center center","background-size":"auto","background-attachment":"scroll","background-type":"","background-media":"","overlay-type":"","overlay-color":"","overlay-opacity":"","overlay-gradient":""},"mobile":{"background-color":"","background-image":"","background-repeat":"repeat","background-position":"center center","background-size":"auto","background-attachment":"scroll","background-type":"","background-media":"","overlay-type":"","overlay-color":"","overlay-opacity":"","overlay-gradient":""}},"ast-content-background-meta":{"desktop":{"background-color":"var(--ast-global-color-5)","background-image":"","background-repeat":"repeat","background-position":"center center","background-size":"auto","background-attachment":"scroll","background-type":"","background-media":"","overlay-type":"","overlay-color":"","overlay-opacity":"","overlay-gradient":""},"tablet":{"background-color":"var(--ast-global-color-5)","background-image":"","background-repeat":"repeat","background-position":"center center","background-size":"auto","background-attachment":"scroll","background-type":"","background-media":"","overlay-type":"","overlay-color":"","overlay-opacity":"","overlay-gradient":""},"mobile":{"background-color":"var(--ast-global-color-5)","background-image":"","background-repeat":"repeat","background-position":"center center","background-size":"auto","background-attachment":"scroll","background-type":"","background-media":"","overlay-type":"","overlay-color":"","overlay-opacity":"","overlay-gradient":""}},"footnotes":""},"class_list":["post-914","page","type-page","status-publish","hentry"],"post_mailing_queue_ids":[],"_links":{"self":[{"href":"https:\/\/agora.xtec.cat\/ceip-josepcarner\/wp-json\/wp\/v2\/pages\/914","targetHints":{"allow":["GET"]}}],"collection":[{"href":"https:\/\/agora.xtec.cat\/ceip-josepcarner\/wp-json\/wp\/v2\/pages"}],"about":[{"href":"https:\/\/agora.xtec.cat\/ceip-josepcarner\/wp-json\/wp\/v2\/types\/page"}],"author":[{"embeddable":true,"href":"https:\/\/agora.xtec.cat\/ceip-josepcarner\/wp-json\/wp\/v2\/users\/1"}],"replies":[{"embeddable":true,"href":"https:\/\/agora.xtec.cat\/ceip-josepcarner\/wp-json\/wp\/v2\/comments?post=914"}],"version-history":[{"count":3,"href":"https:\/\/agora.xtec.cat\/ceip-josepcarner\/wp-json\/wp\/v2\/pages\/914\/revisions"}],"predecessor-version":[{"id":2368,"href":"https:\/\/agora.xtec.cat\/ceip-josepcarner\/wp-json\/wp\/v2\/pages\/914\/revisions\/2368"}],"up":[{"embeddable":true,"href":"https:\/\/agora.xtec.cat\/ceip-josepcarner\/wp-json\/wp\/v2\/pages\/352"}],"wp:attachment":[{"href":"https:\/\/agora.xtec.cat\/ceip-josepcarner\/wp-json\/wp\/v2\/media?parent=914"}],"curies":[{"name":"wp","href":"https:\/\/api.w.org\/{rel}","templated":true}]}}