{"id":73,"date":"2025-09-02T14:00:51","date_gmt":"2025-09-02T12:00:51","guid":{"rendered":"http:\/\/agora.xtec.cat\/ceip-josepcarner\/?page_id=73"},"modified":"2026-04-11T14:17:42","modified_gmt":"2026-04-11T12:17:42","slug":"menjador-escolar","status":"publish","type":"page","link":"https:\/\/agora.xtec.cat\/ceip-josepcarner\/serveis\/menjador-escolar\/","title":{"rendered":"Menjador escolar"},"content":{"rendered":"<p><b><span style=\"text-decoration: underline;\"><span style=\"color: #993366; text-decoration: underline;\">COORDINADORA<\/span><\/span><br \/>\n<\/b>Esther Valiente Guix <strong>693 599 446<\/strong><br \/>\nSi es vol parlar amb la coordinadora, el seu horari d&#8217;atenci\u00f3 a les fam\u00edlies \u00e9s de <span style=\"color: #993366;\"><strong><span style=\"text-decoration: underline;\"><em>9h a 10:30h<\/em><\/span><\/strong>.<\/span> <b>No s&#8217;atendr\u00e0 cap incid\u00e8ncia m\u00e9s tard de les 10:30h<\/b>.<br \/>\n<b><br \/>\n<span style=\"text-decoration: underline;\"><span style=\"color: #993366; text-decoration: underline;\">HORARIS<\/span><\/span><\/b><br \/>\nDe 12:30h a 15:00h<br \/>\n<b><br \/>\n<span style=\"text-decoration: underline;\"><span style=\"color: #993366; text-decoration: underline;\">USUARIS<\/span><\/span><\/b><br \/>\n<strong><span style=\"text-decoration: underline;\">Fixes:<\/span><\/strong> Es consideraran fixes tots els alumnes que es quedin a dinar un m\u00ednim de 2 cops a la setmana. <span style=\"font-family: inherit; font-size: 1em;\">Per a utilitzar el servei com a comensal fix, <\/span><span style=\"text-decoration: underline;\"><strong>cal donar-se d&#8217;alta a trav\u00e9s d&#8217;un missatge de Whatsapp<\/strong> <\/span><span style=\"font-family: inherit; font-size: 1em;\"> al tel\u00e8fon del menjador indicant: nom i cognoms de l&#8217;alumne, curs que far\u00e0 i dies que es quedar\u00e0 a dinar.<\/span><\/p>\n<p><strong><span style=\"text-decoration: underline;\">Espor\u00e0dics:<\/span><\/strong> Els i les alumnes espor\u00e0dics compraran els tiquets <strong>a la coordinadora<\/strong> qualsevol mat\u00ed de 9h a 10:00h o de 16:30h a 16:45h.<br \/>\n<b><br \/>\n<span style=\"text-decoration: underline;\"><span style=\"color: #993366; text-decoration: underline;\">QUOTES<\/span><\/span><\/b><br \/>\nL&#8217;import de les quotes mensuals es calcula en funci\u00f3 dels dies del servei i del preu unitari del dinar:<\/p>\n<ul>\n<li><b>7,35\u20ac per al comensal fix<\/b><\/li>\n<li><b>8,10\u20ac per a l&#8217;espor\u00e0dic<\/b><\/li>\n<\/ul>\n<p>El cobrament es far\u00e0 mitjan\u00e7ant <b>domiciliaci\u00f3 banc\u00e0ria<\/b>. El rebut es carregar\u00e0 entre els dies 1 i 5 de cada mes.<\/p>\n<p><b><span style=\"text-decoration: underline;\"><span style=\"color: #993366; text-decoration: underline;\">PROTOCOL D&#8217;IMPAGATS<\/span><\/span><br \/>\n<\/b>El retorn del rebut suposa una despesa de 4\u20ac.<br \/>\nLes fam\u00edlies que tinguin deutes en el pagament del servei de menjador rebran un av\u00eds per part de la coordinadora. En el cas que les fam\u00edlies no facin efectiu el pagament, rebran un segon av\u00eds amb una data l\u00edmit per a fer el pagament. Si aquesta data no es respecta, seran exclosos del servei de menjador.<\/p>\n<p><span style=\"text-decoration: underline;\"><span style=\"color: #993366;\"><b>INCID\u00c8NCIES<\/b><\/span><\/span><br \/>\nEn cas de malalties o altres, <b>s&#8217;ha d&#8217;avisar abans de les 10:00h del mat\u00ed<\/b> perqu\u00e8 la part proporcional del dinar (2.50\u20ac) sigui descomptada del rebut mensual.<br \/>\n<b><\/b><\/p>\n<p><b>Medicaci\u00f3<br \/>\n<\/b>No es podr\u00e0 donar cap medicament si no es t\u00e9 la prescripci\u00f3 m\u00e8dica i l&#8217;autoritzaci\u00f3 signada de la fam\u00edlia.<br \/>\n<b><\/b><\/p>\n<p><b>Dietes<\/b><br \/>\nSi cap alumne\/a necessita una dieta especial (dieta tova o dieta restringent) , s&#8217;ha de comunicar a la coordinadora del servei entre les 9:00h i les 10:00h.<\/p>\n<p><b><span style=\"text-decoration: underline;\"><span style=\"color: #993366; text-decoration: underline;\">BEQUES<\/span><\/span><br \/>\n<\/b>Els\/les alumnes que han sol\u00b7licitat ajuts de menjador han de pagar \u00edntegrament les quotes corresponents fins que l&#8217;\u00f2rgan competent notifiqui la concessi\u00f3 o la denegaci\u00f3 de l&#8217;ajut.<\/p>\n<p><span style=\"text-decoration: underline;\"><span style=\"color: #993366;\"><b>BAIXA DEL SERVEI<\/b><\/span><\/span><br \/>\nPer donar-se de baixa del servei, cal comunicar-ho a la coordinadora amb un m\u00ednim de 15 dies d&#8217;antelaci\u00f3. En cas contrari, es cobrar\u00e0 4\u20ac del rebut retornat i una quarta part del rebut.<\/p>\n","protected":false},"excerpt":{"rendered":"<p>COORDINADORA Esther Valiente Guix 693 599 446 Si es vol parlar amb la coordinadora, el seu horari d&#8217;atenci\u00f3 a les fam\u00edlies \u00e9s de 9h a 10:30h. No s&#8217;atendr\u00e0 cap incid\u00e8ncia m\u00e9s tard de les 10:30h. HORARIS De 12:30h a 15:00h USUARIS Fixes: Es consideraran fixes tots els alumnes que es quedin a dinar un m\u00ednim [&hellip;]<\/p>\n","protected":false},"author":2,"featured_media":0,"parent":66,"menu_order":30,"comment_status":"closed","ping_status":"closed","template":"","meta":{"_bbp_topic_count":0,"_bbp_reply_count":0,"_bbp_total_topic_count":0,"_bbp_total_reply_count":0,"_bbp_voice_count":0,"_bbp_anonymous_reply_count":0,"_bbp_topic_count_hidden":0,"_bbp_reply_count_hidden":0,"_bbp_forum_subforum_count":0,"site-sidebar-layout":"default","site-content-layout":"","ast-site-content-layout":"default","site-content-style":"default","site-sidebar-style":"default","ast-global-header-display":"","ast-banner-title-visibility":"","ast-main-header-display":"","ast-hfb-above-header-display":"","ast-hfb-below-header-display":"","ast-hfb-mobile-header-display":"","site-post-title":"","ast-breadcrumbs-content":"","ast-featured-img":"","footer-sml-layout":"","theme-transparent-header-meta":"","adv-header-id-meta":"","stick-header-meta":"","header-above-stick-meta":"","header-main-stick-meta":"","header-below-stick-meta":"","astra-migrate-meta-layouts":"set","ast-page-background-enabled":"default","ast-page-background-meta":{"desktop":{"background-color":"var(--ast-global-color-4)","background-image":"","background-repeat":"repeat","background-position":"center center","background-size":"auto","background-attachment":"scroll","background-type":"","background-media":"","overlay-type":"","overlay-color":"","overlay-opacity":"","overlay-gradient":""},"tablet":{"background-color":"","background-image":"","background-repeat":"repeat","background-position":"center center","background-size":"auto","background-attachment":"scroll","background-type":"","background-media":"","overlay-type":"","overlay-color":"","overlay-opacity":"","overlay-gradient":""},"mobile":{"background-color":"","background-image":"","background-repeat":"repeat","background-position":"center center","background-size":"auto","background-attachment":"scroll","background-type":"","background-media":"","overlay-type":"","overlay-color":"","overlay-opacity":"","overlay-gradient":""}},"ast-content-background-meta":{"desktop":{"background-color":"var(--ast-global-color-5)","background-image":"","background-repeat":"repeat","background-position":"center center","background-size":"auto","background-attachment":"scroll","background-type":"","background-media":"","overlay-type":"","overlay-color":"","overlay-opacity":"","overlay-gradient":""},"tablet":{"background-color":"var(--ast-global-color-5)","background-image":"","background-repeat":"repeat","background-position":"center center","background-size":"auto","background-attachment":"scroll","background-type":"","background-media":"","overlay-type":"","overlay-color":"","overlay-opacity":"","overlay-gradient":""},"mobile":{"background-color":"var(--ast-global-color-5)","background-image":"","background-repeat":"repeat","background-position":"center center","background-size":"auto","background-attachment":"scroll","background-type":"","background-media":"","overlay-type":"","overlay-color":"","overlay-opacity":"","overlay-gradient":""}},"footnotes":""},"class_list":["post-73","page","type-page","status-publish","hentry"],"post_mailing_queue_ids":[],"_links":{"self":[{"href":"https:\/\/agora.xtec.cat\/ceip-josepcarner\/wp-json\/wp\/v2\/pages\/73","targetHints":{"allow":["GET"]}}],"collection":[{"href":"https:\/\/agora.xtec.cat\/ceip-josepcarner\/wp-json\/wp\/v2\/pages"}],"about":[{"href":"https:\/\/agora.xtec.cat\/ceip-josepcarner\/wp-json\/wp\/v2\/types\/page"}],"author":[{"embeddable":true,"href":"https:\/\/agora.xtec.cat\/ceip-josepcarner\/wp-json\/wp\/v2\/users\/2"}],"replies":[{"embeddable":true,"href":"https:\/\/agora.xtec.cat\/ceip-josepcarner\/wp-json\/wp\/v2\/comments?post=73"}],"version-history":[{"count":6,"href":"https:\/\/agora.xtec.cat\/ceip-josepcarner\/wp-json\/wp\/v2\/pages\/73\/revisions"}],"predecessor-version":[{"id":5270,"href":"https:\/\/agora.xtec.cat\/ceip-josepcarner\/wp-json\/wp\/v2\/pages\/73\/revisions\/5270"}],"up":[{"embeddable":true,"href":"https:\/\/agora.xtec.cat\/ceip-josepcarner\/wp-json\/wp\/v2\/pages\/66"}],"wp:attachment":[{"href":"https:\/\/agora.xtec.cat\/ceip-josepcarner\/wp-json\/wp\/v2\/media?parent=73"}],"curies":[{"name":"wp","href":"https:\/\/api.w.org\/{rel}","templated":true}]}}