{"id":454,"date":"2025-09-02T15:00:06","date_gmt":"2025-09-02T13:00:06","guid":{"rendered":"http:\/\/agora.xtec.cat\/ceip-josepcarner\/?page_id=454"},"modified":"2025-11-12T12:08:28","modified_gmt":"2025-11-12T11:08:28","slug":"secretaria","status":"publish","type":"page","link":"https:\/\/agora.xtec.cat\/ceip-josepcarner\/pagines-dinici\/secretaria\/","title":{"rendered":"Secretaria"},"content":{"rendered":"<div class=\"FW_sArticleFoto\">\n<h4><strong><span style=\"text-decoration: underline;\"><span style=\"color: #0000ff; text-decoration: underline;\">HORARI DE SECRETARIA 2025-2026<\/span><\/span><em><br \/>\n<\/em><\/strong><\/h4>\n<p><strong><em>De Dilluns a divendres de 9:15h a 11h<\/em><\/strong><\/p>\n<p><strong><u>PER DEMANAR CITA PR\u00c8VIA fora d&#8217;aquest horari:<\/u><\/strong><\/p>\n<p>Per tel\u00e8fon: 933835803<\/p>\n<p>Per correu electr\u00f2nic: <a href=\"mailto:a8041167@xtec.cat\">a8041167@xtec.cat<\/a><\/p>\n<p>(indicant el nom del sol\u00b7licitant i el motiu)<\/p>\n<\/div>\n<p><span style=\"text-decoration: underline;\"><strong>Curs 2025-2026<\/strong><\/span><\/p>\n<ul>\n<li><b>Direcci\u00f3<\/b>: Dolors Fern\u00e1ndez i Floriach<\/li>\n<li><b>Cap d&#8217;estudis<\/b>: S\u00f2nia Belmonte P\u00e1ez<\/li>\n<li><b>Secret\u00e0ria<\/b>: Laura Rubio Pulido<\/li>\n<li><strong>Administrativa:<\/strong> Claudia Aroca S\u00e1nchez<\/li>\n<\/ul>\n<h4><span style=\"text-decoration: underline;\"><span style=\"color: #0000ff; text-decoration: underline;\">HORARI PAGAMENTS REBUTS<\/span><\/span><\/h4>\n<ul>\n<li><span style=\"color: #000000;\"><strong>Secretaria:\u00a0<\/strong> De dilluns a divendres en horari de secretaria<\/span><\/li>\n<\/ul>\n<p>&nbsp;<\/p>\n<ul>\n<li><strong>Amb transfer\u00e8ncia banc\u00e0ria:<\/strong><\/li>\n<\/ul>\n<p>Tots els ingressos han de portar <strong>com a concepte el nom i el curs de l&#8217;alumne\/a.<\/strong><\/p>\n<p>No ens farem responsables dels rebuts sense concepte.<\/p>\n<p>L&#8217;ingr\u00e9s s&#8217;ha de realitzar a:<\/p>\n<p><strong>Banc BBVA ES39 0182 0721 3202 0041 0229<\/strong><\/p>\n<p>&nbsp;<\/p>\n<p>&nbsp;<\/p>\n","protected":false},"excerpt":{"rendered":"<p>HORARI DE SECRETARIA 2025-2026 De Dilluns a divendres de 9:15h a 11h PER DEMANAR CITA PR\u00c8VIA fora d&#8217;aquest horari: Per tel\u00e8fon: 933835803 Per correu electr\u00f2nic: a8041167@xtec.cat (indicant el nom del sol\u00b7licitant i el motiu) Curs 2025-2026 Direcci\u00f3: Dolors Fern\u00e1ndez i Floriach Cap d&#8217;estudis: S\u00f2nia Belmonte P\u00e1ez Secret\u00e0ria: Laura Rubio Pulido Administrativa: Claudia Aroca S\u00e1nchez HORARI [&hellip;]<\/p>\n","protected":false},"author":1,"featured_media":0,"parent":7,"menu_order":0,"comment_status":"closed","ping_status":"closed","template":"page-templates\/side-menu.php","meta":{"_bbp_topic_count":0,"_bbp_reply_count":0,"_bbp_total_topic_count":0,"_bbp_total_reply_count":0,"_bbp_voice_count":0,"_bbp_anonymous_reply_count":0,"_bbp_topic_count_hidden":0,"_bbp_reply_count_hidden":0,"_bbp_forum_subforum_count":0,"site-sidebar-layout":"default","site-content-layout":"","ast-site-content-layout":"","site-content-style":"default","site-sidebar-style":"default","ast-global-header-display":"","ast-banner-title-visibility":"","ast-main-header-display":"","ast-hfb-above-header-display":"","ast-hfb-below-header-display":"","ast-hfb-mobile-header-display":"","site-post-title":"","ast-breadcrumbs-content":"","ast-featured-img":"","footer-sml-layout":"","theme-transparent-header-meta":"","adv-header-id-meta":"","stick-header-meta":"","header-above-stick-meta":"","header-main-stick-meta":"","header-below-stick-meta":"","astra-migrate-meta-layouts":"default","ast-page-background-enabled":"default","ast-page-background-meta":{"desktop":{"background-color":"var(--ast-global-color-4)","background-image":"","background-repeat":"repeat","background-position":"center center","background-size":"auto","background-attachment":"scroll","background-type":"","background-media":"","overlay-type":"","overlay-color":"","overlay-opacity":"","overlay-gradient":""},"tablet":{"background-color":"","background-image":"","background-repeat":"repeat","background-position":"center center","background-size":"auto","background-attachment":"scroll","background-type":"","background-media":"","overlay-type":"","overlay-color":"","overlay-opacity":"","overlay-gradient":""},"mobile":{"background-color":"","background-image":"","background-repeat":"repeat","background-position":"center center","background-size":"auto","background-attachment":"scroll","background-type":"","background-media":"","overlay-type":"","overlay-color":"","overlay-opacity":"","overlay-gradient":""}},"ast-content-background-meta":{"desktop":{"background-color":"var(--ast-global-color-5)","background-image":"","background-repeat":"repeat","background-position":"center center","background-size":"auto","background-attachment":"scroll","background-type":"","background-media":"","overlay-type":"","overlay-color":"","overlay-opacity":"","overlay-gradient":""},"tablet":{"background-color":"var(--ast-global-color-5)","background-image":"","background-repeat":"repeat","background-position":"center center","background-size":"auto","background-attachment":"scroll","background-type":"","background-media":"","overlay-type":"","overlay-color":"","overlay-opacity":"","overlay-gradient":""},"mobile":{"background-color":"var(--ast-global-color-5)","background-image":"","background-repeat":"repeat","background-position":"center center","background-size":"auto","background-attachment":"scroll","background-type":"","background-media":"","overlay-type":"","overlay-color":"","overlay-opacity":"","overlay-gradient":""}},"footnotes":""},"class_list":["post-454","page","type-page","status-publish","hentry"],"post_mailing_queue_ids":[],"_links":{"self":[{"href":"https:\/\/agora.xtec.cat\/ceip-josepcarner\/wp-json\/wp\/v2\/pages\/454","targetHints":{"allow":["GET"]}}],"collection":[{"href":"https:\/\/agora.xtec.cat\/ceip-josepcarner\/wp-json\/wp\/v2\/pages"}],"about":[{"href":"https:\/\/agora.xtec.cat\/ceip-josepcarner\/wp-json\/wp\/v2\/types\/page"}],"author":[{"embeddable":true,"href":"https:\/\/agora.xtec.cat\/ceip-josepcarner\/wp-json\/wp\/v2\/users\/1"}],"replies":[{"embeddable":true,"href":"https:\/\/agora.xtec.cat\/ceip-josepcarner\/wp-json\/wp\/v2\/comments?post=454"}],"version-history":[{"count":6,"href":"https:\/\/agora.xtec.cat\/ceip-josepcarner\/wp-json\/wp\/v2\/pages\/454\/revisions"}],"predecessor-version":[{"id":5118,"href":"https:\/\/agora.xtec.cat\/ceip-josepcarner\/wp-json\/wp\/v2\/pages\/454\/revisions\/5118"}],"up":[{"embeddable":true,"href":"https:\/\/agora.xtec.cat\/ceip-josepcarner\/wp-json\/wp\/v2\/pages\/7"}],"wp:attachment":[{"href":"https:\/\/agora.xtec.cat\/ceip-josepcarner\/wp-json\/wp\/v2\/media?parent=454"}],"curies":[{"name":"wp","href":"https:\/\/api.w.org\/{rel}","templated":true}]}}