{"id":32,"date":"2025-09-04T09:00:33","date_gmt":"2025-09-04T07:00:33","guid":{"rendered":"http:\/\/agora.xtec.cat\/ceip-josepcarner\/?page_id=32"},"modified":"2026-04-11T14:46:11","modified_gmt":"2026-04-11T12:46:11","slug":"calendari-del-curs","status":"publish","type":"page","link":"https:\/\/agora.xtec.cat\/ceip-josepcarner\/pagines-dinici\/calendari-del-curs\/","title":{"rendered":"Calendari del curs"},"content":{"rendered":"\n<h1 class=\"wp-block-heading has-medium-font-size\"><strong>Horari lectiu<\/strong><\/h1>\n\n\n\n<p>Educaci\u00f3 Infantil de 9,00 a 12,30 h. i de 15,00 a 16,30h.<\/p>\n\n\n\n<p>Educaci\u00f3 Prim\u00e0ria de 9,00 a 13,00 h. i de 15,00 a 17,00h.<\/p>\n\n\n\n<p>Per als alumnes que inicien l\u2019escolaritzaci\u00f3 a EI3 s\u2019organitza un breu per\u00edode d\u2019adaptaci\u00f3 que suposa una certa modificaci\u00f3 dels horaris dels primers dies de classe, i que es fa saber a les fam\u00edlies en les reunions pr\u00e8vies corresponents.<\/p>\n\n\n\n<p>&nbsp;<\/p>\n\n\n\n<p><strong>Calendari <\/strong><strong>escolar<\/strong><strong> curs 2025-2026<\/strong><\/p>\n\n\n\n<p><strong>Inici de classes:<\/strong> 8 de setembre<br><strong>Entrada esglaonada d&#8217;EI3:<\/strong> Entrada esglaonada, en petits grups.<\/p>\n\n\n\n<p><strong>Vacances:<\/strong><br>Del 20 de desembre al 7 de gener. Vacances Nadal (ambd\u00f3s inclosos)<br>Del 28 de mar\u00e7 al 6 d&#8217;abril. Vacances de Setmana Santa. (ambd\u00f3s inclosos)<br>El 19 de juny acaben les classes.<\/p>\n\n\n\n<p><strong>Dies de lliure disposici\u00f3:<\/strong><\/p>\n\n\n\n<ul class=\"wp-block-list\">\n<li>\n<ul class=\"wp-block-list\">\n<li>3 de novembre<\/li>\n\n\n\n<li>5 de desembre<\/li>\n\n\n\n<li>16 de febrer<\/li>\n\n\n\n<li>30 d&#8217;abril<\/li>\n<\/ul>\n<\/li>\n<\/ul>\n\n\n\n<p><strong>Dies festius:<\/strong><\/p>\n\n\n\n<ul class=\"wp-block-list\">\n<li>\n<ul class=\"wp-block-list\">\n<li>11 de setembre (Diada de Catalunya)<\/li>\n\n\n\n<li>1 de novembre (Tots Sants)<\/li>\n\n\n\n<li>6 de desembre (La Constituci\u00f3)<\/li>\n\n\n\n<li>8 de desembre (Immaculada Concepci\u00f3)<\/li>\n\n\n\n<li>1 de maig (Dia del treball)<\/li>\n\n\n\n<li>11 de maig (Festa Local)<\/li>\n\n\n\n<li>25 de maig (2a Pasqua Festa Local: pendent de confirmar)<\/li>\n<\/ul>\n<\/li>\n<\/ul>\n\n\n\n<p><strong>Jornada compactada (9-13h): <\/strong><\/p>\n\n\n\n<ul class=\"wp-block-list\">\n<li>\n<ul class=\"wp-block-list\">\n<li>19 de desembre<\/li>\n\n\n\n<li>Del 8 al 19 de juny (ambd\u00f3s inclosos)<\/li>\n<\/ul>\n<\/li>\n<\/ul>\n\n\n\n<div data-wp-interactive=\"core\/file\" class=\"wp-block-file\"><object data-wp-bind--hidden=\"!state.hasPdfPreview\" hidden class=\"wp-block-file__embed\" data=\"https:\/\/agora.xtec.cat\/ceip-josepcarner\/wp-content\/uploads\/usu220\/2026\/04\/Calendari-curs-escolar-2025-26-Calendari-escolar.pdf\" type=\"application\/pdf\" style=\"width:100%;height:600px\" aria-label=\"Incrustaci\u00f3 del fitxer Calendari curs escolar 2025-26 - Calendari escolar.\"><\/object><a id=\"wp-block-file--media-c3ce0e69-2cfa-4627-8be9-9b2a4042ce0a\" href=\"https:\/\/agora.xtec.cat\/ceip-josepcarner\/wp-content\/uploads\/usu220\/2026\/04\/Calendari-curs-escolar-2025-26-Calendari-escolar.pdf\">Calendari curs escolar 2025-26 &#8211; Calendari escolar<\/a><a href=\"https:\/\/agora.xtec.cat\/ceip-josepcarner\/wp-content\/uploads\/usu220\/2026\/04\/Calendari-curs-escolar-2025-26-Calendari-escolar.pdf\" class=\"wp-block-file__button wp-element-button\" download aria-describedby=\"wp-block-file--media-c3ce0e69-2cfa-4627-8be9-9b2a4042ce0a\">Baixa<\/a><\/div>\n","protected":false},"excerpt":{"rendered":"<p>Horari lectiu Educaci\u00f3 Infantil de 9,00 a 12,30 h. i de 15,00 a 16,30h. Educaci\u00f3 Prim\u00e0ria de 9,00 a 13,00 h. i de 15,00 a 17,00h. Per als alumnes que inicien l\u2019escolaritzaci\u00f3 a EI3 s\u2019organitza un breu per\u00edode d\u2019adaptaci\u00f3 que suposa una certa modificaci\u00f3 dels horaris dels primers dies de classe, i que es fa [&hellip;]<\/p>\n","protected":false},"author":2,"featured_media":0,"parent":7,"menu_order":50,"comment_status":"closed","ping_status":"closed","template":"","meta":{"_bbp_topic_count":0,"_bbp_reply_count":0,"_bbp_total_topic_count":0,"_bbp_total_reply_count":0,"_bbp_voice_count":0,"_bbp_anonymous_reply_count":0,"_bbp_topic_count_hidden":0,"_bbp_reply_count_hidden":0,"_bbp_forum_subforum_count":0,"site-sidebar-layout":"default","site-content-layout":"","ast-site-content-layout":"default","site-content-style":"default","site-sidebar-style":"default","ast-global-header-display":"","ast-banner-title-visibility":"","ast-main-header-display":"","ast-hfb-above-header-display":"","ast-hfb-below-header-display":"","ast-hfb-mobile-header-display":"","site-post-title":"","ast-breadcrumbs-content":"","ast-featured-img":"","footer-sml-layout":"","theme-transparent-header-meta":"","adv-header-id-meta":"","stick-header-meta":"","header-above-stick-meta":"","header-main-stick-meta":"","header-below-stick-meta":"","astra-migrate-meta-layouts":"set","ast-page-background-enabled":"default","ast-page-background-meta":{"desktop":{"background-color":"var(--ast-global-color-4)","background-image":"","background-repeat":"repeat","background-position":"center center","background-size":"auto","background-attachment":"scroll","background-type":"","background-media":"","overlay-type":"","overlay-color":"","overlay-opacity":"","overlay-gradient":""},"tablet":{"background-color":"","background-image":"","background-repeat":"repeat","background-position":"center center","background-size":"auto","background-attachment":"scroll","background-type":"","background-media":"","overlay-type":"","overlay-color":"","overlay-opacity":"","overlay-gradient":""},"mobile":{"background-color":"","background-image":"","background-repeat":"repeat","background-position":"center center","background-size":"auto","background-attachment":"scroll","background-type":"","background-media":"","overlay-type":"","overlay-color":"","overlay-opacity":"","overlay-gradient":""}},"ast-content-background-meta":{"desktop":{"background-color":"var(--ast-global-color-5)","background-image":"","background-repeat":"repeat","background-position":"center center","background-size":"auto","background-attachment":"scroll","background-type":"","background-media":"","overlay-type":"","overlay-color":"","overlay-opacity":"","overlay-gradient":""},"tablet":{"background-color":"var(--ast-global-color-5)","background-image":"","background-repeat":"repeat","background-position":"center center","background-size":"auto","background-attachment":"scroll","background-type":"","background-media":"","overlay-type":"","overlay-color":"","overlay-opacity":"","overlay-gradient":""},"mobile":{"background-color":"var(--ast-global-color-5)","background-image":"","background-repeat":"repeat","background-position":"center center","background-size":"auto","background-attachment":"scroll","background-type":"","background-media":"","overlay-type":"","overlay-color":"","overlay-opacity":"","overlay-gradient":""}},"footnotes":""},"class_list":["post-32","page","type-page","status-publish","hentry"],"post_mailing_queue_ids":[],"_links":{"self":[{"href":"https:\/\/agora.xtec.cat\/ceip-josepcarner\/wp-json\/wp\/v2\/pages\/32","targetHints":{"allow":["GET"]}}],"collection":[{"href":"https:\/\/agora.xtec.cat\/ceip-josepcarner\/wp-json\/wp\/v2\/pages"}],"about":[{"href":"https:\/\/agora.xtec.cat\/ceip-josepcarner\/wp-json\/wp\/v2\/types\/page"}],"author":[{"embeddable":true,"href":"https:\/\/agora.xtec.cat\/ceip-josepcarner\/wp-json\/wp\/v2\/users\/2"}],"replies":[{"embeddable":true,"href":"https:\/\/agora.xtec.cat\/ceip-josepcarner\/wp-json\/wp\/v2\/comments?post=32"}],"version-history":[{"count":6,"href":"https:\/\/agora.xtec.cat\/ceip-josepcarner\/wp-json\/wp\/v2\/pages\/32\/revisions"}],"predecessor-version":[{"id":5277,"href":"https:\/\/agora.xtec.cat\/ceip-josepcarner\/wp-json\/wp\/v2\/pages\/32\/revisions\/5277"}],"up":[{"embeddable":true,"href":"https:\/\/agora.xtec.cat\/ceip-josepcarner\/wp-json\/wp\/v2\/pages\/7"}],"wp:attachment":[{"href":"https:\/\/agora.xtec.cat\/ceip-josepcarner\/wp-json\/wp\/v2\/media?parent=32"}],"curies":[{"name":"wp","href":"https:\/\/api.w.org\/{rel}","templated":true}]}}