{"id":638,"date":"2018-07-02T14:20:05","date_gmt":"2018-07-02T12:20:05","guid":{"rendered":"http:\/\/agora.xtec.cat\/ceip-joma\/?page_id=638"},"modified":"2018-09-05T21:59:08","modified_gmt":"2018-09-05T19:59:08","slug":"les-festes-a-lescola","status":"publish","type":"page","link":"https:\/\/agora.xtec.cat\/ceip-joma\/les-festes-a-lescola\/","title":{"rendered":"Les festes a l&#8217;escola"},"content":{"rendered":"<p align=\"justify\">Les festes populars a l\u2019escola se celebren des de fa molts anys amb l\u2019objectiu d\u2019integrar els i les alumnes en el seu entorn m\u00e9s proper i normalitzar les seves conductes i socialitzaci\u00f3.<\/p>\n<p>&nbsp;<\/p>\n<table width=\"1017\" cellspacing=\"0\" align=\"right\">\n<tbody>\n<tr>\n<td width=\"169\"><\/td>\n<td width=\"338\"><img loading=\"lazy\" decoding=\"async\" src=\"http:\/\/www.xtec.cat\/centres\/a8030698\/com_treballem\/lesfestes\/festes1.jpg\" width=\"340\" height=\"255\" \/><\/td>\n<td width=\"502\"><img loading=\"lazy\" decoding=\"async\" src=\"http:\/\/www.xtec.cat\/centres\/a8030698\/com_treballem\/lesfestes\/festes2.jpg\" width=\"340\" height=\"255\" \/><\/td>\n<\/tr>\n<\/tbody>\n<\/table>\n<p>&nbsp;<\/p>\n<p align=\"justify\">Partint d\u2019aquest plantejament durant el curs escolar es porta a terme un projecte d\u2019escola, dins el marc curricular, que facilita la participaci\u00f3 d\u2019alumnes i professionals en la celebraci\u00f3 de les festes i al mateix temps permet seguir una mateixa l\u00ednia de treball educatiu amb els i les nostres alumnes a les diferents etapes. Aquest projecte promou la compet\u00e8ncia art\u00edstica i cultural, la compet\u00e8ncia comunicativa i la compet\u00e8ncia social i ciutadana. Al llarg del curs es treballen i s\u2019avaluen els objectius continguts i activitats corresponents a cadascuna de les festes tradicionals.<\/p>\n<p>&nbsp;<\/p>\n<table width=\"1017\" cellspacing=\"0\">\n<tbody>\n<tr>\n<td width=\"341\"><img loading=\"lazy\" decoding=\"async\" src=\"http:\/\/www.xtec.cat\/centres\/a8030698\/com_treballem\/lesfestes\/festes3.jpg\" width=\"340\" height=\"255\" \/><\/td>\n<td width=\"341\"><img loading=\"lazy\" decoding=\"async\" src=\"http:\/\/www.xtec.cat\/centres\/a8030698\/com_treballem\/lesfestes\/festes4.jpg\" width=\"340\" height=\"255\" \/><\/td>\n<td width=\"341\"><img loading=\"lazy\" decoding=\"async\" src=\"http:\/\/www.xtec.cat\/centres\/a8030698\/com_treballem\/lesfestes\/festes5.jpg\" width=\"340\" height=\"255\" \/><\/td>\n<\/tr>\n<\/tbody>\n<\/table>\n","protected":false},"excerpt":{"rendered":"<p>Les festes populars a l\u2019escola se celebren des de fa molts anys amb l\u2019objectiu d\u2019integrar els i les alumnes en el seu entorn m\u00e9s proper i normalitzar les seves conductes i socialitzaci\u00f3. &nbsp; &nbsp; Partint d\u2019aquest plantejament durant el curs escolar es porta a terme un projecte d\u2019escola, dins el marc curricular, que facilita la [&hellip;]<\/p>\n","protected":false},"author":8,"featured_media":0,"parent":0,"menu_order":0,"comment_status":"closed","ping_status":"closed","template":"","meta":{"_bbp_topic_count":0,"_bbp_reply_count":0,"_bbp_total_topic_count":0,"_bbp_total_reply_count":0,"_bbp_voice_count":0,"_bbp_anonymous_reply_count":0,"_bbp_topic_count_hidden":0,"_bbp_reply_count_hidden":0,"_bbp_forum_subforum_count":0,"site-sidebar-layout":"default","site-content-layout":"","ast-site-content-layout":"","site-content-style":"default","site-sidebar-style":"default","ast-global-header-display":"","ast-banner-title-visibility":"","ast-main-header-display":"","ast-hfb-above-header-display":"","ast-hfb-below-header-display":"","ast-hfb-mobile-header-display":"","site-post-title":"","ast-breadcrumbs-content":"","ast-featured-img":"","footer-sml-layout":"","theme-transparent-header-meta":"","adv-header-id-meta":"","stick-header-meta":"","header-above-stick-meta":"","header-main-stick-meta":"","header-below-stick-meta":"","astra-migrate-meta-layouts":"default","ast-page-background-enabled":"default","ast-page-background-meta":{"desktop":{"background-color":"var(--ast-global-color-4)","background-image":"","background-repeat":"repeat","background-position":"center center","background-size":"auto","background-attachment":"scroll","background-type":"","background-media":"","overlay-type":"","overlay-color":"","overlay-opacity":"","overlay-gradient":""},"tablet":{"background-color":"","background-image":"","background-repeat":"repeat","background-position":"center center","background-size":"auto","background-attachment":"scroll","background-type":"","background-media":"","overlay-type":"","overlay-color":"","overlay-opacity":"","overlay-gradient":""},"mobile":{"background-color":"","background-image":"","background-repeat":"repeat","background-position":"center center","background-size":"auto","background-attachment":"scroll","background-type":"","background-media":"","overlay-type":"","overlay-color":"","overlay-opacity":"","overlay-gradient":""}},"ast-content-background-meta":{"desktop":{"background-color":"var(--ast-global-color-5)","background-image":"","background-repeat":"repeat","background-position":"center center","background-size":"auto","background-attachment":"scroll","background-type":"","background-media":"","overlay-type":"","overlay-color":"","overlay-opacity":"","overlay-gradient":""},"tablet":{"background-color":"var(--ast-global-color-5)","background-image":"","background-repeat":"repeat","background-position":"center center","background-size":"auto","background-attachment":"scroll","background-type":"","background-media":"","overlay-type":"","overlay-color":"","overlay-opacity":"","overlay-gradient":""},"mobile":{"background-color":"var(--ast-global-color-5)","background-image":"","background-repeat":"repeat","background-position":"center center","background-size":"auto","background-attachment":"scroll","background-type":"","background-media":"","overlay-type":"","overlay-color":"","overlay-opacity":"","overlay-gradient":""}},"footnotes":""},"class_list":["post-638","page","type-page","status-publish","hentry"],"post_mailing_queue_ids":[],"_links":{"self":[{"href":"https:\/\/agora.xtec.cat\/ceip-joma\/wp-json\/wp\/v2\/pages\/638","targetHints":{"allow":["GET"]}}],"collection":[{"href":"https:\/\/agora.xtec.cat\/ceip-joma\/wp-json\/wp\/v2\/pages"}],"about":[{"href":"https:\/\/agora.xtec.cat\/ceip-joma\/wp-json\/wp\/v2\/types\/page"}],"author":[{"embeddable":true,"href":"https:\/\/agora.xtec.cat\/ceip-joma\/wp-json\/wp\/v2\/users\/8"}],"replies":[{"embeddable":true,"href":"https:\/\/agora.xtec.cat\/ceip-joma\/wp-json\/wp\/v2\/comments?post=638"}],"version-history":[{"count":1,"href":"https:\/\/agora.xtec.cat\/ceip-joma\/wp-json\/wp\/v2\/pages\/638\/revisions"}],"predecessor-version":[{"id":639,"href":"https:\/\/agora.xtec.cat\/ceip-joma\/wp-json\/wp\/v2\/pages\/638\/revisions\/639"}],"wp:attachment":[{"href":"https:\/\/agora.xtec.cat\/ceip-joma\/wp-json\/wp\/v2\/media?parent=638"}],"curies":[{"name":"wp","href":"https:\/\/api.w.org\/{rel}","templated":true}]}}

<p align="justify">Les festes populars a l’escola se celebren des de fa molts anys amb l’objectiu d’integrar els i les alumnes en el seu entorn més proper i normalitzar les seves conductes i socialització.</p>
<p>&nbsp;</p>
<table width="1017" cellspacing="0" align="right">
<tbody>
<tr>
<td width="169"></td>
<td width="338"><img loading="lazy" decoding="async" src="http://www.xtec.cat/centres/a8030698/com_treballem/lesfestes/festes1.jpg" width="340" height="255" /></td>
<td width="502"><img loading="lazy" decoding="async" src="http://www.xtec.cat/centres/a8030698/com_treballem/lesfestes/festes2.jpg" width="340" height="255" /></td>
</tr>
</tbody>
</table>
<p>&nbsp;</p>
<p align="justify">Partint d’aquest plantejament durant el curs escolar es porta a terme un projecte d’escola, dins el marc curricular, que facilita la participació d’alumnes i professionals en la celebració de les festes i al mateix temps permet seguir una mateixa línia de treball educatiu amb els i les nostres alumnes a les diferents etapes. Aquest projecte promou la competència artística i cultural, la competència comunicativa i la competència social i ciutadana. Al llarg del curs es treballen i s’avaluen els objectius continguts i activitats corresponents a cadascuna de les festes tradicionals.</p>
<p>&nbsp;</p>
<table width="1017" cellspacing="0">
<tbody>
<tr>
<td width="341"><img loading="lazy" decoding="async" src="http://www.xtec.cat/centres/a8030698/com_treballem/lesfestes/festes3.jpg" width="340" height="255" /></td>
<td width="341"><img loading="lazy" decoding="async" src="http://www.xtec.cat/centres/a8030698/com_treballem/lesfestes/festes4.jpg" width="340" height="255" /></td>
<td width="341"><img loading="lazy" decoding="async" src="http://www.xtec.cat/centres/a8030698/com_treballem/lesfestes/festes5.jpg" width="340" height="255" /></td>
</tr>
</tbody>
</table>

<p>Les festes populars a l’escola se celebren des de fa molts anys amb l’objectiu d’integrar els i les alumnes en el seu entorn més proper i normalitzar les seves conductes i socialització. &nbsp; &nbsp; Partint d’aquest plantejament durant el curs escolar es porta a terme un projecte d’escola, dins el marc curricular, que facilita la [&hellip;]</p>
