{"id":28,"date":"2014-09-18T12:29:35","date_gmt":"2014-09-18T11:29:35","guid":{"rendered":"http:\/\/agora.xtec.cat\/ceip-joma\/?page_id=28"},"modified":"2026-01-21T11:21:02","modified_gmt":"2026-01-21T10:21:02","slug":"consell-escolar","status":"publish","type":"page","link":"https:\/\/agora.xtec.cat\/ceip-joma\/consell-escolar\/","title":{"rendered":"Consell escolar"},"content":{"rendered":"<div>\n<h4><a href=\"https:\/\/agora.xtec.cat\/ceip-joma\/wp-content\/uploads\/usu1530\/2026\/01\/Orla-en-Azul-de-estilo-Geometrico-con-cuadricula-sobre-Educacion-Primaria.jpg\"><img loading=\"lazy\" decoding=\"async\" class=\"aligncenter size-large wp-image-5906\" src=\"https:\/\/agora.xtec.cat\/ceip-joma\/wp-content\/uploads\/usu1530\/2026\/01\/Orla-en-Azul-de-estilo-Geometrico-con-cuadricula-sobre-Educacion-Primaria-1024x724.jpg\" alt=\"\" width=\"1024\" height=\"724\" srcset=\"https:\/\/agora.xtec.cat\/ceip-joma\/wp-content\/uploads\/usu1530\/2026\/01\/Orla-en-Azul-de-estilo-Geometrico-con-cuadricula-sobre-Educacion-Primaria-1024x724.jpg 1024w, https:\/\/agora.xtec.cat\/ceip-joma\/wp-content\/uploads\/usu1530\/2026\/01\/Orla-en-Azul-de-estilo-Geometrico-con-cuadricula-sobre-Educacion-Primaria-300x212.jpg 300w, https:\/\/agora.xtec.cat\/ceip-joma\/wp-content\/uploads\/usu1530\/2026\/01\/Orla-en-Azul-de-estilo-Geometrico-con-cuadricula-sobre-Educacion-Primaria-768x543.jpg 768w, https:\/\/agora.xtec.cat\/ceip-joma\/wp-content\/uploads\/usu1530\/2026\/01\/Orla-en-Azul-de-estilo-Geometrico-con-cuadricula-sobre-Educacion-Primaria.jpg 1250w\" sizes=\"auto, (max-width: 1024px) 100vw, 1024px\" \/><\/a><\/h4>\n<h4><\/h4>\n<\/div>\n<h5><span style=\"font-size: 2.3125em;\">Qu\u00e8 \u00e9s el consell escolar?<\/span><\/h5>\n<div>\n<div class=\"FW_sArticleFoto\">\n<div class=\"FW_sEditPro\">\n<p>El consell escolar \u00e9s l&#8217;\u00f2rgan de participaci\u00f3 dels diferents sectors de la comunitat educativa en el govern dels centres.<\/p>\n<h4>Funcions:<\/h4>\n<p>Corresponen al consell escolar les funcions seg\u00fcents:<\/p>\n<ul>\n<li>Participar en l&#8217;aprovaci\u00f3 del projecte educatiu i les seves modificacions.<\/li>\n<li>Participar en l&#8217;aprovaci\u00f3 de la programaci\u00f3 general anual, de les normes de funcionament i de la gesti\u00f3 econ\u00f2mica del centre. El consell escolar ha de ser consultat de manera preceptiva per valorar cada una de les propostes i manifestar el seu suport per majoria simple dels membres.<\/li>\n<li>Avaluar l&#8217;aplicaci\u00f3 del projecte educatiu i de les seves modificacions aix\u00ed com de la resta de documents de gesti\u00f3 del centre.<\/li>\n<li>Aprovar les propostes d&#8217;acords de coresponsabilitat, convenis i altres acords de col\u00b7laboraci\u00f3 del centre amb entitats i institucions.<\/li>\n<li>Intervenir en el procediment d&#8217;admissi\u00f3 d&#8217;alumnes.<\/li>\n<li>Participar en el procediment de selecci\u00f3 i en la proposta de cessament del director o directora.<\/li>\n<li>Intervenir en la resoluci\u00f3 dels conflictes i, si escau, revisar les sancions als alumnes.<\/li>\n<li>Aprovar les directrius per a la programaci\u00f3 d&#8217;activitats escolars complement\u00e0ries i d&#8217;activitats extraescolars, i avaluar-ne el desenvolupament.<\/li>\n<li>Participar en les an\u00e0lisis i les avaluacions del funcionament general del centre i con\u00e8ixer l&#8217;evoluci\u00f3 del rendiment escolar.<\/li>\n<li>Aprovar els criteris de col\u00b7laboraci\u00f3 amb altres centres i amb l&#8217;entorn.<\/li>\n<li>Qualsevol altre que li sigui atribu\u00efda per les normes legals o reglament\u00e0ries.<\/li>\n<\/ul>\n<h4><span style=\"text-decoration: underline;\">Composici\u00f3 del consell escolar<\/span><\/h4>\n<\/div>\n<table style=\"height: 416px; width: 82.8672%;\" width=\"82\">\n<tbody>\n<tr style=\"height: 33px;\">\n<td style=\"width: 50.7879%; height: 33px;\">ALBA GRAELLS I ESQU\u00c9<\/td>\n<td style=\"width: 48.4848%; height: 33px;\">Presidenta<\/td>\n<\/tr>\n<tr style=\"height: 33px;\">\n<td style=\"width: 50.7879%; height: 33px;\">ERIKA G\u00d3MEZ NIEVES<\/td>\n<td style=\"width: 48.4848%; height: 33px;\">Cap d\u00b4Estudis<\/td>\n<\/tr>\n<tr style=\"height: 33px;\">\n<td style=\"width: 50.7879%; height: 33px;\">TOM\u00c0S P\u00c9REZ MARCELO<\/td>\n<td style=\"width: 48.4848%; height: 33px;\">Regidora i representant Ajuntament<\/td>\n<\/tr>\n<tr style=\"height: 33px;\">\n<td style=\"width: 50.7879%; height: 33px;\">JOAN MANEL NAVARRO CANO<\/td>\n<td style=\"width: 48.4848%; height: 33px;\">Representant sector professorat<\/td>\n<\/tr>\n<tr style=\"height: 33px;\">\n<td style=\"width: 50.7879%; height: 33px;\">MARTA RIADO S\u00c1NCHEZ<\/td>\n<td style=\"width: 48.4848%; height: 33px;\">Representant sector professorat<\/td>\n<\/tr>\n<tr style=\"height: 33px;\">\n<td style=\"width: 50.7879%; height: 33px;\">ELISABET FLORENCIANO P\u00c9REZ<\/td>\n<td style=\"width: 48.4848%; height: 33px;\">Representant sector professorat<\/td>\n<\/tr>\n<tr style=\"height: 33px;\">\n<td style=\"width: 50.7879%; height: 33px;\">RAQUEL BOJ VIVO<\/td>\n<td style=\"width: 48.4848%; height: 33px;\">Representant sector professorat<\/td>\n<\/tr>\n<tr style=\"height: 33px;\">\n<td style=\"width: 50.7879%; height: 33px;\">ALBA GASULLA BOU<\/td>\n<td style=\"width: 48.4848%; height: 33px;\">Representant sector pares d\u00b4alumnes<\/td>\n<\/tr>\n<tr style=\"height: 33px;\">\n<td style=\"width: 50.7879%; height: 33px;\">MARTA ROZAS MART\u00cd<\/td>\n<td style=\"width: 48.4848%; height: 33px;\">Representant sector pares d\u00b4alumnes<\/td>\n<\/tr>\n<tr style=\"height: 33px;\">\n<td style=\"width: 50.7879%; height: 33px;\">JOSEP MART\u00cd SAUMELL<\/td>\n<td style=\"width: 48.4848%; height: 33px;\">Representant sector pares d\u00b4alumnes<\/td>\n<\/tr>\n<tr style=\"height: 33px;\">\n<td style=\"width: 50.7879%; height: 33px;\">MARINA TEIXID\u00d3 FERRER<\/td>\n<td style=\"width: 48.4848%; height: 33px;\">Secret\u00e0ria<\/td>\n<\/tr>\n<tr style=\"height: 10px;\">\n<td style=\"width: 50.7879%; height: 10px;\">LAURA TARIFA ZAFRA<\/td>\n<td style=\"width: 48.4848%; height: 10px;\">Representant AFA<\/td>\n<\/tr>\n<tr style=\"height: 33px;\">\n<td style=\"width: 50.7879%; height: 33px;\">MARGARIDA MINGUILL\u00d3N<\/td>\n<td style=\"width: 48.4848%; height: 33px;\">Representant sector PAS<\/td>\n<\/tr>\n<tr style=\"height: 33px;\">\n<td style=\"width: 50.7879%; height: 10px;\"><\/td>\n<td style=\"width: 48.4848%; height: 10px;\"><\/td>\n<\/tr>\n<\/tbody>\n<\/table>\n<div class=\"FW_sEditPro\"><\/div>\n<\/div>\n<\/div>\n<h6><\/h6>\n","protected":false},"excerpt":{"rendered":"<p>Qu\u00e8 \u00e9s el consell escolar? El consell escolar \u00e9s l&#8217;\u00f2rgan de participaci\u00f3 dels diferents sectors de la comunitat educativa en el govern dels centres. Funcions: Corresponen al consell escolar les funcions seg\u00fcents: Participar en l&#8217;aprovaci\u00f3 del projecte educatiu i les seves modificacions. Participar en l&#8217;aprovaci\u00f3 de la programaci\u00f3 general anual, de les normes de funcionament [&hellip;]<\/p>\n","protected":false},"author":1,"featured_media":0,"parent":0,"menu_order":30,"comment_status":"closed","ping_status":"closed","template":"","meta":{"_bbp_topic_count":0,"_bbp_reply_count":0,"_bbp_total_topic_count":0,"_bbp_total_reply_count":0,"_bbp_voice_count":0,"_bbp_anonymous_reply_count":0,"_bbp_topic_count_hidden":0,"_bbp_reply_count_hidden":0,"_bbp_forum_subforum_count":0,"site-sidebar-layout":"default","site-content-layout":"","ast-site-content-layout":"default","site-content-style":"default","site-sidebar-style":"default","ast-global-header-display":"","ast-banner-title-visibility":"","ast-main-header-display":"","ast-hfb-above-header-display":"","ast-hfb-below-header-display":"","ast-hfb-mobile-header-display":"","site-post-title":"","ast-breadcrumbs-content":"","ast-featured-img":"","footer-sml-layout":"","theme-transparent-header-meta":"default","adv-header-id-meta":"","stick-header-meta":"","header-above-stick-meta":"","header-main-stick-meta":"","header-below-stick-meta":"","astra-migrate-meta-layouts":"set","ast-page-background-enabled":"default","ast-page-background-meta":{"desktop":{"background-color":"var(--ast-global-color-4)","background-image":"","background-repeat":"repeat","background-position":"center center","background-size":"auto","background-attachment":"scroll","background-type":"","background-media":"","overlay-type":"","overlay-color":"","overlay-opacity":"","overlay-gradient":""},"tablet":{"background-color":"","background-image":"","background-repeat":"repeat","background-position":"center center","background-size":"auto","background-attachment":"scroll","background-type":"","background-media":"","overlay-type":"","overlay-color":"","overlay-opacity":"","overlay-gradient":""},"mobile":{"background-color":"","background-image":"","background-repeat":"repeat","background-position":"center center","background-size":"auto","background-attachment":"scroll","background-type":"","background-media":"","overlay-type":"","overlay-color":"","overlay-opacity":"","overlay-gradient":""}},"ast-content-background-meta":{"desktop":{"background-color":"var(--ast-global-color-5)","background-image":"","background-repeat":"repeat","background-position":"center center","background-size":"auto","background-attachment":"scroll","background-type":"","background-media":"","overlay-type":"","overlay-color":"","overlay-opacity":"","overlay-gradient":""},"tablet":{"background-color":"var(--ast-global-color-5)","background-image":"","background-repeat":"repeat","background-position":"center center","background-size":"auto","background-attachment":"scroll","background-type":"","background-media":"","overlay-type":"","overlay-color":"","overlay-opacity":"","overlay-gradient":""},"mobile":{"background-color":"var(--ast-global-color-5)","background-image":"","background-repeat":"repeat","background-position":"center center","background-size":"auto","background-attachment":"scroll","background-type":"","background-media":"","overlay-type":"","overlay-color":"","overlay-opacity":"","overlay-gradient":""}},"footnotes":""},"class_list":["post-28","page","type-page","status-publish","hentry"],"post_mailing_queue_ids":[],"_links":{"self":[{"href":"https:\/\/agora.xtec.cat\/ceip-joma\/wp-json\/wp\/v2\/pages\/28","targetHints":{"allow":["GET"]}}],"collection":[{"href":"https:\/\/agora.xtec.cat\/ceip-joma\/wp-json\/wp\/v2\/pages"}],"about":[{"href":"https:\/\/agora.xtec.cat\/ceip-joma\/wp-json\/wp\/v2\/types\/page"}],"author":[{"embeddable":true,"href":"https:\/\/agora.xtec.cat\/ceip-joma\/wp-json\/wp\/v2\/users\/1"}],"replies":[{"embeddable":true,"href":"https:\/\/agora.xtec.cat\/ceip-joma\/wp-json\/wp\/v2\/comments?post=28"}],"version-history":[{"count":9,"href":"https:\/\/agora.xtec.cat\/ceip-joma\/wp-json\/wp\/v2\/pages\/28\/revisions"}],"predecessor-version":[{"id":5908,"href":"https:\/\/agora.xtec.cat\/ceip-joma\/wp-json\/wp\/v2\/pages\/28\/revisions\/5908"}],"wp:attachment":[{"href":"https:\/\/agora.xtec.cat\/ceip-joma\/wp-json\/wp\/v2\/media?parent=28"}],"curies":[{"name":"wp","href":"https:\/\/api.w.org\/{rel}","templated":true}]}}

<div>
<h4><a href="https://agora.xtec.cat/ceip-joma/wp-content/uploads/usu1530/2026/01/Orla-en-Azul-de-estilo-Geometrico-con-cuadricula-sobre-Educacion-Primaria.jpg"><img loading="lazy" decoding="async" class="aligncenter size-large wp-image-5906" src="https://agora.xtec.cat/ceip-joma/wp-content/uploads/usu1530/2026/01/Orla-en-Azul-de-estilo-Geometrico-con-cuadricula-sobre-Educacion-Primaria-1024x724.jpg" alt="" width="1024" height="724" srcset="https://agora.xtec.cat/ceip-joma/wp-content/uploads/usu1530/2026/01/Orla-en-Azul-de-estilo-Geometrico-con-cuadricula-sobre-Educacion-Primaria-1024x724.jpg 1024w, https://agora.xtec.cat/ceip-joma/wp-content/uploads/usu1530/2026/01/Orla-en-Azul-de-estilo-Geometrico-con-cuadricula-sobre-Educacion-Primaria-300x212.jpg 300w, https://agora.xtec.cat/ceip-joma/wp-content/uploads/usu1530/2026/01/Orla-en-Azul-de-estilo-Geometrico-con-cuadricula-sobre-Educacion-Primaria-768x543.jpg 768w, https://agora.xtec.cat/ceip-joma/wp-content/uploads/usu1530/2026/01/Orla-en-Azul-de-estilo-Geometrico-con-cuadricula-sobre-Educacion-Primaria.jpg 1250w" sizes="auto, (max-width: 1024px) 100vw, 1024px" /></a></h4>
<h4></h4>
</div>
<h5><span style="font-size: 2.3125em;">Què és el consell escolar?</span></h5>
<div>
<div class="FW_sArticleFoto">
<div class="FW_sEditPro">
<p>El consell escolar és l&#8217;òrgan de participació dels diferents sectors de la comunitat educativa en el govern dels centres.</p>
<h4>Funcions:</h4>
<p>Corresponen al consell escolar les funcions següents:</p>
<ul>
<li>Participar en l&#8217;aprovació del projecte educatiu i les seves modificacions.</li>
<li>Participar en l&#8217;aprovació de la programació general anual, de les normes de funcionament i de la gestió econòmica del centre. El consell escolar ha de ser consultat de manera preceptiva per valorar cada una de les propostes i manifestar el seu suport per majoria simple dels membres.</li>
<li>Avaluar l&#8217;aplicació del projecte educatiu i de les seves modificacions així com de la resta de documents de gestió del centre.</li>
<li>Aprovar les propostes d&#8217;acords de coresponsabilitat, convenis i altres acords de col·laboració del centre amb entitats i institucions.</li>
<li>Intervenir en el procediment d&#8217;admissió d&#8217;alumnes.</li>
<li>Participar en el procediment de selecció i en la proposta de cessament del director o directora.</li>
<li>Intervenir en la resolució dels conflictes i, si escau, revisar les sancions als alumnes.</li>
<li>Aprovar les directrius per a la programació d&#8217;activitats escolars complementàries i d&#8217;activitats extraescolars, i avaluar-ne el desenvolupament.</li>
<li>Participar en les anàlisis i les avaluacions del funcionament general del centre i conèixer l&#8217;evolució del rendiment escolar.</li>
<li>Aprovar els criteris de col·laboració amb altres centres i amb l&#8217;entorn.</li>
<li>Qualsevol altre que li sigui atribuïda per les normes legals o reglamentàries.</li>
</ul>
<h4><span style="text-decoration: underline;">Composició del consell escolar</span></h4>
</div>
<table style="height: 416px; width: 82.8672%;" width="82">
<tbody>
<tr style="height: 33px;">
<td style="width: 50.7879%; height: 33px;">ALBA GRAELLS I ESQUÉ</td>
<td style="width: 48.4848%; height: 33px;">Presidenta</td>
</tr>
<tr style="height: 33px;">
<td style="width: 50.7879%; height: 33px;">ERIKA GÓMEZ NIEVES</td>
<td style="width: 48.4848%; height: 33px;">Cap d´Estudis</td>
</tr>
<tr style="height: 33px;">
<td style="width: 50.7879%; height: 33px;">TOMÀS PÉREZ MARCELO</td>
<td style="width: 48.4848%; height: 33px;">Regidora i representant Ajuntament</td>
</tr>
<tr style="height: 33px;">
<td style="width: 50.7879%; height: 33px;">JOAN MANEL NAVARRO CANO</td>
<td style="width: 48.4848%; height: 33px;">Representant sector professorat</td>
</tr>
<tr style="height: 33px;">
<td style="width: 50.7879%; height: 33px;">MARTA RIADO SÁNCHEZ</td>
<td style="width: 48.4848%; height: 33px;">Representant sector professorat</td>
</tr>
<tr style="height: 33px;">
<td style="width: 50.7879%; height: 33px;">ELISABET FLORENCIANO PÉREZ</td>
<td style="width: 48.4848%; height: 33px;">Representant sector professorat</td>
</tr>
<tr style="height: 33px;">
<td style="width: 50.7879%; height: 33px;">RAQUEL BOJ VIVO</td>
<td style="width: 48.4848%; height: 33px;">Representant sector professorat</td>
</tr>
<tr style="height: 33px;">
<td style="width: 50.7879%; height: 33px;">ALBA GASULLA BOU</td>
<td style="width: 48.4848%; height: 33px;">Representant sector pares d´alumnes</td>
</tr>
<tr style="height: 33px;">
<td style="width: 50.7879%; height: 33px;">MARTA ROZAS MARTÍ</td>
<td style="width: 48.4848%; height: 33px;">Representant sector pares d´alumnes</td>
</tr>
<tr style="height: 33px;">
<td style="width: 50.7879%; height: 33px;">JOSEP MARTÍ SAUMELL</td>
<td style="width: 48.4848%; height: 33px;">Representant sector pares d´alumnes</td>
</tr>
<tr style="height: 33px;">
<td style="width: 50.7879%; height: 33px;">MARINA TEIXIDÓ FERRER</td>
<td style="width: 48.4848%; height: 33px;">Secretària</td>
</tr>
<tr style="height: 10px;">
<td style="width: 50.7879%; height: 10px;">LAURA TARIFA ZAFRA</td>
<td style="width: 48.4848%; height: 10px;">Representant AFA</td>
</tr>
<tr style="height: 33px;">
<td style="width: 50.7879%; height: 33px;">MARGARIDA MINGUILLÓN</td>
<td style="width: 48.4848%; height: 33px;">Representant sector PAS</td>
</tr>
<tr style="height: 33px;">
<td style="width: 50.7879%; height: 10px;"></td>
<td style="width: 48.4848%; height: 10px;"></td>
</tr>
</tbody>
</table>
<div class="FW_sEditPro"></div>
</div>
</div>
<h6></h6>

<p>Què és el consell escolar? El consell escolar és l&#8217;òrgan de participació dels diferents sectors de la comunitat educativa en el govern dels centres. Funcions: Corresponen al consell escolar les funcions següents: Participar en l&#8217;aprovació del projecte educatiu i les seves modificacions. Participar en l&#8217;aprovació de la programació general anual, de les normes de funcionament [&hellip;]</p>
