{"id":36,"date":"2014-09-18T12:33:11","date_gmt":"2014-09-18T10:33:11","guid":{"rendered":"http:\/\/agora.xtec.cat\/ceip-joanplana\/?page_id=36"},"modified":"2025-07-09T13:36:59","modified_gmt":"2025-07-09T11:36:59","slug":"material-escolar","status":"publish","type":"page","link":"https:\/\/agora.xtec.cat\/ceip-joanplana\/documents-2\/material-escolar\/","title":{"rendered":"Material escolar"},"content":{"rendered":"<p><strong>MATERIAL PEL CURS 2025-26<\/strong><\/p>\n<p>Fam\u00edlies, aqu\u00ed teniu els documents amb el material necessari de cara a comen\u00e7ar al setembre de nou.<\/p>\n<p><a href=\"https:\/\/drive.google.com\/file\/d\/1HnGqz4WchPVBjYdE5OU5MqjniKk3_Uk5\/view?usp=sharing\" target=\"_blank\" rel=\"noopener\">Material Infantil<\/a><\/p>\n<p><a href=\"https:\/\/drive.google.com\/file\/d\/1Dgg9D-tTyQD1_If2a4t_r-3r2o7ifmg5\/view?usp=sharing\" target=\"_blank\" rel=\"noopener\">MATERIAL PER FER 1r<\/a><\/p>\n<p><a href=\"https:\/\/drive.google.com\/file\/d\/1heCE1BPi9D0aLXaNnMLMyuNb1m1buu3g\/view?usp=sharing\" target=\"_blank\" rel=\"noopener\">MATERIAL PER FER 2n<\/a><\/p>\n<p><a href=\"https:\/\/drive.google.com\/file\/d\/1XkKTSw-Jwxl1LlCTpx-qK3RKDkuKW_Qy\/view?usp=sharing\" target=\"_blank\" rel=\"noopener\">MATERIAL PER FER 3r<\/a><\/p>\n<p><a href=\"https:\/\/drive.google.com\/file\/d\/1woPQYQa2quDOMa7NdnIOunb8C_-WSaFm\/view?usp=sharing\" target=\"_blank\" rel=\"noopener\">MATERIAL PER FER 4t<\/a><\/p>\n<p><a href=\"https:\/\/drive.google.com\/file\/d\/14K_mzv7WVO49vBNEO7UxWDL8anRsoxlK\/view?usp=sharing\" target=\"_blank\" rel=\"noopener\">MATERIAL PER FER 5\u00e8 i 6\u00e8<\/a><\/p>\n<p>&nbsp;<\/p>\n<p>&nbsp;<\/p>\n","protected":false},"excerpt":{"rendered":"<p>MATERIAL PEL CURS 2025-26<br \/>\nFam\u00edlies, aqu\u00ed teniu els documents amb el material necessari de cara a comen\u00e7ar al setembre de nou.<br \/>\n<a href=\"https:\/\/drive.google.com\/file\/d\/1HnGqz4WchPVBjYdE5OU5MqjniKk3_Uk5\/view?usp=sharing\" target=\"_blank\" rel=\"noopener\">Material Infantil<\/a><br \/>\n<a href=\"https:\/\/drive.google.com\/file\/d\/1Dgg9D-tTyQD1_If2a4t_r-3r2o7ifmg5\/view?usp=sharing\" target=\"_blank\" rel=\"noopener\">MATERIAL PER FER 1r<\/a><br \/>\n<a href=\"https:\/\/drive.google.com\/file\/d\/1heCE1BPi9D0aLXaNnMLMyuNb1m1buu3g\/view?usp=sharing\" target=\"_blank\" rel=\"noopener\">MATERIAL PER FER 2n<\/a><br \/>\n<a href=\"https:\/\/drive.google.com\/file\/d\/1XkKTSw-Jwxl1LlCTpx-qK3RKDkuKW_Qy\/view?usp=sharing\" target=\"_blank\" rel=\"noopener\">MATERIAL PER FER 3r<\/a><br \/>\n<a href=\"https:\/\/drive.google.com\/file\/d\/1woPQYQa2quDOMa7NdnIOunb8C_-WSaFm\/view?usp=sharing\" target=\"_blank\" rel=\"noopener\">MATERIAL&hellip;  <a href=\"https:\/\/agora.xtec.cat\/ceip-joanplana\/documents-2\/material-escolar\/\" title=\"Read Material escolar\">Llegeix m\u00e9s\u00bb<\/a><\/p>\n","protected":false},"author":1,"featured_media":0,"parent":1824,"menu_order":70,"comment_status":"closed","ping_status":"closed","template":"page-templates\/side-menu.php","meta":{"_bbp_topic_count":0,"_bbp_reply_count":0,"_bbp_total_topic_count":0,"_bbp_total_reply_count":0,"_bbp_voice_count":0,"_bbp_anonymous_reply_count":0,"_bbp_topic_count_hidden":0,"_bbp_reply_count_hidden":0,"_bbp_forum_subforum_count":0,"footnotes":""},"class_list":["post-36","page","type-page","status-publish","hentry"],"post_mailing_queue_ids":[],"_links":{"self":[{"href":"https:\/\/agora.xtec.cat\/ceip-joanplana\/wp-json\/wp\/v2\/pages\/36","targetHints":{"allow":["GET"]}}],"collection":[{"href":"https:\/\/agora.xtec.cat\/ceip-joanplana\/wp-json\/wp\/v2\/pages"}],"about":[{"href":"https:\/\/agora.xtec.cat\/ceip-joanplana\/wp-json\/wp\/v2\/types\/page"}],"author":[{"embeddable":true,"href":"https:\/\/agora.xtec.cat\/ceip-joanplana\/wp-json\/wp\/v2\/users\/1"}],"replies":[{"embeddable":true,"href":"https:\/\/agora.xtec.cat\/ceip-joanplana\/wp-json\/wp\/v2\/comments?post=36"}],"version-history":[{"count":8,"href":"https:\/\/agora.xtec.cat\/ceip-joanplana\/wp-json\/wp\/v2\/pages\/36\/revisions"}],"predecessor-version":[{"id":2795,"href":"https:\/\/agora.xtec.cat\/ceip-joanplana\/wp-json\/wp\/v2\/pages\/36\/revisions\/2795"}],"up":[{"embeddable":true,"href":"https:\/\/agora.xtec.cat\/ceip-joanplana\/wp-json\/wp\/v2\/pages\/1824"}],"wp:attachment":[{"href":"https:\/\/agora.xtec.cat\/ceip-joanplana\/wp-json\/wp\/v2\/media?parent=36"}],"curies":[{"name":"wp","href":"https:\/\/api.w.org\/{rel}","templated":true}]}}