{"id":1973,"date":"2024-02-20T09:17:30","date_gmt":"2024-02-20T08:17:30","guid":{"rendered":"https:\/\/agora.xtec.cat\/ceip-joanplana\/?page_id=1973"},"modified":"2026-03-04T10:42:05","modified_gmt":"2026-03-04T09:42:05","slug":"preinscripcio-2024-25","status":"publish","type":"page","link":"https:\/\/agora.xtec.cat\/ceip-joanplana\/preinscripcio-2024-25\/","title":{"rendered":"Preinscripci\u00f3 2026-27"},"content":{"rendered":"<p><span style=\"font-size: 14pt;\">Les fam\u00edlies haureu de fer el proc\u00e9s de preinscripci\u00f3 <strong>de manera telem\u00e0tica <\/strong><\/span>al web de preinscripci\u00f3<span style=\"font-size: 14pt;\"><strong><a href=\"https:\/\/preinscripcio.gencat.cat\/ca\/inici\/index.html\" target=\"_blank\" rel=\"noopener\">\u00a0<span style=\"text-decoration: underline;\"><span style=\"color: #0000ff;\">preinscripcio.gencat.cat<\/span><\/span>.<\/a><a href=\"https:\/\/agora.xtec.cat\/ceip-joanplana\/wp-content\/uploads\/usu1704\/2024\/02\/dedo.png\"><img loading=\"lazy\" decoding=\"async\" class=\"alignnone wp-image-2003\" src=\"https:\/\/agora.xtec.cat\/ceip-joanplana\/wp-content\/uploads\/usu1704\/2024\/02\/dedo.png\" alt=\"\" width=\"30\" height=\"30\" srcset=\"https:\/\/agora.xtec.cat\/ceip-joanplana\/wp-content\/uploads\/usu1704\/2024\/02\/dedo.png 512w, https:\/\/agora.xtec.cat\/ceip-joanplana\/wp-content\/uploads\/usu1704\/2024\/02\/dedo-300x300.png 300w, https:\/\/agora.xtec.cat\/ceip-joanplana\/wp-content\/uploads\/usu1704\/2024\/02\/dedo-150x150.png 150w\" sizes=\"auto, (max-width: 30px) 100vw, 30px\" \/><\/a><\/strong><\/span><\/p>\n<p><strong>Com has de fer la preinscripci\u00f3 escolar en l\u00ednia curs 2026-2027? Pots consultar la guia de la preinscripci\u00f3 (cliqueu damunt de la imatge):<\/strong><\/p>\n<h5><span style=\"color: #2795b6;\"><a style=\"color: #2795b6;\" href=\"https:\/\/drive.google.com\/file\/d\/1jNsenDXaeHX8Tpi4dLQTcpSrXaqCJHxf\/view?usp=sharing\" target=\"_blank\" rel=\"noopener\"><img loading=\"lazy\" decoding=\"async\" class=\"wp-image-2941 alignright\" src=\"https:\/\/agora.xtec.cat\/ceip-joanplana\/wp-content\/uploads\/usu1704\/2026\/03\/Screenshot_2.jpg\" alt=\"\" width=\"204\" height=\"286\" srcset=\"https:\/\/agora.xtec.cat\/ceip-joanplana\/wp-content\/uploads\/usu1704\/2026\/03\/Screenshot_2.jpg 398w, https:\/\/agora.xtec.cat\/ceip-joanplana\/wp-content\/uploads\/usu1704\/2026\/03\/Screenshot_2-214x300.jpg 214w\" sizes=\"auto, (max-width: 204px) 100vw, 204px\" \/><\/a><\/span><\/h5>\n<p><strong>Accedeix a tota la informaci\u00f3 en el seg\u00fcent enlla\u00e7:\u00a0 <\/strong><a href=\"https:\/\/preinscripcio.gencat.cat\/ca\/estudis\/infantil-3-6\/informat\/\" target=\"_blank\" rel=\"noopener\">https:\/\/preinscripcio.gencat.cat\/ca\/estudis\/infantil-3-6\/informat\/\u00a0 <\/a>\u00a0<a href=\"https:\/\/preinscripcio.gencat.cat\/ca\/estudis\/primaria\/informat\/\" target=\"_blank\" rel=\"noopener\">https:\/\/preinscripcio.gencat.cat\/ca\/estudis\/primaria\/informat\/\u00a0<\/a><\/p>\n<table style=\"width: 49.7984%; height: 492px;\">\n<tbody>\n<tr style=\"height: 50px;\">\n<td style=\"height: 50px; width: 111.926%;\" colspan=\"2\">\n<h5><strong>Calendari preinscripci\u00f3 i matr\u00edcula pel curs 2026-27<\/strong><\/h5>\n<\/td>\n<\/tr>\n<tr style=\"height: 47px;\">\n<td style=\"height: 47px; width: 71.9056%;\">\n<h6><strong>Tr\u00e0mit<\/strong><\/h6>\n<\/td>\n<td style=\"height: 47px; width: 40.0202%;\">\n<h6><strong>Dates<\/strong><\/h6>\n<\/td>\n<\/tr>\n<tr style=\"height: 33px;\">\n<td style=\"height: 33px; width: 71.9056%;\">Publicaci\u00f3 oferta inicial de places<\/td>\n<td style=\"height: 33px; width: 40.0202%;\">3 de mar\u00e7<\/td>\n<\/tr>\n<tr style=\"height: 33px;\">\n<td style=\"height: 33px; width: 71.9056%;\">Presentaci\u00f3 sol\u00b7licituds Educaci\u00f3 Infantil i Prim\u00e0ria<\/td>\n<td style=\"height: 33px; width: 40.0202%;\"><strong>Del 4 al 18 de mar\u00e7<\/strong><\/td>\n<\/tr>\n<tr style=\"height: 33px;\">\n<td style=\"height: 33px; width: 71.9056%;\">Presentaci\u00f3 documentaci\u00f3 acreditativa<\/td>\n<td style=\"height: 33px; width: 40.0202%;\">fins el 19 de mar\u00e7<\/td>\n<\/tr>\n<tr style=\"height: 49px;\">\n<td style=\"height: 49px; width: 71.9056%;\"><strong>Publicaci\u00f3 llistat de sol\u00b7licituds amb puntuaci\u00f3 provisional<\/strong><\/td>\n<td style=\"height: 49px; width: 40.0202%;\">15 d&#8217;abril<\/td>\n<\/tr>\n<tr style=\"height: 33px;\">\n<td style=\"height: 33px; width: 71.9056%;\"><b>Presentaci\u00f3 de reclamacions<\/b><\/td>\n<td style=\"height: 33px; width: 40.0202%;\">Del 15 al 20 d&#8217;abril<\/td>\n<\/tr>\n<tr style=\"height: 33px;\">\n<td style=\"height: 33px; width: 71.9056%;\">Publicaci\u00f3 llista amb la puntuaci\u00f3, resoltes les reclamacions<\/td>\n<td style=\"height: 33px; width: 40.0202%;\">23 d&#8217;abril<\/td>\n<\/tr>\n<tr style=\"height: 33px;\">\n<td style=\"height: 33px; width: 71.9056%;\">Sorteig per resoldre sol\u00b7licituds empatades<\/td>\n<td style=\"height: 33px; width: 40.0202%;\">28 d&#8217;abril de 2026 a les 11 hores<\/td>\n<\/tr>\n<tr style=\"height: 33px;\">\n<td style=\"height: 33px; width: 71.9056%;\">Publicaci\u00f3 de la llista ordenada<\/td>\n<td style=\"height: 33px; width: 40.0202%;\">29 d&#8217;abril<\/td>\n<\/tr>\n<tr style=\"height: 33px;\">\n<td style=\"height: 33px; width: 71.9056%;\">Publicaci\u00f3 oferta final de places escolars<\/td>\n<td style=\"height: 33px; width: 40.0202%;\">10 de juny<\/td>\n<\/tr>\n<tr style=\"height: 33px;\">\n<td style=\"height: 33px; width: 71.9056%;\"><strong>Llistat d\u2019alumnes admesos i llista d\u2019espera<\/strong><\/td>\n<td style=\"height: 33px; width: 40.0202%;\">10 de juny<\/td>\n<\/tr>\n<tr style=\"height: 49px;\">\n<td style=\"height: 49px; width: 71.9056%;\"><b>Matriculaci\u00f3 alumnat adm\u00e8s a Prim\u00e0ria i 1r d\u2019ESO<\/b><\/td>\n<td style=\"height: 49px; width: 40.0202%;\">Del 22 al 30 de juny<\/td>\n<\/tr>\n<\/tbody>\n<\/table>\n<p>Documentaci\u00f3 que cal presentar per poder realitzar el <strong>tr\u00e0mit de la<\/strong>\u00a0<strong>preinscripci\u00f3.\u00a0<\/strong><span style=\"color: #0000ff;\"><a style=\"color: #0000ff;\" href=\"https:\/\/preinscripcio.gencat.cat\/ca\/estudis\/infantil-3-6\/informat\/prepara-documentacio\/\" target=\"_blank\" rel=\"noopener noreferrer\">Premeu aqu\u00ed <\/a><\/span>per\u00a0consultar la web del Departament d&#8217;Educaci\u00f3 i Formaci\u00f3 Professional sobre la documentaci\u00f3.<\/p>\n<p>&nbsp;<\/p>\n","protected":false},"excerpt":{"rendered":"<p>Les fam\u00edlies haureu de fer el proc\u00e9s de preinscripci\u00f3 de manera telem\u00e0tica al web de preinscripci\u00f3<a href=\"https:\/\/preinscripcio.gencat.cat\/ca\/inici\/index.html\" target=\"_blank\" rel=\"noopener\">\u00a0preinscripcio.gencat.cat.<\/a><a href=\"https:\/\/agora.xtec.cat\/ceip-joanplana\/wp-content\/uploads\/usu1704\/2024\/02\/dedo.png\"><\/a><br \/>\nCom has de fer la preinscripci\u00f3 escolar en l\u00ednia curs 2026-2027? Pots consultar la guia de la preinscripci\u00f3 (cliqueu damunt de la imatge):<br \/>\n<a style=\"color: #2795b6;\" href=\"https:\/\/drive.google.com\/file\/d\/1jNsenDXaeHX8Tpi4dLQTcpSrXaqCJHxf\/view?usp=sharing\"&hellip;  <a href=\"https:\/\/agora.xtec.cat\/ceip-joanplana\/preinscripcio-2024-25\/\" title=\"Read Preinscripci\u00f3 2026-27\">Llegeix m\u00e9s\u00bb<\/a><\/p>\n","protected":false},"author":1,"featured_media":0,"parent":0,"menu_order":0,"comment_status":"closed","ping_status":"closed","template":"page-templates\/side-menu.php","meta":{"_bbp_topic_count":0,"_bbp_reply_count":0,"_bbp_total_topic_count":0,"_bbp_total_reply_count":0,"_bbp_voice_count":0,"_bbp_anonymous_reply_count":0,"_bbp_topic_count_hidden":0,"_bbp_reply_count_hidden":0,"_bbp_forum_subforum_count":0,"footnotes":""},"class_list":["post-1973","page","type-page","status-publish","hentry"],"post_mailing_queue_ids":[],"_links":{"self":[{"href":"https:\/\/agora.xtec.cat\/ceip-joanplana\/wp-json\/wp\/v2\/pages\/1973","targetHints":{"allow":["GET"]}}],"collection":[{"href":"https:\/\/agora.xtec.cat\/ceip-joanplana\/wp-json\/wp\/v2\/pages"}],"about":[{"href":"https:\/\/agora.xtec.cat\/ceip-joanplana\/wp-json\/wp\/v2\/types\/page"}],"author":[{"embeddable":true,"href":"https:\/\/agora.xtec.cat\/ceip-joanplana\/wp-json\/wp\/v2\/users\/1"}],"replies":[{"embeddable":true,"href":"https:\/\/agora.xtec.cat\/ceip-joanplana\/wp-json\/wp\/v2\/comments?post=1973"}],"version-history":[{"count":6,"href":"https:\/\/agora.xtec.cat\/ceip-joanplana\/wp-json\/wp\/v2\/pages\/1973\/revisions"}],"predecessor-version":[{"id":2943,"href":"https:\/\/agora.xtec.cat\/ceip-joanplana\/wp-json\/wp\/v2\/pages\/1973\/revisions\/2943"}],"wp:attachment":[{"href":"https:\/\/agora.xtec.cat\/ceip-joanplana\/wp-json\/wp\/v2\/media?parent=1973"}],"curies":[{"name":"wp","href":"https:\/\/api.w.org\/{rel}","templated":true}]}}