{"id":7858,"date":"2020-10-19T16:17:01","date_gmt":"2020-10-19T14:17:01","guid":{"rendered":"http:\/\/agora.xtec.cat\/ceip-joanmiro-barcelona\/?page_id=7858"},"modified":"2021-03-11T08:35:08","modified_gmt":"2021-03-11T07:35:08","slug":"erasmus-co-edu","status":"publish","type":"page","link":"https:\/\/agora.xtec.cat\/ceip-joanmiro-barcelona\/lescola\/projectes-descola\/erasmus-co-edu\/","title":{"rendered":"Erasmus + CO-EDU"},"content":{"rendered":"<p><a href=\"https:\/\/agora.xtec.cat\/ceip-joanmiro-barcelona\/wp-content\/uploads\/usu741\/2020\/10\/Reliable-I.T.-Service-1.png\"><img loading=\"lazy\" decoding=\"async\" class=\" wp-image-7857 alignleft\" src=\"https:\/\/agora.xtec.cat\/ceip-joanmiro-barcelona\/wp-content\/uploads\/usu741\/2020\/10\/Reliable-I.T.-Service-1.png\" alt=\"\" width=\"487\" height=\"292\" srcset=\"https:\/\/agora.xtec.cat\/ceip-joanmiro-barcelona\/wp-content\/uploads\/usu741\/2020\/10\/Reliable-I.T.-Service-1.png 1000w, https:\/\/agora.xtec.cat\/ceip-joanmiro-barcelona\/wp-content\/uploads\/usu741\/2020\/10\/Reliable-I.T.-Service-1-300x180.png 300w, https:\/\/agora.xtec.cat\/ceip-joanmiro-barcelona\/wp-content\/uploads\/usu741\/2020\/10\/Reliable-I.T.-Service-1-768x461.png 768w\" sizes=\"auto, (max-width: 487px) 100vw, 487px\" \/><\/a><\/p>\n<p style=\"text-align: justify;\">La comunitat educativa com a agent socialitzador t\u00e9 com a objectiu transmetre sabers i valors perqu\u00e8 les futures generacions s\u00e0piguen encarar reptes socials de manera cr\u00edtica, justa i equitativa. A Barcelona s&#8217;han impulsat accions que promouen un proc\u00e9s de renovaci\u00f3 pedag\u00f2gica en el que la perspectiva de g\u00e8nere \u00e9s un dels eixos principals. El <strong>projecte CO-EDU<\/strong>, impulsat des del <strong>Centre de Recursos Pedag\u00f2gics de l&#8217;Eixample (CRP)<\/strong>, s&#8217;alimenta d&#8217;aquesta din\u00e0mica per tal de formar part de l&#8217;engranatge del canvi i aconseguir una societat m\u00e9s justa i igualit\u00e0ria.<\/p>\n<p style=\"text-align: justify;\">La nostra escola ha col\u00b7laborat activament en el <strong>projecte Escoles Coeducadores<\/strong>, rebent una formaci\u00f3 en mat\u00e8ria de coeducaci\u00f3 i atenci\u00f3 a la diversitat. Gr\u00e0cies a aquest canvi de mirada, l&#8217;Escola ha comen\u00e7at a visualitzar i dialogar al voltant de les relacions de g\u00e8nere i la diversitat. Fruit d\u2019aquesta formaci\u00f3, s&#8217;ha comen\u00e7at a prendre consci\u00e8ncia i a posar de manifest les relacions de desigualtat i situacions de discriminaci\u00f3 per ra\u00f3 de g\u00e8nere a les relacions, a les aules, als diferents espais del centre (retolaci\u00f3) i per excel\u00b7l\u00e8ncia; el pati de l\u2019escola.<\/p>\n<p style=\"text-align: justify;\">Des de la necessitat d\u2019un canvi respecte a aquestes desigualtats, el conjunt de la comunitat educativa ha participat en el Projecte Pati. Aquest ha consistit en un proc\u00e9s participatiu de sensibilitzaci\u00f3, formaci\u00f3 i redisseny de l\u2019espai, que avui dia gaudeix d\u2019un pl\u00e0nol conceptual consensuat amb la comunitat educativa. Aquesta transformaci\u00f3 ens ha perm\u00e8s atendre millor les necessitats reals dels infants i la seva interrelaci\u00f3 en els diferents espais (espai tranquil, espai creatiu, espai de moviment, espai d\u2019experimentaci\u00f3, sorral) i a la vegada, canviar la manera que l\u2019equip docent els acompanya.<a href=\"https:\/\/agora.xtec.cat\/ceip-joanmiro-barcelona\/wp-content\/uploads\/usu741\/2021\/03\/LOGO-3.png\"><img loading=\"lazy\" decoding=\"async\" class=\"wp-image-8537 alignright\" src=\"https:\/\/agora.xtec.cat\/ceip-joanmiro-barcelona\/wp-content\/uploads\/usu741\/2021\/03\/LOGO-3.png\" alt=\"\" width=\"315\" height=\"205\" srcset=\"https:\/\/agora.xtec.cat\/ceip-joanmiro-barcelona\/wp-content\/uploads\/usu741\/2021\/03\/LOGO-3.png 766w, https:\/\/agora.xtec.cat\/ceip-joanmiro-barcelona\/wp-content\/uploads\/usu741\/2021\/03\/LOGO-3-300x195.png 300w\" sizes=\"auto, (max-width: 315px) 100vw, 315px\" \/><\/a><\/p>\n<p style=\"text-align: justify;\">Durant els seg\u00fcents anys, l&#8217;Escola Joan Mir\u00f3 participar\u00e0, juntament amb el CRP i altres centres de l&#8217;Eixample, en el <strong>projecte Erasmus + K101- CO-EDU<\/strong>. Aquest projecte consisteix a promoure l&#8217;educaci\u00f3 des d&#8217;una perspectiva de g\u00e8nere a trav\u00e9s de pr\u00e0ctiques educatives innovadores europees, per tal de con\u00e8ixer i transferir experi\u00e8ncies coeducatives per Europa que reverteixin al districte. El projecte CO-EDU es centra en l&#8217;educaci\u00f3 infantil i prim\u00e0ria, ja que s\u00f3n etapes en les quals l&#8217;alumnat s&#8217;inicia en l&#8217;adquisici\u00f3 de valors mitjan\u00e7ant la interacci\u00f3 social.<\/p>\n<p style=\"text-align: justify;\">Totes i cada una de les accions que es duran a terme en aquest projecte asseguren un recorregut formatiu que nodreix des de l&#8217;arrel el treball coeducatiu, millorant, enriquint i difonent la perspectiva de g\u00e8nere m\u00e9s enll\u00e0 del marc escolar. Per aquest motiu, estem conven\u00e7uts que CO-EDU promour\u00e0 i enfortir\u00e0 les bases d&#8217;una Europa m\u00e9s igualit\u00e0ria i encarada als reptes del segle XXI.<\/p>\n<p style=\"text-align: center;\"><iframe loading=\"lazy\" src=\"https:\/\/www.youtube.com\/embed\/bRSFCVvyOIQ\" width=\"560\" height=\"315\" frameborder=\"0\"><\/iframe><\/p>\n","protected":false},"excerpt":{"rendered":"<p><a href=\"https:\/\/agora.xtec.cat\/ceip-joanmiro-barcelona\/wp-content\/uploads\/usu741\/2020\/10\/Reliable-I.T.-Service-1.png\"><\/a><br \/>\nLa comunitat educativa com a agent socialitzador t\u00e9 com a objectiu transmetre sabers i valors perqu\u00e8 les futures generacions s\u00e0piguen encarar reptes socials de manera cr\u00edtica, justa i equitativa. A Barcelona s&#8217;han impulsat accions que promouen un proc\u00e9s de renovaci\u00f3 pedag\u00f2gica en el que&hellip;  <a href=\"https:\/\/agora.xtec.cat\/ceip-joanmiro-barcelona\/lescola\/projectes-descola\/erasmus-co-edu\/\" title=\"Read Erasmus + CO-EDU\">Llegeix m\u00e9s\u00bb<\/a><\/p>\n","protected":false},"author":31,"featured_media":0,"parent":288,"menu_order":0,"comment_status":"closed","ping_status":"closed","template":"page-templates\/side-menu.php","meta":{"_bbp_topic_count":0,"_bbp_reply_count":0,"_bbp_total_topic_count":0,"_bbp_total_reply_count":0,"_bbp_voice_count":0,"_bbp_anonymous_reply_count":0,"_bbp_topic_count_hidden":0,"_bbp_reply_count_hidden":0,"_bbp_forum_subforum_count":0,"footnotes":""},"class_list":["post-7858","page","type-page","status-publish","hentry"],"post_mailing_queue_ids":[],"_links":{"self":[{"href":"https:\/\/agora.xtec.cat\/ceip-joanmiro-barcelona\/wp-json\/wp\/v2\/pages\/7858","targetHints":{"allow":["GET"]}}],"collection":[{"href":"https:\/\/agora.xtec.cat\/ceip-joanmiro-barcelona\/wp-json\/wp\/v2\/pages"}],"about":[{"href":"https:\/\/agora.xtec.cat\/ceip-joanmiro-barcelona\/wp-json\/wp\/v2\/types\/page"}],"author":[{"embeddable":true,"href":"https:\/\/agora.xtec.cat\/ceip-joanmiro-barcelona\/wp-json\/wp\/v2\/users\/31"}],"replies":[{"embeddable":true,"href":"https:\/\/agora.xtec.cat\/ceip-joanmiro-barcelona\/wp-json\/wp\/v2\/comments?post=7858"}],"version-history":[{"count":3,"href":"https:\/\/agora.xtec.cat\/ceip-joanmiro-barcelona\/wp-json\/wp\/v2\/pages\/7858\/revisions"}],"predecessor-version":[{"id":8538,"href":"https:\/\/agora.xtec.cat\/ceip-joanmiro-barcelona\/wp-json\/wp\/v2\/pages\/7858\/revisions\/8538"}],"up":[{"embeddable":true,"href":"https:\/\/agora.xtec.cat\/ceip-joanmiro-barcelona\/wp-json\/wp\/v2\/pages\/288"}],"wp:attachment":[{"href":"https:\/\/agora.xtec.cat\/ceip-joanmiro-barcelona\/wp-json\/wp\/v2\/media?parent=7858"}],"curies":[{"name":"wp","href":"https:\/\/api.w.org\/{rel}","templated":true}]}}

<p><a href="https://agora.xtec.cat/ceip-joanmiro-barcelona/wp-content/uploads/usu741/2020/10/Reliable-I.T.-Service-1.png"><img loading="lazy" decoding="async" class=" wp-image-7857 alignleft" src="https://agora.xtec.cat/ceip-joanmiro-barcelona/wp-content/uploads/usu741/2020/10/Reliable-I.T.-Service-1.png" alt="" width="487" height="292" srcset="https://agora.xtec.cat/ceip-joanmiro-barcelona/wp-content/uploads/usu741/2020/10/Reliable-I.T.-Service-1.png 1000w, https://agora.xtec.cat/ceip-joanmiro-barcelona/wp-content/uploads/usu741/2020/10/Reliable-I.T.-Service-1-300x180.png 300w, https://agora.xtec.cat/ceip-joanmiro-barcelona/wp-content/uploads/usu741/2020/10/Reliable-I.T.-Service-1-768x461.png 768w" sizes="auto, (max-width: 487px) 100vw, 487px" /></a></p>
<p style="text-align: justify;">La comunitat educativa com a agent socialitzador té com a objectiu transmetre sabers i valors perquè les futures generacions sàpiguen encarar reptes socials de manera crítica, justa i equitativa. A Barcelona s&#8217;han impulsat accions que promouen un procés de renovació pedagògica en el que la perspectiva de gènere és un dels eixos principals. El <strong>projecte CO-EDU</strong>, impulsat des del <strong>Centre de Recursos Pedagògics de l&#8217;Eixample (CRP)</strong>, s&#8217;alimenta d&#8217;aquesta dinàmica per tal de formar part de l&#8217;engranatge del canvi i aconseguir una societat més justa i igualitària.</p>
<p style="text-align: justify;">La nostra escola ha col·laborat activament en el <strong>projecte Escoles Coeducadores</strong>, rebent una formació en matèria de coeducació i atenció a la diversitat. Gràcies a aquest canvi de mirada, l&#8217;Escola ha començat a visualitzar i dialogar al voltant de les relacions de gènere i la diversitat. Fruit d’aquesta formació, s&#8217;ha començat a prendre consciència i a posar de manifest les relacions de desigualtat i situacions de discriminació per raó de gènere a les relacions, a les aules, als diferents espais del centre (retolació) i per excel·lència; el pati de l’escola.</p>
<p style="text-align: justify;">Des de la necessitat d’un canvi respecte a aquestes desigualtats, el conjunt de la comunitat educativa ha participat en el Projecte Pati. Aquest ha consistit en un procés participatiu de sensibilització, formació i redisseny de l’espai, que avui dia gaudeix d’un plànol conceptual consensuat amb la comunitat educativa. Aquesta transformació ens ha permès atendre millor les necessitats reals dels infants i la seva interrelació en els diferents espais (espai tranquil, espai creatiu, espai de moviment, espai d’experimentació, sorral) i a la vegada, canviar la manera que l’equip docent els acompanya.<a href="https://agora.xtec.cat/ceip-joanmiro-barcelona/wp-content/uploads/usu741/2021/03/LOGO-3.png"><img loading="lazy" decoding="async" class="wp-image-8537 alignright" src="https://agora.xtec.cat/ceip-joanmiro-barcelona/wp-content/uploads/usu741/2021/03/LOGO-3.png" alt="" width="315" height="205" srcset="https://agora.xtec.cat/ceip-joanmiro-barcelona/wp-content/uploads/usu741/2021/03/LOGO-3.png 766w, https://agora.xtec.cat/ceip-joanmiro-barcelona/wp-content/uploads/usu741/2021/03/LOGO-3-300x195.png 300w" sizes="auto, (max-width: 315px) 100vw, 315px" /></a></p>
<p style="text-align: justify;">Durant els següents anys, l&#8217;Escola Joan Miró participarà, juntament amb el CRP i altres centres de l&#8217;Eixample, en el <strong>projecte Erasmus + K101- CO-EDU</strong>. Aquest projecte consisteix a promoure l&#8217;educació des d&#8217;una perspectiva de gènere a través de pràctiques educatives innovadores europees, per tal de conèixer i transferir experiències coeducatives per Europa que reverteixin al districte. El projecte CO-EDU es centra en l&#8217;educació infantil i primària, ja que són etapes en les quals l&#8217;alumnat s&#8217;inicia en l&#8217;adquisició de valors mitjançant la interacció social.</p>
<p style="text-align: justify;">Totes i cada una de les accions que es duran a terme en aquest projecte asseguren un recorregut formatiu que nodreix des de l&#8217;arrel el treball coeducatiu, millorant, enriquint i difonent la perspectiva de gènere més enllà del marc escolar. Per aquest motiu, estem convençuts que CO-EDU promourà i enfortirà les bases d&#8217;una Europa més igualitària i encarada als reptes del segle XXI.</p>
<p style="text-align: center;"><iframe loading="lazy" src="https://www.youtube.com/embed/bRSFCVvyOIQ" width="560" height="315" frameborder="0"></iframe></p>

<p><a href="https://agora.xtec.cat/ceip-joanmiro-barcelona/wp-content/uploads/usu741/2020/10/Reliable-I.T.-Service-1.png"></a><br />
La comunitat educativa com a agent socialitzador té com a objectiu transmetre sabers i valors perquè les futures generacions sàpiguen encarar reptes socials de manera crítica, justa i equitativa. A Barcelona s&#8217;han impulsat accions que promouen un procés de renovació pedagògica en el que&hellip;  <a href="https://agora.xtec.cat/ceip-joanmiro-barcelona/lescola/projectes-descola/erasmus-co-edu/" title="Read Erasmus + CO-EDU">Llegeix més»</a></p>
