{"id":3495,"date":"2018-03-02T18:08:56","date_gmt":"2018-03-02T17:08:56","guid":{"rendered":"http:\/\/agora.xtec.cat\/ceip-joanmiro-barcelona\/?page_id=3495"},"modified":"2018-03-02T18:11:33","modified_gmt":"2018-03-02T17:11:33","slug":"radio-miro","status":"publish","type":"page","link":"https:\/\/agora.xtec.cat\/ceip-joanmiro-barcelona\/lescola\/projectes-descola\/radio-miro\/","title":{"rendered":"R\u00e0dio Mir\u00f3"},"content":{"rendered":"<p><img loading=\"lazy\" decoding=\"async\" class=\"alignnone size-full wp-image-3482\" src=\"http:\/\/agora.xtec.cat\/ceip-joanmiro-barcelona\/wp-content\/uploads\/usu741\/2018\/03\/R\u00e0dio-Mir\u00f3.jpg\" alt=\"\" width=\"851\" height=\"315\" srcset=\"https:\/\/agora.xtec.cat\/ceip-joanmiro-barcelona\/wp-content\/uploads\/usu741\/2018\/03\/R\u00e0dio-Mir\u00f3.jpg 851w, https:\/\/agora.xtec.cat\/ceip-joanmiro-barcelona\/wp-content\/uploads\/usu741\/2018\/03\/R\u00e0dio-Mir\u00f3-300x111.jpg 300w, https:\/\/agora.xtec.cat\/ceip-joanmiro-barcelona\/wp-content\/uploads\/usu741\/2018\/03\/R\u00e0dio-Mir\u00f3-768x284.jpg 768w\" sizes=\"auto, (max-width: 851px) 100vw, 851px\" \/><\/p>\n<h2>Benvinguts i benvingudes a R\u00e0dio Mir\u00f3, el taller de r\u00e0dio dels tallers de 3r.<\/h2>\n<h2>A continuaci\u00f3 podreu escoltar els nostres programes:<\/h2>\n<h5>Programa 2 : 28 de febrer de 2018<\/h5>\n<blockquote><p>Equip: Emmanuel, Joel, Ivanna, Jordi, \u00c8ric, \u00c8lia, Ronniel, Nat\u00e0lia, Miruna i Hao.<\/p>\n<p><em>(Disponible a partir del dimecres 7 de mar\u00e7 a les 16 hores).<\/em><\/p><\/blockquote>\n<h5>Programa 1: 21 de febrer de 2018<\/h5>\n<blockquote><p>Equip:\u00a0Adri\u00e0, Luca, Julia, Dylan, Maria, Leo, Joan M, Joan S, Hao i Lola.<\/p><\/blockquote>\n<!--[if lt IE 9]><script>document.createElement('audio');<\/script><![endif]-->\n<audio class=\"wp-audio-shortcode\" id=\"audio-3495-1\" preload=\"none\" style=\"width: 100%;\" controls=\"controls\"><source type=\"audio\/mpeg\" src=\"http:\/\/agora.xtec.cat\/ceip-joanmiro-barcelona\/wp-content\/uploads\/usu741\/2018\/02\/1-R\u00c0DIO-MIR\u00d3.mp3?_=1\" \/><a href=\"http:\/\/agora.xtec.cat\/ceip-joanmiro-barcelona\/wp-content\/uploads\/usu741\/2018\/02\/1-R\u00c0DIO-MIR\u00d3.mp3\">http:\/\/agora.xtec.cat\/ceip-joanmiro-barcelona\/wp-content\/uploads\/usu741\/2018\/02\/1-R\u00c0DIO-MIR\u00d3.mp3<\/a><\/audio>\n<h5><\/h5>\n<p>&nbsp;<\/p>\n","protected":false},"excerpt":{"rendered":"<p>Benvinguts i benvingudes a R\u00e0dio Mir\u00f3, el taller de r\u00e0dio dels tallers de 3r.<br \/>\nA continuaci\u00f3 podreu escoltar els nostres programes:<br \/>\nPrograma 2 : 28 de febrer de 2018<br \/>\nEquip: Emmanuel, Joel, Ivanna, Jordi, \u00c8ric, \u00c8lia, Ronniel, Nat\u00e0lia, Miruna i Hao.<br \/>\n(Disponible a partir del dimecres 7 de mar\u00e7&hellip;  <a href=\"https:\/\/agora.xtec.cat\/ceip-joanmiro-barcelona\/lescola\/projectes-descola\/radio-miro\/\" title=\"Read R\u00e0dio Mir\u00f3\">Llegeix m\u00e9s\u00bb<\/a><\/p>\n","protected":false},"author":6,"featured_media":0,"parent":288,"menu_order":0,"comment_status":"closed","ping_status":"closed","template":"","meta":{"_bbp_topic_count":0,"_bbp_reply_count":0,"_bbp_total_topic_count":0,"_bbp_total_reply_count":0,"_bbp_voice_count":0,"_bbp_anonymous_reply_count":0,"_bbp_topic_count_hidden":0,"_bbp_reply_count_hidden":0,"_bbp_forum_subforum_count":0,"footnotes":""},"class_list":["post-3495","page","type-page","status-publish","hentry"],"post_mailing_queue_ids":[],"_links":{"self":[{"href":"https:\/\/agora.xtec.cat\/ceip-joanmiro-barcelona\/wp-json\/wp\/v2\/pages\/3495","targetHints":{"allow":["GET"]}}],"collection":[{"href":"https:\/\/agora.xtec.cat\/ceip-joanmiro-barcelona\/wp-json\/wp\/v2\/pages"}],"about":[{"href":"https:\/\/agora.xtec.cat\/ceip-joanmiro-barcelona\/wp-json\/wp\/v2\/types\/page"}],"author":[{"embeddable":true,"href":"https:\/\/agora.xtec.cat\/ceip-joanmiro-barcelona\/wp-json\/wp\/v2\/users\/6"}],"replies":[{"embeddable":true,"href":"https:\/\/agora.xtec.cat\/ceip-joanmiro-barcelona\/wp-json\/wp\/v2\/comments?post=3495"}],"version-history":[{"count":3,"href":"https:\/\/agora.xtec.cat\/ceip-joanmiro-barcelona\/wp-json\/wp\/v2\/pages\/3495\/revisions"}],"predecessor-version":[{"id":3499,"href":"https:\/\/agora.xtec.cat\/ceip-joanmiro-barcelona\/wp-json\/wp\/v2\/pages\/3495\/revisions\/3499"}],"up":[{"embeddable":true,"href":"https:\/\/agora.xtec.cat\/ceip-joanmiro-barcelona\/wp-json\/wp\/v2\/pages\/288"}],"wp:attachment":[{"href":"https:\/\/agora.xtec.cat\/ceip-joanmiro-barcelona\/wp-json\/wp\/v2\/media?parent=3495"}],"curies":[{"name":"wp","href":"https:\/\/api.w.org\/{rel}","templated":true}]}}

Ràdio Miró

<p><img loading="lazy" decoding="async" class="alignnone size-full wp-image-3482" src="http://agora.xtec.cat/ceip-joanmiro-barcelona/wp-content/uploads/usu741/2018/03/Ràdio-Miró.jpg" alt="" width="851" height="315" srcset="https://agora.xtec.cat/ceip-joanmiro-barcelona/wp-content/uploads/usu741/2018/03/Ràdio-Miró.jpg 851w, https://agora.xtec.cat/ceip-joanmiro-barcelona/wp-content/uploads/usu741/2018/03/Ràdio-Miró-300x111.jpg 300w, https://agora.xtec.cat/ceip-joanmiro-barcelona/wp-content/uploads/usu741/2018/03/Ràdio-Miró-768x284.jpg 768w" sizes="auto, (max-width: 851px) 100vw, 851px" /></p>
<h2>Benvinguts i benvingudes a Ràdio Miró, el taller de ràdio dels tallers de 3r.</h2>
<h2>A continuació podreu escoltar els nostres programes:</h2>
<h5>Programa 2 : 28 de febrer de 2018</h5>
<blockquote><p>Equip: Emmanuel, Joel, Ivanna, Jordi, Èric, Èlia, Ronniel, Natàlia, Miruna i Hao.</p>
<p><em>(Disponible a partir del dimecres 7 de març a les 16 hores).</em></p></blockquote>
<h5>Programa 1: 21 de febrer de 2018</h5>
<blockquote><p>Equip: Adrià, Luca, Julia, Dylan, Maria, Leo, Joan M, Joan S, Hao i Lola.</p></blockquote>
<!--[if lt IE 9]><script>document.createElement('audio');</script><![endif]-->
<audio class="wp-audio-shortcode" id="audio-3495-1" preload="none" style="width: 100%;" controls="controls"><source type="audio/mpeg" src="http://agora.xtec.cat/ceip-joanmiro-barcelona/wp-content/uploads/usu741/2018/02/1-RÀDIO-MIRÓ.mp3?_=1" /><a href="http://agora.xtec.cat/ceip-joanmiro-barcelona/wp-content/uploads/usu741/2018/02/1-RÀDIO-MIRÓ.mp3">http://agora.xtec.cat/ceip-joanmiro-barcelona/wp-content/uploads/usu741/2018/02/1-RÀDIO-MIRÓ.mp3</a></audio>
<h5></h5>
<p>&nbsp;</p>

<p>Benvinguts i benvingudes a Ràdio Miró, el taller de ràdio dels tallers de 3r.<br />
A continuació podreu escoltar els nostres programes:<br />
Programa 2 : 28 de febrer de 2018<br />
Equip: Emmanuel, Joel, Ivanna, Jordi, Èric, Èlia, Ronniel, Natàlia, Miruna i Hao.<br />
(Disponible a partir del dimecres 7 de març&hellip;  <a href="https://agora.xtec.cat/ceip-joanmiro-barcelona/lescola/projectes-descola/radio-miro/" title="Read Ràdio Miró">Llegeix més»</a></p>
