{"id":26,"date":"2015-12-10T11:24:32","date_gmt":"2015-12-10T10:24:32","guid":{"rendered":"http:\/\/agora.xtec.cat\/ceip-joanmiro-barcelona\/?page_id=26"},"modified":"2023-07-11T12:59:32","modified_gmt":"2023-07-11T10:59:32","slug":"historia","status":"publish","type":"page","link":"https:\/\/agora.xtec.cat\/ceip-joanmiro-barcelona\/lescola\/historia\/","title":{"rendered":"Hist\u00f2ria"},"content":{"rendered":"<p><b><span style=\"font-family: 'trebuchet ms', sans-serif;\"><a href=\"https:\/\/drive.google.com\/file\/d\/0B3YdKNDcVy-LNG0xTTFNVmlCWHM\/view\"><img loading=\"lazy\" decoding=\"async\" class=\"alignnone wp-image-320 alignright\" src=\"http:\/\/agora.xtec.cat\/ceip-joanmiro-barcelona\/wp-content\/uploads\/usu741\/2015\/12\/25anys.jpg\" alt=\"25anys\" width=\"190\" height=\"227\" \/><\/a><\/span><\/b><\/p>\n<p style=\"text-align: justify; line-height: 150%;\"><b><span style=\"font-family: 'Arial','sans-serif';\">L\u2019escola p\u00fablica Joan Mir\u00f3 funciona des del setembre del curs 1986 -1987, fruit de la col\u00b7laboraci\u00f3\u00a0entre l&#8217;Ajuntament de Barcelona i el Departament d&#8217;Ensenyament de la Generalitat de Catalunya,\u00a0que havia recuperat feia poc les seves compet\u00e8ncies (aquest centre va formar part del primer\u00a0grup de noves construccions que assumia a la ciutat).<\/span><\/b><\/p>\n<p style=\"text-align: justify; line-height: 150%;\"><span style=\"font-family: 'Arial','sans-serif';\">L&#8217;Escola est\u00e0 situada a la cantonada dels carrers d\u2019Enten\u00e7a i Diputaci\u00f3, en una zona extrema de\u00a0l&#8217;Eixample barcelon\u00ed, a cavall entre els barris de l&#8217;Esquerra de l&#8217;Eixample i Sant Antoni. Ocupa\u00a0una part del solar d&#8217;unes antigues cotxeres de tramvies.<\/span><\/p>\n<p style=\"text-align: justify; line-height: 150%;\"><span style=\"font-family: 'Arial','sans-serif';\">La nova escola va respondre a una doble reivindicaci\u00f3 ciutadana: la de l&#8217;Associaci\u00f3 de Ve\u00efns del\u00a0barri de l&#8217;Esquerra de l&#8217;Eixample, que plantejava la necessitat de construir una escola p\u00fablica en\u00a0aquesta zona, i la de la ve\u00efna Escola Elaia, que era una de les cooperatives\u00a0escolars que formava part del Col\u00b7lectiu d&#8217;Escoles per l&#8217;Escola P\u00fablica (CEPEPC), en lluita per aconseguir, amb el canvi\u00a0democr\u00e0tic, una\u00a0\u00e0mplia xarxa d&#8217;escola p\u00fablica, catalana i de qualitat.<\/span><\/p>\n<p style=\"text-align: justify; line-height: 150%;\"><span style=\"font-family: 'Arial','sans-serif';\">L&#8217;escola forma part d&#8217;un complex d&#8217;equipaments p\u00fablics educatius i esportius amb l&#8217;institut de\u00a0Secund\u00e0ria Ernest Lluch i el Poliesportiu Joan Mir\u00f3, els tres situats a la mateixa illa de cases.\u00a0El parc de l&#8217;antic Escorxador, amb la biblioteca Joan Mir\u00f3, i el proper centre c\u00edvic de Golferichs,\u00a0s\u00f3n altres exemples de la xarxa d\u2019equipaments de barri existent, fruit de la transformaci\u00f3\u00a0produ\u00efda en aquests anys.<\/span><\/p>\n<p style=\"text-align: justify; line-height: 150%;\"><span style=\"font-family: 'Arial','sans-serif';\">De l\u2019escola Joan Mir\u00f3 n\u2019\u00e9s titular el Departament d&#8217;Educaci\u00f3 de la Generalitat de Catalunya,\u00a0per\u00f2 el solar i l&#8217;edifici s\u00f3n propietat de l&#8217;Ajuntament de Barcelona, que \u00e9s qui en t\u00e9 les\u00a0compet\u00e8ncies de manteniment. Un i altre en fan una gesti\u00f3 conjunta des del nou Consorci\u00a0d\u2019Educaci\u00f3 de Barcelona creat amb l\u2019aprovaci\u00f3 de la Carta Municipal de la ciutat.<\/span><\/p>\n<p style=\"text-align: justify; line-height: 150%;\"><strong><span style=\"font-family: 'Arial','sans-serif';\">Cliqueu a la imatge del 25 aniversari per veure un petit documental sobre l&#8217;escola.<\/span><\/strong><\/p>\n<p style=\"text-align: justify;\">\n<p style=\"text-align: justify;\">\n","protected":false},"excerpt":{"rendered":"<p><a href=\"https:\/\/drive.google.com\/file\/d\/0B3YdKNDcVy-LNG0xTTFNVmlCWHM\/view\"><\/a><br \/>\nL\u2019escola p\u00fablica Joan Mir\u00f3 funciona des del setembre del curs 1986 -1987, fruit de la col\u00b7laboraci\u00f3\u00a0entre l&#8217;Ajuntament de Barcelona i el Departament d&#8217;Ensenyament de la Generalitat de Catalunya,\u00a0que havia recuperat feia poc les seves compet\u00e8ncies (aquest centre va formar part del primer\u00a0grup de noves&hellip;  <a href=\"https:\/\/agora.xtec.cat\/ceip-joanmiro-barcelona\/lescola\/historia\/\" title=\"Read Hist\u00f2ria\">Llegeix m\u00e9s\u00bb<\/a><\/p>\n","protected":false},"author":1,"featured_media":0,"parent":22,"menu_order":30,"comment_status":"closed","ping_status":"closed","template":"page-templates\/side-menu.php","meta":{"_bbp_topic_count":0,"_bbp_reply_count":0,"_bbp_total_topic_count":0,"_bbp_total_reply_count":0,"_bbp_voice_count":0,"_bbp_anonymous_reply_count":0,"_bbp_topic_count_hidden":0,"_bbp_reply_count_hidden":0,"_bbp_forum_subforum_count":0,"footnotes":""},"class_list":["post-26","page","type-page","status-publish","hentry"],"post_mailing_queue_ids":[],"_links":{"self":[{"href":"https:\/\/agora.xtec.cat\/ceip-joanmiro-barcelona\/wp-json\/wp\/v2\/pages\/26","targetHints":{"allow":["GET"]}}],"collection":[{"href":"https:\/\/agora.xtec.cat\/ceip-joanmiro-barcelona\/wp-json\/wp\/v2\/pages"}],"about":[{"href":"https:\/\/agora.xtec.cat\/ceip-joanmiro-barcelona\/wp-json\/wp\/v2\/types\/page"}],"author":[{"embeddable":true,"href":"https:\/\/agora.xtec.cat\/ceip-joanmiro-barcelona\/wp-json\/wp\/v2\/users\/1"}],"replies":[{"embeddable":true,"href":"https:\/\/agora.xtec.cat\/ceip-joanmiro-barcelona\/wp-json\/wp\/v2\/comments?post=26"}],"version-history":[{"count":4,"href":"https:\/\/agora.xtec.cat\/ceip-joanmiro-barcelona\/wp-json\/wp\/v2\/pages\/26\/revisions"}],"predecessor-version":[{"id":11087,"href":"https:\/\/agora.xtec.cat\/ceip-joanmiro-barcelona\/wp-json\/wp\/v2\/pages\/26\/revisions\/11087"}],"up":[{"embeddable":true,"href":"https:\/\/agora.xtec.cat\/ceip-joanmiro-barcelona\/wp-json\/wp\/v2\/pages\/22"}],"wp:attachment":[{"href":"https:\/\/agora.xtec.cat\/ceip-joanmiro-barcelona\/wp-json\/wp\/v2\/media?parent=26"}],"curies":[{"name":"wp","href":"https:\/\/api.w.org\/{rel}","templated":true}]}}