{"id":12434,"date":"2025-01-29T17:31:47","date_gmt":"2025-01-29T16:31:47","guid":{"rendered":"https:\/\/agora.xtec.cat\/ceip-joanmiro-barcelona\/?page_id=12434"},"modified":"2025-06-05T17:02:41","modified_gmt":"2025-06-05T15:02:41","slug":"erasmus-zoom-out","status":"publish","type":"page","link":"https:\/\/agora.xtec.cat\/ceip-joanmiro-barcelona\/lescola\/projectes-descola\/erasmus-zoom-out\/","title":{"rendered":"Erasmus ZOOM OUT"},"content":{"rendered":"<p><img loading=\"lazy\" decoding=\"async\" class=\"wp-image-12447 alignleft\" src=\"https:\/\/agora.xtec.cat\/ceip-joanmiro-barcelona\/wp-content\/uploads\/usu741\/2025\/01\/Zoom-Out_LogoColor-pic-payoff.png\" alt=\"\" width=\"138\" height=\"138\" srcset=\"https:\/\/agora.xtec.cat\/ceip-joanmiro-barcelona\/wp-content\/uploads\/usu741\/2025\/01\/Zoom-Out_LogoColor-pic-payoff.png 283w, https:\/\/agora.xtec.cat\/ceip-joanmiro-barcelona\/wp-content\/uploads\/usu741\/2025\/01\/Zoom-Out_LogoColor-pic-payoff-150x150.png 150w\" sizes=\"auto, (max-width: 138px) 100vw, 138px\" \/><strong>Zoom Out<\/strong> \u00e9s un projecte finan\u00e7at per <strong>Erasmus+<\/strong> que busca fomentar el <strong>pensament cr\u00edtic<\/strong> mitjan\u00e7ant l\u2019an\u00e0lisi de la <strong>literatura infantil<\/strong> europea des d\u2019una <strong>perspectiva interseccional<\/strong>. L\u2019objectiu \u00e9s promoure la cohesi\u00f3 ciutadana, la consci\u00e8ncia cultural i les habilitats d\u2019alfabetitzaci\u00f3 tant en alumnat com en professorat.<\/p>\n<p>El projecte c<span style=\"font-family: inherit; font-size: 1em;\">omp<\/span>ta amb la participaci\u00f3 de 9 socis de 4 pa\u00efsos diferents (Espanya, Cro\u00e0cia, It\u00e0lia i Pol\u00f2nia) i proporciona recursos educatius per desenvolupar habilitats socials i interculturals. A m\u00e9s, pret\u00e9n conscie<span style=\"font-family: inherit; font-size: 1em;\">nciar sobre <\/span><span style=\"font-family: inherit; font-size: 1em;\">la inclusi\u00f3 i la diversitat<\/span><span style=\"font-family: inherit; font-size: 1em;\"> dins l\u2019\u00e0mbit educatiu.<\/span><\/p>\n<p>La nostra escola, Joan Mir\u00f3, forma part del projecte des del curs 2023-2024. Durant aquest per\u00edode, el professorat ha rebut formaci\u00f3 espec\u00edfica i s&#8217;han realitzat tallers a les aules per promoure el pensament cr\u00edtic en la literatura infantil des d\u2019una perspectiva interseccional.<\/p>\n<p>Aquest curs 2024-2025, continuem implicats en el projecte, col\u00b7laborant en l&#8217;elaboraci\u00f3 d&#8217;un manual pedag\u00f2gic que permetr\u00e0 compartir activitats i metodologies amb altres docents.<\/p>\n<p>Aquesta \u00e9s la <a href=\"https:\/\/www.zoomoutproject.eu\/\">p\u00e0gina web<\/a>.<\/p>\n<p><img loading=\"lazy\" decoding=\"async\" class=\"alignnone wp-image-12448 alignleft\" src=\"https:\/\/agora.xtec.cat\/ceip-joanmiro-barcelona\/wp-content\/uploads\/usu741\/2025\/01\/1738167817518-1-1024x768.jpg\" alt=\"\" width=\"495\" height=\"371\" srcset=\"https:\/\/agora.xtec.cat\/ceip-joanmiro-barcelona\/wp-content\/uploads\/usu741\/2025\/01\/1738167817518-1-1024x768.jpg 1024w, https:\/\/agora.xtec.cat\/ceip-joanmiro-barcelona\/wp-content\/uploads\/usu741\/2025\/01\/1738167817518-1-300x225.jpg 300w, https:\/\/agora.xtec.cat\/ceip-joanmiro-barcelona\/wp-content\/uploads\/usu741\/2025\/01\/1738167817518-1-768x576.jpg 768w, https:\/\/agora.xtec.cat\/ceip-joanmiro-barcelona\/wp-content\/uploads\/usu741\/2025\/01\/1738167817518-1-1536x1152.jpg 1536w, https:\/\/agora.xtec.cat\/ceip-joanmiro-barcelona\/wp-content\/uploads\/usu741\/2025\/01\/1738167817518-1-2048x1536.jpg 2048w, https:\/\/agora.xtec.cat\/ceip-joanmiro-barcelona\/wp-content\/uploads\/usu741\/2025\/01\/1738167817518-1-200x150.jpg 200w\" sizes=\"auto, (max-width: 495px) 100vw, 495px\" \/> <img loading=\"lazy\" decoding=\"async\" class=\"alignnone wp-image-12449 alignleft\" src=\"https:\/\/agora.xtec.cat\/ceip-joanmiro-barcelona\/wp-content\/uploads\/usu741\/2025\/01\/1738167854030-2-scaled-e1738168072424-1024x768.jpg\" alt=\"\" width=\"494\" height=\"371\" srcset=\"https:\/\/agora.xtec.cat\/ceip-joanmiro-barcelona\/wp-content\/uploads\/usu741\/2025\/01\/1738167854030-2-scaled-e1738168072424-1024x768.jpg 1024w, https:\/\/agora.xtec.cat\/ceip-joanmiro-barcelona\/wp-content\/uploads\/usu741\/2025\/01\/1738167854030-2-scaled-e1738168072424-300x225.jpg 300w, https:\/\/agora.xtec.cat\/ceip-joanmiro-barcelona\/wp-content\/uploads\/usu741\/2025\/01\/1738167854030-2-scaled-e1738168072424-768x576.jpg 768w, https:\/\/agora.xtec.cat\/ceip-joanmiro-barcelona\/wp-content\/uploads\/usu741\/2025\/01\/1738167854030-2-scaled-e1738168072424-1536x1152.jpg 1536w, https:\/\/agora.xtec.cat\/ceip-joanmiro-barcelona\/wp-content\/uploads\/usu741\/2025\/01\/1738167854030-2-scaled-e1738168072424-2048x1536.jpg 2048w, https:\/\/agora.xtec.cat\/ceip-joanmiro-barcelona\/wp-content\/uploads\/usu741\/2025\/01\/1738167854030-2-scaled-e1738168072424-200x150.jpg 200w\" sizes=\"auto, (max-width: 494px) 100vw, 494px\" \/><\/p>\n<p>&nbsp;<\/p>\n<p>&nbsp;<\/p>\n","protected":false},"excerpt":{"rendered":"<p>Zoom Out \u00e9s un projecte finan\u00e7at per Erasmus+ que busca fomentar el pensament cr\u00edtic mitjan\u00e7ant l\u2019an\u00e0lisi de la literatura infantil europea des d\u2019una perspectiva interseccional. L\u2019objectiu \u00e9s promoure la cohesi\u00f3 ciutadana, la consci\u00e8ncia cultural i les habilitats d\u2019alfabetitzaci\u00f3 tant en alumnat com en professorat.<br \/>\nEl projecte&hellip;  <a href=\"https:\/\/agora.xtec.cat\/ceip-joanmiro-barcelona\/lescola\/projectes-descola\/erasmus-zoom-out\/\" title=\"Read Erasmus ZOOM OUT\">Llegeix m\u00e9s\u00bb<\/a><\/p>\n","protected":false},"author":31,"featured_media":0,"parent":288,"menu_order":0,"comment_status":"closed","ping_status":"closed","template":"","meta":{"_bbp_topic_count":0,"_bbp_reply_count":0,"_bbp_total_topic_count":0,"_bbp_total_reply_count":0,"_bbp_voice_count":0,"_bbp_anonymous_reply_count":0,"_bbp_topic_count_hidden":0,"_bbp_reply_count_hidden":0,"_bbp_forum_subforum_count":0,"footnotes":""},"class_list":["post-12434","page","type-page","status-publish","hentry"],"post_mailing_queue_ids":[],"_links":{"self":[{"href":"https:\/\/agora.xtec.cat\/ceip-joanmiro-barcelona\/wp-json\/wp\/v2\/pages\/12434","targetHints":{"allow":["GET"]}}],"collection":[{"href":"https:\/\/agora.xtec.cat\/ceip-joanmiro-barcelona\/wp-json\/wp\/v2\/pages"}],"about":[{"href":"https:\/\/agora.xtec.cat\/ceip-joanmiro-barcelona\/wp-json\/wp\/v2\/types\/page"}],"author":[{"embeddable":true,"href":"https:\/\/agora.xtec.cat\/ceip-joanmiro-barcelona\/wp-json\/wp\/v2\/users\/31"}],"replies":[{"embeddable":true,"href":"https:\/\/agora.xtec.cat\/ceip-joanmiro-barcelona\/wp-json\/wp\/v2\/comments?post=12434"}],"version-history":[{"count":2,"href":"https:\/\/agora.xtec.cat\/ceip-joanmiro-barcelona\/wp-json\/wp\/v2\/pages\/12434\/revisions"}],"predecessor-version":[{"id":12452,"href":"https:\/\/agora.xtec.cat\/ceip-joanmiro-barcelona\/wp-json\/wp\/v2\/pages\/12434\/revisions\/12452"}],"up":[{"embeddable":true,"href":"https:\/\/agora.xtec.cat\/ceip-joanmiro-barcelona\/wp-json\/wp\/v2\/pages\/288"}],"wp:attachment":[{"href":"https:\/\/agora.xtec.cat\/ceip-joanmiro-barcelona\/wp-json\/wp\/v2\/media?parent=12434"}],"curies":[{"name":"wp","href":"https:\/\/api.w.org\/{rel}","templated":true}]}}

<p><img loading="lazy" decoding="async" class="wp-image-12447 alignleft" src="https://agora.xtec.cat/ceip-joanmiro-barcelona/wp-content/uploads/usu741/2025/01/Zoom-Out_LogoColor-pic-payoff.png" alt="" width="138" height="138" srcset="https://agora.xtec.cat/ceip-joanmiro-barcelona/wp-content/uploads/usu741/2025/01/Zoom-Out_LogoColor-pic-payoff.png 283w, https://agora.xtec.cat/ceip-joanmiro-barcelona/wp-content/uploads/usu741/2025/01/Zoom-Out_LogoColor-pic-payoff-150x150.png 150w" sizes="auto, (max-width: 138px) 100vw, 138px" /><strong>Zoom Out</strong> és un projecte finançat per <strong>Erasmus+</strong> que busca fomentar el <strong>pensament crític</strong> mitjançant l’anàlisi de la <strong>literatura infantil</strong> europea des d’una <strong>perspectiva interseccional</strong>. L’objectiu és promoure la cohesió ciutadana, la consciència cultural i les habilitats d’alfabetització tant en alumnat com en professorat.</p>
<p>El projecte c<span style="font-family: inherit; font-size: 1em;">omp</span>ta amb la participació de 9 socis de 4 països diferents (Espanya, Croàcia, Itàlia i Polònia) i proporciona recursos educatius per desenvolupar habilitats socials i interculturals. A més, pretén conscie<span style="font-family: inherit; font-size: 1em;">nciar sobre </span><span style="font-family: inherit; font-size: 1em;">la inclusió i la diversitat</span><span style="font-family: inherit; font-size: 1em;"> dins l’àmbit educatiu.</span></p>
<p>La nostra escola, Joan Miró, forma part del projecte des del curs 2023-2024. Durant aquest període, el professorat ha rebut formació específica i s&#8217;han realitzat tallers a les aules per promoure el pensament crític en la literatura infantil des d’una perspectiva interseccional.</p>
<p>Aquest curs 2024-2025, continuem implicats en el projecte, col·laborant en l&#8217;elaboració d&#8217;un manual pedagògic que permetrà compartir activitats i metodologies amb altres docents.</p>
<p>Aquesta és la <a href="https://www.zoomoutproject.eu/">pàgina web</a>.</p>
<p><img loading="lazy" decoding="async" class="alignnone wp-image-12448 alignleft" src="https://agora.xtec.cat/ceip-joanmiro-barcelona/wp-content/uploads/usu741/2025/01/1738167817518-1-1024x768.jpg" alt="" width="495" height="371" srcset="https://agora.xtec.cat/ceip-joanmiro-barcelona/wp-content/uploads/usu741/2025/01/1738167817518-1-1024x768.jpg 1024w, https://agora.xtec.cat/ceip-joanmiro-barcelona/wp-content/uploads/usu741/2025/01/1738167817518-1-300x225.jpg 300w, https://agora.xtec.cat/ceip-joanmiro-barcelona/wp-content/uploads/usu741/2025/01/1738167817518-1-768x576.jpg 768w, https://agora.xtec.cat/ceip-joanmiro-barcelona/wp-content/uploads/usu741/2025/01/1738167817518-1-1536x1152.jpg 1536w, https://agora.xtec.cat/ceip-joanmiro-barcelona/wp-content/uploads/usu741/2025/01/1738167817518-1-2048x1536.jpg 2048w, https://agora.xtec.cat/ceip-joanmiro-barcelona/wp-content/uploads/usu741/2025/01/1738167817518-1-200x150.jpg 200w" sizes="auto, (max-width: 495px) 100vw, 495px" /> <img loading="lazy" decoding="async" class="alignnone wp-image-12449 alignleft" src="https://agora.xtec.cat/ceip-joanmiro-barcelona/wp-content/uploads/usu741/2025/01/1738167854030-2-scaled-e1738168072424-1024x768.jpg" alt="" width="494" height="371" srcset="https://agora.xtec.cat/ceip-joanmiro-barcelona/wp-content/uploads/usu741/2025/01/1738167854030-2-scaled-e1738168072424-1024x768.jpg 1024w, https://agora.xtec.cat/ceip-joanmiro-barcelona/wp-content/uploads/usu741/2025/01/1738167854030-2-scaled-e1738168072424-300x225.jpg 300w, https://agora.xtec.cat/ceip-joanmiro-barcelona/wp-content/uploads/usu741/2025/01/1738167854030-2-scaled-e1738168072424-768x576.jpg 768w, https://agora.xtec.cat/ceip-joanmiro-barcelona/wp-content/uploads/usu741/2025/01/1738167854030-2-scaled-e1738168072424-1536x1152.jpg 1536w, https://agora.xtec.cat/ceip-joanmiro-barcelona/wp-content/uploads/usu741/2025/01/1738167854030-2-scaled-e1738168072424-2048x1536.jpg 2048w, https://agora.xtec.cat/ceip-joanmiro-barcelona/wp-content/uploads/usu741/2025/01/1738167854030-2-scaled-e1738168072424-200x150.jpg 200w" sizes="auto, (max-width: 494px) 100vw, 494px" /></p>
<p>&nbsp;</p>
<p>&nbsp;</p>

<p>Zoom Out és un projecte finançat per Erasmus+ que busca fomentar el pensament crític mitjançant l’anàlisi de la literatura infantil europea des d’una perspectiva interseccional. L’objectiu és promoure la cohesió ciutadana, la consciència cultural i les habilitats d’alfabetització tant en alumnat com en professorat.<br />
El projecte&hellip;  <a href="https://agora.xtec.cat/ceip-joanmiro-barcelona/lescola/projectes-descola/erasmus-zoom-out/" title="Read Erasmus ZOOM OUT">Llegeix més»</a></p>
