{"id":12403,"date":"2025-01-25T13:32:13","date_gmt":"2025-01-25T12:32:13","guid":{"rendered":"https:\/\/agora.xtec.cat\/ceip-joanmiro-barcelona\/?page_id=12403"},"modified":"2025-03-12T20:20:29","modified_gmt":"2025-03-12T19:20:29","slug":"enfocament-restauratiu","status":"publish","type":"page","link":"https:\/\/agora.xtec.cat\/ceip-joanmiro-barcelona\/enfocament-restauratiu\/","title":{"rendered":"Enfocament restauratiu"},"content":{"rendered":"<p><a href=\"https:\/\/agora.xtec.cat\/ceip-joanmiro-barcelona\/wp-content\/uploads\/usu741\/2025\/01\/Piramide-ERG-e1708638563894.png\"><img loading=\"lazy\" decoding=\"async\" class=\"size-full wp-image-12405 alignleft\" src=\"https:\/\/agora.xtec.cat\/ceip-joanmiro-barcelona\/wp-content\/uploads\/usu741\/2025\/01\/Piramide-ERG-e1708638563894.png\" alt=\"\" width=\"235\" height=\"237\" srcset=\"https:\/\/agora.xtec.cat\/ceip-joanmiro-barcelona\/wp-content\/uploads\/usu741\/2025\/01\/Piramide-ERG-e1708638563894.png 235w, https:\/\/agora.xtec.cat\/ceip-joanmiro-barcelona\/wp-content\/uploads\/usu741\/2025\/01\/Piramide-ERG-e1708638563894-150x150.png 150w\" sizes=\"auto, (max-width: 235px) 100vw, 235px\" \/><\/a><\/p>\n<p>El programa d&#8217;innovaci\u00f3 pedag\u00f2gica\u00a0<strong><a title=\"Enfocament Restauratiu Global\u00a0(ERG)\" href=\"https:\/\/projectes.xtec.cat\/convivenciapositiva\/categoria\/enfocament-restauratiu\/\" target=\"_blank\" rel=\"noopener\">Enfocament Restauratiu Global\u00a0(ERG)<\/a><\/strong>\u00a0<strong>proporciona a la nostra escola els recursos i formaci\u00f3 per promoure la necessitat de canvi cap a una comunitat educativa restaurativa tenint en compte els valors i principis de l&#8217;Enfocament Restauratiu Global,<\/strong>\u00a0les noves habilitats a aprendre per construir relacions i crear comunitat, donar resposta positiva al conflicte, reparar danys i restaurar relacions definint els elements estructurals i organitzatius dins del projecte de conviv\u00e8ncia de centre.<\/p>\n<p>Des del curs passat hem introdu\u00eft cercles de di\u00e0leg a tots els nivells de prim\u00e0ria, un espai setmanal on tots els membres d&#8217;un grup tenen l&#8217;oportunitat de parlar i escoltar-se m\u00fatuament, de manera respectuosa i igualit\u00e0ria. Aquesta metodologia ajuda a millorar les habilitats socials i emocionals dels infants, a la vegada que refor\u00e7a els vincles dins del grup. El seu objectiu \u00e9s crear un ambient on es fomentin la responsabilitat compartida i la confian\u00e7a, i permeti tractar temes de manera profunda mentre es fomenta la cohesi\u00f3 entre els membres del grup. En aquest espai tamb\u00e9 es treballen les necessitats i les emocions dels infants. Tamb\u00e9 l&#8217;alumnat disposa d&#8217;una franja hor\u00e0ria per realitzar tutories individualitzades amb la seva persona tutora, ajudant-nos de les cartes d&#8217;emocions i necessitats per afavorir l&#8217;alfabetitzaci\u00f3 emocional.<\/p>\n<p>Aquest curs 2024-2025 s&#8217;han generat cercles de di\u00e0leg a les reunions d&#8217;inici de curs amb les fam\u00edlies per compartir la metodologia de treball i compartir els valors, els principis i l&#8217;actitud de la pir\u00e0mide restaurativa. A m\u00e9s a m\u00e9s del que ja es va introduir el curs passat, l&#8217;equip docent s&#8217;ha format i hem treballat amb els infants la Comunicaci\u00f3 no-violenta amb el llenguatge girafa. S&#8217;ha creat l&#8217;espai girafa.<\/p>\n<p><a href=\"https:\/\/agora.xtec.cat\/ceip-joanmiro-barcelona\/wp-content\/uploads\/usu741\/2025\/01\/Piramide-ERG.png\"><img loading=\"lazy\" decoding=\"async\" class=\"wp-image-12404 alignleft\" src=\"https:\/\/agora.xtec.cat\/ceip-joanmiro-barcelona\/wp-content\/uploads\/usu741\/2025\/01\/Piramide-ERG-768x1024.png\" alt=\"\" width=\"347\" height=\"463\" srcset=\"https:\/\/agora.xtec.cat\/ceip-joanmiro-barcelona\/wp-content\/uploads\/usu741\/2025\/01\/Piramide-ERG-768x1024.png 768w, https:\/\/agora.xtec.cat\/ceip-joanmiro-barcelona\/wp-content\/uploads\/usu741\/2025\/01\/Piramide-ERG-225x300.png 225w, https:\/\/agora.xtec.cat\/ceip-joanmiro-barcelona\/wp-content\/uploads\/usu741\/2025\/01\/Piramide-ERG-1152x1536.png 1152w, https:\/\/agora.xtec.cat\/ceip-joanmiro-barcelona\/wp-content\/uploads\/usu741\/2025\/01\/Piramide-ERG-1536x2048.png 1536w, https:\/\/agora.xtec.cat\/ceip-joanmiro-barcelona\/wp-content\/uploads\/usu741\/2025\/01\/Piramide-ERG.png 1728w\" sizes=\"auto, (max-width: 347px) 100vw, 347px\" \/><img loading=\"lazy\" decoding=\"async\" class=\"wp-image-12429 alignleft\" src=\"https:\/\/agora.xtec.cat\/ceip-joanmiro-barcelona\/wp-content\/uploads\/usu741\/2025\/01\/1738053489876-1-1024x768.jpg\" alt=\"\" width=\"610\" height=\"457\" srcset=\"https:\/\/agora.xtec.cat\/ceip-joanmiro-barcelona\/wp-content\/uploads\/usu741\/2025\/01\/1738053489876-1-1024x768.jpg 1024w, https:\/\/agora.xtec.cat\/ceip-joanmiro-barcelona\/wp-content\/uploads\/usu741\/2025\/01\/1738053489876-1-300x225.jpg 300w, https:\/\/agora.xtec.cat\/ceip-joanmiro-barcelona\/wp-content\/uploads\/usu741\/2025\/01\/1738053489876-1-768x576.jpg 768w, https:\/\/agora.xtec.cat\/ceip-joanmiro-barcelona\/wp-content\/uploads\/usu741\/2025\/01\/1738053489876-1-1536x1152.jpg 1536w, https:\/\/agora.xtec.cat\/ceip-joanmiro-barcelona\/wp-content\/uploads\/usu741\/2025\/01\/1738053489876-1-2048x1536.jpg 2048w, https:\/\/agora.xtec.cat\/ceip-joanmiro-barcelona\/wp-content\/uploads\/usu741\/2025\/01\/1738053489876-1-200x150.jpg 200w\" sizes=\"auto, (max-width: 610px) 100vw, 610px\" \/><\/a><\/p>\n","protected":false},"excerpt":{"rendered":"<p><a href=\"https:\/\/agora.xtec.cat\/ceip-joanmiro-barcelona\/wp-content\/uploads\/usu741\/2025\/01\/Piramide-ERG-e1708638563894.png\"><\/a><br \/>\nEl programa d&#8217;innovaci\u00f3 pedag\u00f2gica\u00a0<a title=\"Enfocament Restauratiu Global\u00a0(ERG)\" href=\"https:\/\/projectes.xtec.cat\/convivenciapositiva\/categoria\/enfocament-restauratiu\/\" target=\"_blank\" rel=\"noopener\">Enfocament Restauratiu Global\u00a0(ERG)<\/a>\u00a0proporciona a la nostra escola els recursos i formaci\u00f3 per promoure la necessitat de canvi cap a una comunitat educativa restaurativa tenint en compte els valors i principis de l&#8217;Enfocament Restauratiu Global,\u00a0les noves&hellip;  <a href=\"https:\/\/agora.xtec.cat\/ceip-joanmiro-barcelona\/enfocament-restauratiu\/\" title=\"Read Enfocament restauratiu\">Llegeix m\u00e9s\u00bb<\/a><\/p>\n","protected":false},"author":50,"featured_media":0,"parent":0,"menu_order":0,"comment_status":"closed","ping_status":"closed","template":"","meta":{"_bbp_topic_count":0,"_bbp_reply_count":0,"_bbp_total_topic_count":0,"_bbp_total_reply_count":0,"_bbp_voice_count":0,"_bbp_anonymous_reply_count":0,"_bbp_topic_count_hidden":0,"_bbp_reply_count_hidden":0,"_bbp_forum_subforum_count":0,"footnotes":""},"class_list":["post-12403","page","type-page","status-publish","hentry"],"post_mailing_queue_ids":[],"_links":{"self":[{"href":"https:\/\/agora.xtec.cat\/ceip-joanmiro-barcelona\/wp-json\/wp\/v2\/pages\/12403","targetHints":{"allow":["GET"]}}],"collection":[{"href":"https:\/\/agora.xtec.cat\/ceip-joanmiro-barcelona\/wp-json\/wp\/v2\/pages"}],"about":[{"href":"https:\/\/agora.xtec.cat\/ceip-joanmiro-barcelona\/wp-json\/wp\/v2\/types\/page"}],"author":[{"embeddable":true,"href":"https:\/\/agora.xtec.cat\/ceip-joanmiro-barcelona\/wp-json\/wp\/v2\/users\/50"}],"replies":[{"embeddable":true,"href":"https:\/\/agora.xtec.cat\/ceip-joanmiro-barcelona\/wp-json\/wp\/v2\/comments?post=12403"}],"version-history":[{"count":4,"href":"https:\/\/agora.xtec.cat\/ceip-joanmiro-barcelona\/wp-json\/wp\/v2\/pages\/12403\/revisions"}],"predecessor-version":[{"id":12543,"href":"https:\/\/agora.xtec.cat\/ceip-joanmiro-barcelona\/wp-json\/wp\/v2\/pages\/12403\/revisions\/12543"}],"wp:attachment":[{"href":"https:\/\/agora.xtec.cat\/ceip-joanmiro-barcelona\/wp-json\/wp\/v2\/media?parent=12403"}],"curies":[{"name":"wp","href":"https:\/\/api.w.org\/{rel}","templated":true}]}}

<p><a href="https://agora.xtec.cat/ceip-joanmiro-barcelona/wp-content/uploads/usu741/2025/01/Piramide-ERG-e1708638563894.png"><img loading="lazy" decoding="async" class="size-full wp-image-12405 alignleft" src="https://agora.xtec.cat/ceip-joanmiro-barcelona/wp-content/uploads/usu741/2025/01/Piramide-ERG-e1708638563894.png" alt="" width="235" height="237" srcset="https://agora.xtec.cat/ceip-joanmiro-barcelona/wp-content/uploads/usu741/2025/01/Piramide-ERG-e1708638563894.png 235w, https://agora.xtec.cat/ceip-joanmiro-barcelona/wp-content/uploads/usu741/2025/01/Piramide-ERG-e1708638563894-150x150.png 150w" sizes="auto, (max-width: 235px) 100vw, 235px" /></a></p>
<p>El programa d&#8217;innovació pedagògica <strong><a title="Enfocament Restauratiu Global (ERG)" href="https://projectes.xtec.cat/convivenciapositiva/categoria/enfocament-restauratiu/" target="_blank" rel="noopener">Enfocament Restauratiu Global (ERG)</a></strong> <strong>proporciona a la nostra escola els recursos i formació per promoure la necessitat de canvi cap a una comunitat educativa restaurativa tenint en compte els valors i principis de l&#8217;Enfocament Restauratiu Global,</strong> les noves habilitats a aprendre per construir relacions i crear comunitat, donar resposta positiva al conflicte, reparar danys i restaurar relacions definint els elements estructurals i organitzatius dins del projecte de convivència de centre.</p>
<p>Des del curs passat hem introduït cercles de diàleg a tots els nivells de primària, un espai setmanal on tots els membres d&#8217;un grup tenen l&#8217;oportunitat de parlar i escoltar-se mútuament, de manera respectuosa i igualitària. Aquesta metodologia ajuda a millorar les habilitats socials i emocionals dels infants, a la vegada que reforça els vincles dins del grup. El seu objectiu és crear un ambient on es fomentin la responsabilitat compartida i la confiança, i permeti tractar temes de manera profunda mentre es fomenta la cohesió entre els membres del grup. En aquest espai també es treballen les necessitats i les emocions dels infants. També l&#8217;alumnat disposa d&#8217;una franja horària per realitzar tutories individualitzades amb la seva persona tutora, ajudant-nos de les cartes d&#8217;emocions i necessitats per afavorir l&#8217;alfabetització emocional.</p>
<p>Aquest curs 2024-2025 s&#8217;han generat cercles de diàleg a les reunions d&#8217;inici de curs amb les famílies per compartir la metodologia de treball i compartir els valors, els principis i l&#8217;actitud de la piràmide restaurativa. A més a més del que ja es va introduir el curs passat, l&#8217;equip docent s&#8217;ha format i hem treballat amb els infants la Comunicació no-violenta amb el llenguatge girafa. S&#8217;ha creat l&#8217;espai girafa.</p>
<p><a href="https://agora.xtec.cat/ceip-joanmiro-barcelona/wp-content/uploads/usu741/2025/01/Piramide-ERG.png"><img loading="lazy" decoding="async" class="wp-image-12404 alignleft" src="https://agora.xtec.cat/ceip-joanmiro-barcelona/wp-content/uploads/usu741/2025/01/Piramide-ERG-768x1024.png" alt="" width="347" height="463" srcset="https://agora.xtec.cat/ceip-joanmiro-barcelona/wp-content/uploads/usu741/2025/01/Piramide-ERG-768x1024.png 768w, https://agora.xtec.cat/ceip-joanmiro-barcelona/wp-content/uploads/usu741/2025/01/Piramide-ERG-225x300.png 225w, https://agora.xtec.cat/ceip-joanmiro-barcelona/wp-content/uploads/usu741/2025/01/Piramide-ERG-1152x1536.png 1152w, https://agora.xtec.cat/ceip-joanmiro-barcelona/wp-content/uploads/usu741/2025/01/Piramide-ERG-1536x2048.png 1536w, https://agora.xtec.cat/ceip-joanmiro-barcelona/wp-content/uploads/usu741/2025/01/Piramide-ERG.png 1728w" sizes="auto, (max-width: 347px) 100vw, 347px" /><img loading="lazy" decoding="async" class="wp-image-12429 alignleft" src="https://agora.xtec.cat/ceip-joanmiro-barcelona/wp-content/uploads/usu741/2025/01/1738053489876-1-1024x768.jpg" alt="" width="610" height="457" srcset="https://agora.xtec.cat/ceip-joanmiro-barcelona/wp-content/uploads/usu741/2025/01/1738053489876-1-1024x768.jpg 1024w, https://agora.xtec.cat/ceip-joanmiro-barcelona/wp-content/uploads/usu741/2025/01/1738053489876-1-300x225.jpg 300w, https://agora.xtec.cat/ceip-joanmiro-barcelona/wp-content/uploads/usu741/2025/01/1738053489876-1-768x576.jpg 768w, https://agora.xtec.cat/ceip-joanmiro-barcelona/wp-content/uploads/usu741/2025/01/1738053489876-1-1536x1152.jpg 1536w, https://agora.xtec.cat/ceip-joanmiro-barcelona/wp-content/uploads/usu741/2025/01/1738053489876-1-2048x1536.jpg 2048w, https://agora.xtec.cat/ceip-joanmiro-barcelona/wp-content/uploads/usu741/2025/01/1738053489876-1-200x150.jpg 200w" sizes="auto, (max-width: 610px) 100vw, 610px" /></a></p>

<p><a href="https://agora.xtec.cat/ceip-joanmiro-barcelona/wp-content/uploads/usu741/2025/01/Piramide-ERG-e1708638563894.png"></a><br />
El programa d&#8217;innovació pedagògica <a title="Enfocament Restauratiu Global (ERG)" href="https://projectes.xtec.cat/convivenciapositiva/categoria/enfocament-restauratiu/" target="_blank" rel="noopener">Enfocament Restauratiu Global (ERG)</a> proporciona a la nostra escola els recursos i formació per promoure la necessitat de canvi cap a una comunitat educativa restaurativa tenint en compte els valors i principis de l&#8217;Enfocament Restauratiu Global, les noves&hellip;  <a href="https://agora.xtec.cat/ceip-joanmiro-barcelona/enfocament-restauratiu/" title="Read Enfocament restauratiu">Llegeix més»</a></p>
