{"id":1144,"date":"2016-11-22T17:06:51","date_gmt":"2016-11-22T16:06:51","guid":{"rendered":"http:\/\/agora.xtec.cat\/ceip-joanmiro-barcelona\/?page_id=1144"},"modified":"2019-03-17T18:53:59","modified_gmt":"2019-03-17T17:53:59","slug":"gep","status":"publish","type":"page","link":"https:\/\/agora.xtec.cat\/ceip-joanmiro-barcelona\/lescola\/projectes-descola\/gep\/","title":{"rendered":"Science and Social Science"},"content":{"rendered":"<div><\/div>\n<p style=\"text-align: justify;\"><span style=\"font-weight: 400;\">El GEP (Grup Experimental per al Pluriling\u00fcisme) \u00e9s un projecte que t\u00e9 com a objectiu millorar la compet\u00e8ncia ling\u00fc\u00edstica i pluriling\u00fce de l&#8217;alumnat.<img loading=\"lazy\" decoding=\"async\" class=\"wp-image-1265 alignright\" src=\"http:\/\/agora.xtec.cat\/ceip-joanmiro-barcelona\/wp-content\/uploads\/usu741\/2016\/11\/GEP.png\" alt=\"gep\" width=\"299\" height=\"299\" srcset=\"https:\/\/agora.xtec.cat\/ceip-joanmiro-barcelona\/wp-content\/uploads\/usu741\/2016\/11\/GEP.png 800w, https:\/\/agora.xtec.cat\/ceip-joanmiro-barcelona\/wp-content\/uploads\/usu741\/2016\/11\/GEP-150x150.png 150w, https:\/\/agora.xtec.cat\/ceip-joanmiro-barcelona\/wp-content\/uploads\/usu741\/2016\/11\/GEP-300x300.png 300w, https:\/\/agora.xtec.cat\/ceip-joanmiro-barcelona\/wp-content\/uploads\/usu741\/2016\/11\/GEP-768x768.png 768w\" sizes=\"auto, (max-width: 299px) 100vw, 299px\" \/><\/span><\/p>\n<p style=\"text-align: justify;\">El coneixement i l&#8217;\u00fas de de diferents lleng\u00fces ha esdevingut una necessitat fonamental i un dret per als ciutadans d&#8217;una societat global com la nostra. El coneixements d&#8217;una o m\u00e9s lleng\u00fces estrangeres, a m\u00e9s de les oficials i\/o pr\u00f2pies de l&#8217;individu, garanteix l&#8217;adquisici\u00f3 dels processos d&#8217;aprenentatges i la millora cont\u00ednua de l&#8217;aprenent.<\/p>\n<p style=\"text-align: justify;\">L&#8217;escola, sensible amb aquesta evid\u00e8ncia, des del curs 2015-2016 formem part d&#8217;aquest projecte que es basa principalment a introduir la llengua anglesa a la vida quotidiana del centre (tallers, espais comuns&#8230;) i augmentar el seu \u00fas en \u00e0rees no ling\u00fc\u00edstiques (com coneixement del medi natural i social) a trav\u00e9s de projectes o temes d&#8217;inter\u00e8s de l&#8217;alumnat.<\/p>\n<p style=\"text-align: justify;\">Durant el curs 2016-2017 van comptar amb el suport de la Kate Mains, Language Assistant.<\/p>\n<p>&nbsp;<\/p>\n<p>Aix\u00f2 ha estat sobre tot per la traject\u00f2ria que la nostra escola ha tingut respecte a la llengua anglesa. Apostem fort per l\u2019angl\u00e8s i ens hem mantingut actius i sensibles als canvis socials i educatius que fan que l\u2019angl\u00e8s cada vegada estigui m\u00e9s present a les aules.<\/p>\n<p>Aquest curs\u00a0(2018-19), hem comen\u00e7at per Cicle Superior. Duem a terme algunes unitats de Social Science (Medi Social en angl\u00e8s \u00a0a 5\u00e8 ) i\u00a0 de Science (Medi Natural en angl\u00e8s a 6\u00e8)<\/p>\n<p>Us convidem a visitar aquest bloc d\u2019Angl\u00e8s \u00a0per veure les activitats que hem estat realitzant al llarg d\u2019aquests cursos.<\/p>\n<p>&nbsp;<\/p>\n<p>&nbsp;<\/p>\n<p><strong><u>Etwinning\u2026\u00e9s la comunitat de centres escolars d\u00b4Europa.<\/u><\/strong><\/p>\n<p><a href=\"https:\/\/agora.xtec.cat\/ceip-joanmiro-barcelona\/wp-content\/uploads\/usu741\/2019\/02\/etwinning.png\"><img loading=\"lazy\" decoding=\"async\" class=\"size-full wp-image-5622 alignleft\" src=\"https:\/\/agora.xtec.cat\/ceip-joanmiro-barcelona\/wp-content\/uploads\/usu741\/2019\/02\/etwinning.png\" alt=\"\" width=\"380\" height=\"119\" srcset=\"https:\/\/agora.xtec.cat\/ceip-joanmiro-barcelona\/wp-content\/uploads\/usu741\/2019\/02\/etwinning.png 380w, https:\/\/agora.xtec.cat\/ceip-joanmiro-barcelona\/wp-content\/uploads\/usu741\/2019\/02\/etwinning-300x94.png 300w\" sizes=\"auto, (max-width: 380px) 100vw, 380px\" \/><\/a><\/p>\n<p>eTwinning \u00e9s una\u00a0 plataforma que dota als equips educatius\u00a0 dels centres educatius europeus participants d&#8217;eines per a aprendre, comunicar-se, col\u00b7laborar i desenvolupar projectes o \u2500cosa que \u00e9s el mateix\u2500 formar part de la major comunitat educativa digital d&#8217;Europa i gaudir de l&#8217;ensenyament i l&#8217;aprenentatge.<\/p>\n<p>eTwinning\u00a0fomenta la col\u00b7laboraci\u00f3 escolar a Europa utilitzant les tecnologies de la informaci\u00f3 i la comunicaci\u00f3 (TIC) i d\u00f3na suport als centres escolars prestant-los les eines i els serveis necessaris que facilitin la seva associaci\u00f3 per a desenvolupar un projecte en com\u00fa.<\/p>\n","protected":false},"excerpt":{"rendered":"<p>El GEP (Grup Experimental per al Pluriling\u00fcisme) \u00e9s un projecte que t\u00e9 com a objectiu millorar la compet\u00e8ncia ling\u00fc\u00edstica i pluriling\u00fce de l&#8217;alumnat.<br \/>\nEl coneixement i l&#8217;\u00fas de de diferents lleng\u00fces ha esdevingut una necessitat fonamental i un dret per als ciutadans d&#8217;una societat global com&hellip;  <a href=\"https:\/\/agora.xtec.cat\/ceip-joanmiro-barcelona\/lescola\/projectes-descola\/gep\/\" title=\"Read Science and Social Science\">Llegeix m\u00e9s\u00bb<\/a><\/p>\n","protected":false},"author":6,"featured_media":0,"parent":288,"menu_order":90,"comment_status":"closed","ping_status":"closed","template":"page-templates\/side-menu.php","meta":{"_bbp_topic_count":0,"_bbp_reply_count":0,"_bbp_total_topic_count":0,"_bbp_total_reply_count":0,"_bbp_voice_count":0,"_bbp_anonymous_reply_count":0,"_bbp_topic_count_hidden":0,"_bbp_reply_count_hidden":0,"_bbp_forum_subforum_count":0,"footnotes":""},"class_list":["post-1144","page","type-page","status-publish","hentry"],"post_mailing_queue_ids":[],"_links":{"self":[{"href":"https:\/\/agora.xtec.cat\/ceip-joanmiro-barcelona\/wp-json\/wp\/v2\/pages\/1144","targetHints":{"allow":["GET"]}}],"collection":[{"href":"https:\/\/agora.xtec.cat\/ceip-joanmiro-barcelona\/wp-json\/wp\/v2\/pages"}],"about":[{"href":"https:\/\/agora.xtec.cat\/ceip-joanmiro-barcelona\/wp-json\/wp\/v2\/types\/page"}],"author":[{"embeddable":true,"href":"https:\/\/agora.xtec.cat\/ceip-joanmiro-barcelona\/wp-json\/wp\/v2\/users\/6"}],"replies":[{"embeddable":true,"href":"https:\/\/agora.xtec.cat\/ceip-joanmiro-barcelona\/wp-json\/wp\/v2\/comments?post=1144"}],"version-history":[{"count":4,"href":"https:\/\/agora.xtec.cat\/ceip-joanmiro-barcelona\/wp-json\/wp\/v2\/pages\/1144\/revisions"}],"predecessor-version":[{"id":5711,"href":"https:\/\/agora.xtec.cat\/ceip-joanmiro-barcelona\/wp-json\/wp\/v2\/pages\/1144\/revisions\/5711"}],"up":[{"embeddable":true,"href":"https:\/\/agora.xtec.cat\/ceip-joanmiro-barcelona\/wp-json\/wp\/v2\/pages\/288"}],"wp:attachment":[{"href":"https:\/\/agora.xtec.cat\/ceip-joanmiro-barcelona\/wp-json\/wp\/v2\/media?parent=1144"}],"curies":[{"name":"wp","href":"https:\/\/api.w.org\/{rel}","templated":true}]}}