{"id":1137,"date":"2016-11-22T16:39:40","date_gmt":"2016-11-22T15:39:40","guid":{"rendered":"http:\/\/agora.xtec.cat\/ceip-joanmiro-barcelona\/?page_id=1137"},"modified":"2025-01-28T11:49:12","modified_gmt":"2025-01-28T10:49:12","slug":"coeducacio","status":"publish","type":"page","link":"https:\/\/agora.xtec.cat\/ceip-joanmiro-barcelona\/lescola\/projectes-descola\/coeducacio\/","title":{"rendered":"Coeducaci\u00f3"},"content":{"rendered":"<p>Durant el curs 2015-2016, vam col\u00b7laborar amb l\u2019entitat Fil a l\u2019Agulla per aprofundir en el treball de la coeducaci\u00f3 dins de l\u2019\u00e0rea d\u2019Educaci\u00f3 en Valors. Aquest projecte va ser una tasca compartida per tota la comunitat educativa, amb xerrades per a les fam\u00edlies, formaci\u00f3 per al professorat i tallers i actuacions amb l\u2019alumnat. Ens proposem continuar ampliant la nostra perspectiva sobre la identitat de g\u00e8nere, incorporant activitats espec\u00edfiques per prevenir l\u2019homof\u00f2bia.<img loading=\"lazy\" decoding=\"async\" class=\"size-full wp-image-1139 alignright\" src=\"http:\/\/agora.xtec.cat\/ceip-joanmiro-barcelona\/wp-content\/uploads\/usu741\/2016\/11\/coeducacio-xx-xy.jpg\" alt=\"coeducacio-xx-xy\" width=\"217\" height=\"320\" srcset=\"https:\/\/agora.xtec.cat\/ceip-joanmiro-barcelona\/wp-content\/uploads\/usu741\/2016\/11\/coeducacio-xx-xy.jpg 217w, https:\/\/agora.xtec.cat\/ceip-joanmiro-barcelona\/wp-content\/uploads\/usu741\/2016\/11\/coeducacio-xx-xy-203x300.jpg 203w\" sizes=\"auto, (max-width: 217px) 100vw, 217px\" \/><\/p>\n<p>Durant el\u00a0curs seg\u00fcent, 2016-2017, vam continuar treballant amb <a href=\"http:\/\/www.filalagulla.org\/\">Fil a l&#8217;agulla<\/a>, <a href=\"http:\/\/www.coeducaccio.com\/\">CoeducAcci\u00f3<\/a>, CreArt i <a href=\"http:\/\/cameresiaccio.org\/\">C\u00e0meresiAcci\u00f3<\/a> per repensar i transformar el pati de l\u2019escola des d\u2019una perspectiva de g\u00e8nere. Aquesta tasca va ser una continuaci\u00f3 de la nostra feina per fomentar una educaci\u00f3 m\u00e9s inclusiva i igualit\u00e0ria, on els valors de respecte i diversitat es troben al centre de l\u2019aprenentatge.<\/p>\n<p>Durant la formaci\u00f3, vam fomentar la presa de consci\u00e8ncia sobre la desigual socialitzaci\u00f3 que reben nens i nenes, i vam oferir eines per educar amb perspectiva de g\u00e8nere. Vam posar en valor a l\u2019aula valors tradicionalment associats al g\u00e8nere femen\u00ed, com la cura, la cooperaci\u00f3 i l\u2019expressi\u00f3 de les emocions, i vam proporcionar al professorat recursos i estrat\u00e8gies concretes per coeducar, des de l\u2019aula fins al pati, a trav\u00e9s de contes i festes tradicionals.<\/p>\n<p><img loading=\"lazy\" decoding=\"async\" class=\"wp-image-267 alignleft\" src=\"http:\/\/agora.xtec.cat\/ceip-joanmiro-barcelona\/wp-content\/uploads\/usu741\/2014\/09\/PAU-web.jpg\" alt=\"\" width=\"507\" height=\"380\" srcset=\"https:\/\/agora.xtec.cat\/ceip-joanmiro-barcelona\/wp-content\/uploads\/usu741\/2014\/09\/PAU-web.jpg 729w, https:\/\/agora.xtec.cat\/ceip-joanmiro-barcelona\/wp-content\/uploads\/usu741\/2014\/09\/PAU-web-300x225.jpg 300w, https:\/\/agora.xtec.cat\/ceip-joanmiro-barcelona\/wp-content\/uploads\/usu741\/2014\/09\/PAU-web-200x150.jpg 200w\" sizes=\"auto, (max-width: 507px) 100vw, 507px\" \/><\/p>\n<p>&nbsp;<\/p>\n<p>&nbsp;<\/p>\n<p>&nbsp;<\/p>\n<p>&nbsp;<\/p>\n<p>&nbsp;<\/p>\n<p>&nbsp;<\/p>\n<p>&nbsp;<\/p>\n<p>&nbsp;<\/p>\n<p>&nbsp;<\/p>\n<p><em>Jornada Escolar de la Pau i la No Viol\u00e8ncia. Gener 2016.<\/em><\/p>\n<p>&nbsp;<\/p>\n<p><a href=\"http:\/\/agora.xtec.cat\/ceip-joanmiro-barcelona\/categoria\/portada\/projectepati\/\"><img loading=\"lazy\" decoding=\"async\" class=\"alignnone size-large wp-image-1660\" src=\"http:\/\/agora.xtec.cat\/ceip-joanmiro-barcelona\/wp-content\/uploads\/usu741\/2017\/03\/logo-projecte-pati-1024x249.jpg\" alt=\"logo-projecte-pati\" width=\"1024\" height=\"249\" srcset=\"https:\/\/agora.xtec.cat\/ceip-joanmiro-barcelona\/wp-content\/uploads\/usu741\/2017\/03\/logo-projecte-pati-1024x249.jpg 1024w, https:\/\/agora.xtec.cat\/ceip-joanmiro-barcelona\/wp-content\/uploads\/usu741\/2017\/03\/logo-projecte-pati-300x73.jpg 300w, https:\/\/agora.xtec.cat\/ceip-joanmiro-barcelona\/wp-content\/uploads\/usu741\/2017\/03\/logo-projecte-pati-768x187.jpg 768w, https:\/\/agora.xtec.cat\/ceip-joanmiro-barcelona\/wp-content\/uploads\/usu741\/2017\/03\/logo-projecte-pati.jpg 1040w\" sizes=\"auto, (max-width: 1024px) 100vw, 1024px\" \/><\/a><\/p>\n","protected":false},"excerpt":{"rendered":"<p>Durant el curs 2015-2016, vam col\u00b7laborar amb l\u2019entitat Fil a l\u2019Agulla per aprofundir en el treball de la coeducaci\u00f3 dins de l\u2019\u00e0rea d\u2019Educaci\u00f3 en Valors. Aquest projecte va ser una tasca compartida per tota la comunitat educativa, amb xerrades per a les fam\u00edlies, formaci\u00f3 per&hellip;  <a href=\"https:\/\/agora.xtec.cat\/ceip-joanmiro-barcelona\/lescola\/projectes-descola\/coeducacio\/\" title=\"Read Coeducaci\u00f3\">Llegeix m\u00e9s\u00bb<\/a><\/p>\n","protected":false},"author":6,"featured_media":0,"parent":288,"menu_order":10,"comment_status":"closed","ping_status":"closed","template":"page-templates\/side-menu.php","meta":{"_bbp_topic_count":0,"_bbp_reply_count":0,"_bbp_total_topic_count":0,"_bbp_total_reply_count":0,"_bbp_voice_count":0,"_bbp_anonymous_reply_count":0,"_bbp_topic_count_hidden":0,"_bbp_reply_count_hidden":0,"_bbp_forum_subforum_count":0,"footnotes":""},"class_list":["post-1137","page","type-page","status-publish","hentry"],"post_mailing_queue_ids":[],"_links":{"self":[{"href":"https:\/\/agora.xtec.cat\/ceip-joanmiro-barcelona\/wp-json\/wp\/v2\/pages\/1137","targetHints":{"allow":["GET"]}}],"collection":[{"href":"https:\/\/agora.xtec.cat\/ceip-joanmiro-barcelona\/wp-json\/wp\/v2\/pages"}],"about":[{"href":"https:\/\/agora.xtec.cat\/ceip-joanmiro-barcelona\/wp-json\/wp\/v2\/types\/page"}],"author":[{"embeddable":true,"href":"https:\/\/agora.xtec.cat\/ceip-joanmiro-barcelona\/wp-json\/wp\/v2\/users\/6"}],"replies":[{"embeddable":true,"href":"https:\/\/agora.xtec.cat\/ceip-joanmiro-barcelona\/wp-json\/wp\/v2\/comments?post=1137"}],"version-history":[{"count":6,"href":"https:\/\/agora.xtec.cat\/ceip-joanmiro-barcelona\/wp-json\/wp\/v2\/pages\/1137\/revisions"}],"predecessor-version":[{"id":12433,"href":"https:\/\/agora.xtec.cat\/ceip-joanmiro-barcelona\/wp-json\/wp\/v2\/pages\/1137\/revisions\/12433"}],"up":[{"embeddable":true,"href":"https:\/\/agora.xtec.cat\/ceip-joanmiro-barcelona\/wp-json\/wp\/v2\/pages\/288"}],"wp:attachment":[{"href":"https:\/\/agora.xtec.cat\/ceip-joanmiro-barcelona\/wp-json\/wp\/v2\/media?parent=1137"}],"curies":[{"name":"wp","href":"https:\/\/api.w.org\/{rel}","templated":true}]}}

Coeducació

<p>Durant el curs 2015-2016, vam col·laborar amb l’entitat Fil a l’Agulla per aprofundir en el treball de la coeducació dins de l’àrea d’Educació en Valors. Aquest projecte va ser una tasca compartida per tota la comunitat educativa, amb xerrades per a les famílies, formació per al professorat i tallers i actuacions amb l’alumnat. Ens proposem continuar ampliant la nostra perspectiva sobre la identitat de gènere, incorporant activitats específiques per prevenir l’homofòbia.<img loading="lazy" decoding="async" class="size-full wp-image-1139 alignright" src="http://agora.xtec.cat/ceip-joanmiro-barcelona/wp-content/uploads/usu741/2016/11/coeducacio-xx-xy.jpg" alt="coeducacio-xx-xy" width="217" height="320" srcset="https://agora.xtec.cat/ceip-joanmiro-barcelona/wp-content/uploads/usu741/2016/11/coeducacio-xx-xy.jpg 217w, https://agora.xtec.cat/ceip-joanmiro-barcelona/wp-content/uploads/usu741/2016/11/coeducacio-xx-xy-203x300.jpg 203w" sizes="auto, (max-width: 217px) 100vw, 217px" /></p>
<p>Durant el curs següent, 2016-2017, vam continuar treballant amb <a href="http://www.filalagulla.org/">Fil a l&#8217;agulla</a>, <a href="http://www.coeducaccio.com/">CoeducAcció</a>, CreArt i <a href="http://cameresiaccio.org/">CàmeresiAcció</a> per repensar i transformar el pati de l’escola des d’una perspectiva de gènere. Aquesta tasca va ser una continuació de la nostra feina per fomentar una educació més inclusiva i igualitària, on els valors de respecte i diversitat es troben al centre de l’aprenentatge.</p>
<p>Durant la formació, vam fomentar la presa de consciència sobre la desigual socialització que reben nens i nenes, i vam oferir eines per educar amb perspectiva de gènere. Vam posar en valor a l’aula valors tradicionalment associats al gènere femení, com la cura, la cooperació i l’expressió de les emocions, i vam proporcionar al professorat recursos i estratègies concretes per coeducar, des de l’aula fins al pati, a través de contes i festes tradicionals.</p>
<p><img loading="lazy" decoding="async" class="wp-image-267 alignleft" src="http://agora.xtec.cat/ceip-joanmiro-barcelona/wp-content/uploads/usu741/2014/09/PAU-web.jpg" alt="" width="507" height="380" srcset="https://agora.xtec.cat/ceip-joanmiro-barcelona/wp-content/uploads/usu741/2014/09/PAU-web.jpg 729w, https://agora.xtec.cat/ceip-joanmiro-barcelona/wp-content/uploads/usu741/2014/09/PAU-web-300x225.jpg 300w, https://agora.xtec.cat/ceip-joanmiro-barcelona/wp-content/uploads/usu741/2014/09/PAU-web-200x150.jpg 200w" sizes="auto, (max-width: 507px) 100vw, 507px" /></p>
<p>&nbsp;</p>
<p>&nbsp;</p>
<p>&nbsp;</p>
<p>&nbsp;</p>
<p>&nbsp;</p>
<p>&nbsp;</p>
<p>&nbsp;</p>
<p>&nbsp;</p>
<p>&nbsp;</p>
<p><em>Jornada Escolar de la Pau i la No Violència. Gener 2016.</em></p>
<p>&nbsp;</p>
<p><a href="http://agora.xtec.cat/ceip-joanmiro-barcelona/categoria/portada/projectepati/"><img loading="lazy" decoding="async" class="alignnone size-large wp-image-1660" src="http://agora.xtec.cat/ceip-joanmiro-barcelona/wp-content/uploads/usu741/2017/03/logo-projecte-pati-1024x249.jpg" alt="logo-projecte-pati" width="1024" height="249" srcset="https://agora.xtec.cat/ceip-joanmiro-barcelona/wp-content/uploads/usu741/2017/03/logo-projecte-pati-1024x249.jpg 1024w, https://agora.xtec.cat/ceip-joanmiro-barcelona/wp-content/uploads/usu741/2017/03/logo-projecte-pati-300x73.jpg 300w, https://agora.xtec.cat/ceip-joanmiro-barcelona/wp-content/uploads/usu741/2017/03/logo-projecte-pati-768x187.jpg 768w, https://agora.xtec.cat/ceip-joanmiro-barcelona/wp-content/uploads/usu741/2017/03/logo-projecte-pati.jpg 1040w" sizes="auto, (max-width: 1024px) 100vw, 1024px" /></a></p>

<p>Durant el curs 2015-2016, vam col·laborar amb l’entitat Fil a l’Agulla per aprofundir en el treball de la coeducació dins de l’àrea d’Educació en Valors. Aquest projecte va ser una tasca compartida per tota la comunitat educativa, amb xerrades per a les famílies, formació per&hellip;  <a href="https://agora.xtec.cat/ceip-joanmiro-barcelona/lescola/projectes-descola/coeducacio/" title="Read Coeducació">Llegeix més»</a></p>
