{"id":10188,"date":"2023-01-10T21:52:37","date_gmt":"2023-01-10T20:52:37","guid":{"rendered":"https:\/\/agora.xtec.cat\/ceip-joanmiro-barcelona\/?page_id=10188"},"modified":"2023-06-19T17:03:28","modified_gmt":"2023-06-19T15:03:28","slug":"pla-destrategia-digital-de-centre","status":"publish","type":"page","link":"https:\/\/agora.xtec.cat\/ceip-joanmiro-barcelona\/lescola\/projectes-descola\/pla-destrategia-digital-de-centre\/","title":{"rendered":"Estrat\u00e8gia Digital de Centre"},"content":{"rendered":"<p>L&#8217;Escola Joan Mir\u00f3 ha elaborat <strong>l\u2019estrat\u00e8gia digital de centre (EDC), <\/strong>on es defineixen i es concreten les l\u00ednies d\u2019actuaci\u00f3 de l\u2019escola que faran possible que docents, alumnat i centre assoleixin la compet\u00e8ncia digital. L\u2019EDC \u00e9s un <strong>document viu i obert<\/strong> que permet recollir i organitzar les accions en mat\u00e8ria de tecnologia i compet\u00e8ncia digital que el centre ja realitza, replantejar-les i millorar-les per aconseguir els objectius que es proposin. L\u2019EDC \u00e9s una eina \u00fatil i real per al desplegament de la compet\u00e8ncia digital de l\u2019alumnat, del professorat i del mateix centre.<\/p>\n<p>L\u2019EDC compr\u00e8n dues parts, la <strong>part d\u2019estrat\u00e8gia<\/strong> i la <strong>part de\u00a0Cultura Digital del centre<\/strong>.<\/p>\n<p>&nbsp;<\/p>\n<p><a href=\"https:\/\/agora.xtec.cat\/ceip-joanmiro-barcelona\/lescola\/projectes-descola\/pagina-dinici-buida\/part-estrategica\/\"><img loading=\"lazy\" decoding=\"async\" class=\"wp-image-10208 alignleft\" src=\"https:\/\/agora.xtec.cat\/ceip-joanmiro-barcelona\/wp-content\/uploads\/usu741\/2023\/01\/Modern-Gradient-Digital-Business-Logo1.png\" alt=\"\" width=\"237\" height=\"237\" srcset=\"https:\/\/agora.xtec.cat\/ceip-joanmiro-barcelona\/wp-content\/uploads\/usu741\/2023\/01\/Modern-Gradient-Digital-Business-Logo1.png 500w, https:\/\/agora.xtec.cat\/ceip-joanmiro-barcelona\/wp-content\/uploads\/usu741\/2023\/01\/Modern-Gradient-Digital-Business-Logo1-300x300.png 300w, https:\/\/agora.xtec.cat\/ceip-joanmiro-barcelona\/wp-content\/uploads\/usu741\/2023\/01\/Modern-Gradient-Digital-Business-Logo1-150x150.png 150w\" sizes=\"auto, (max-width: 237px) 100vw, 237px\" \/><\/a><\/p>\n<p><a href=\"https:\/\/agora.xtec.cat\/ceip-joanmiro-barcelona\/lescola\/projectes-descola\/pagina-dinici-buida\/cultura-digital\/\"><img loading=\"lazy\" decoding=\"async\" class=\"wp-image-10206 alignleft\" src=\"https:\/\/agora.xtec.cat\/ceip-joanmiro-barcelona\/wp-content\/uploads\/usu741\/2023\/01\/Modern-Gradient-Digital-Business-Logo.png\" alt=\"\" width=\"235\" height=\"235\" srcset=\"https:\/\/agora.xtec.cat\/ceip-joanmiro-barcelona\/wp-content\/uploads\/usu741\/2023\/01\/Modern-Gradient-Digital-Business-Logo.png 500w, https:\/\/agora.xtec.cat\/ceip-joanmiro-barcelona\/wp-content\/uploads\/usu741\/2023\/01\/Modern-Gradient-Digital-Business-Logo-300x300.png 300w, https:\/\/agora.xtec.cat\/ceip-joanmiro-barcelona\/wp-content\/uploads\/usu741\/2023\/01\/Modern-Gradient-Digital-Business-Logo-150x150.png 150w\" sizes=\"auto, (max-width: 235px) 100vw, 235px\" \/><\/a><\/p>\n<p>&nbsp;<\/p>\n<p>&nbsp;<\/p>\n<p><a href=\"https:\/\/agora.xtec.cat\/ceip-joanmiro-barcelona\/lescola\/projectes-descola\/pagina-dinici-buida\/cultura-digital\/\">\u00a0\u00a0<\/a><\/p>\n","protected":false},"excerpt":{"rendered":"<p>L&#8217;Escola Joan Mir\u00f3 ha elaborat l\u2019estrat\u00e8gia digital de centre (EDC), on es defineixen i es concreten les l\u00ednies d\u2019actuaci\u00f3 de l\u2019escola que faran possible que docents, alumnat i centre assoleixin la compet\u00e8ncia digital. L\u2019EDC \u00e9s un document viu i obert que permet recollir i organitzar&hellip;  <a href=\"https:\/\/agora.xtec.cat\/ceip-joanmiro-barcelona\/lescola\/projectes-descola\/pla-destrategia-digital-de-centre\/\" title=\"Read Estrat\u00e8gia Digital de Centre\">Llegeix m\u00e9s\u00bb<\/a><\/p>\n","protected":false},"author":1,"featured_media":0,"parent":288,"menu_order":92,"comment_status":"closed","ping_status":"closed","template":"page-templates\/side-menu.php","meta":{"_bbp_topic_count":0,"_bbp_reply_count":0,"_bbp_total_topic_count":0,"_bbp_total_reply_count":0,"_bbp_voice_count":0,"_bbp_anonymous_reply_count":0,"_bbp_topic_count_hidden":0,"_bbp_reply_count_hidden":0,"_bbp_forum_subforum_count":0,"footnotes":""},"class_list":["post-10188","page","type-page","status-publish","hentry"],"post_mailing_queue_ids":[],"_links":{"self":[{"href":"https:\/\/agora.xtec.cat\/ceip-joanmiro-barcelona\/wp-json\/wp\/v2\/pages\/10188","targetHints":{"allow":["GET"]}}],"collection":[{"href":"https:\/\/agora.xtec.cat\/ceip-joanmiro-barcelona\/wp-json\/wp\/v2\/pages"}],"about":[{"href":"https:\/\/agora.xtec.cat\/ceip-joanmiro-barcelona\/wp-json\/wp\/v2\/types\/page"}],"author":[{"embeddable":true,"href":"https:\/\/agora.xtec.cat\/ceip-joanmiro-barcelona\/wp-json\/wp\/v2\/users\/1"}],"replies":[{"embeddable":true,"href":"https:\/\/agora.xtec.cat\/ceip-joanmiro-barcelona\/wp-json\/wp\/v2\/comments?post=10188"}],"version-history":[{"count":4,"href":"https:\/\/agora.xtec.cat\/ceip-joanmiro-barcelona\/wp-json\/wp\/v2\/pages\/10188\/revisions"}],"predecessor-version":[{"id":11041,"href":"https:\/\/agora.xtec.cat\/ceip-joanmiro-barcelona\/wp-json\/wp\/v2\/pages\/10188\/revisions\/11041"}],"up":[{"embeddable":true,"href":"https:\/\/agora.xtec.cat\/ceip-joanmiro-barcelona\/wp-json\/wp\/v2\/pages\/288"}],"wp:attachment":[{"href":"https:\/\/agora.xtec.cat\/ceip-joanmiro-barcelona\/wp-json\/wp\/v2\/media?parent=10188"}],"curies":[{"name":"wp","href":"https:\/\/api.w.org\/{rel}","templated":true}]}}

Estratègia Digital de Centre

<p>L&#8217;Escola Joan Miró ha elaborat <strong>l’estratègia digital de centre (EDC), </strong>on es defineixen i es concreten les línies d’actuació de l’escola que faran possible que docents, alumnat i centre assoleixin la competència digital. L’EDC és un <strong>document viu i obert</strong> que permet recollir i organitzar les accions en matèria de tecnologia i competència digital que el centre ja realitza, replantejar-les i millorar-les per aconseguir els objectius que es proposin. L’EDC és una eina útil i real per al desplegament de la competència digital de l’alumnat, del professorat i del mateix centre.</p>
<p>L’EDC comprèn dues parts, la <strong>part d’estratègia</strong> i la <strong>part de Cultura Digital del centre</strong>.</p>
<p>&nbsp;</p>
<p><a href="https://agora.xtec.cat/ceip-joanmiro-barcelona/lescola/projectes-descola/pagina-dinici-buida/part-estrategica/"><img loading="lazy" decoding="async" class="wp-image-10208 alignleft" src="https://agora.xtec.cat/ceip-joanmiro-barcelona/wp-content/uploads/usu741/2023/01/Modern-Gradient-Digital-Business-Logo1.png" alt="" width="237" height="237" srcset="https://agora.xtec.cat/ceip-joanmiro-barcelona/wp-content/uploads/usu741/2023/01/Modern-Gradient-Digital-Business-Logo1.png 500w, https://agora.xtec.cat/ceip-joanmiro-barcelona/wp-content/uploads/usu741/2023/01/Modern-Gradient-Digital-Business-Logo1-300x300.png 300w, https://agora.xtec.cat/ceip-joanmiro-barcelona/wp-content/uploads/usu741/2023/01/Modern-Gradient-Digital-Business-Logo1-150x150.png 150w" sizes="auto, (max-width: 237px) 100vw, 237px" /></a></p>
<p><a href="https://agora.xtec.cat/ceip-joanmiro-barcelona/lescola/projectes-descola/pagina-dinici-buida/cultura-digital/"><img loading="lazy" decoding="async" class="wp-image-10206 alignleft" src="https://agora.xtec.cat/ceip-joanmiro-barcelona/wp-content/uploads/usu741/2023/01/Modern-Gradient-Digital-Business-Logo.png" alt="" width="235" height="235" srcset="https://agora.xtec.cat/ceip-joanmiro-barcelona/wp-content/uploads/usu741/2023/01/Modern-Gradient-Digital-Business-Logo.png 500w, https://agora.xtec.cat/ceip-joanmiro-barcelona/wp-content/uploads/usu741/2023/01/Modern-Gradient-Digital-Business-Logo-300x300.png 300w, https://agora.xtec.cat/ceip-joanmiro-barcelona/wp-content/uploads/usu741/2023/01/Modern-Gradient-Digital-Business-Logo-150x150.png 150w" sizes="auto, (max-width: 235px) 100vw, 235px" /></a></p>
<p>&nbsp;</p>
<p>&nbsp;</p>
<p><a href="https://agora.xtec.cat/ceip-joanmiro-barcelona/lescola/projectes-descola/pagina-dinici-buida/cultura-digital/">  </a></p>

<p>L&#8217;Escola Joan Miró ha elaborat l’estratègia digital de centre (EDC), on es defineixen i es concreten les línies d’actuació de l’escola que faran possible que docents, alumnat i centre assoleixin la competència digital. L’EDC és un document viu i obert que permet recollir i organitzar&hellip;  <a href="https://agora.xtec.cat/ceip-joanmiro-barcelona/lescola/projectes-descola/pla-destrategia-digital-de-centre/" title="Read Estratègia Digital de Centre">Llegeix més»</a></p>
