{"id":3745,"date":"2020-05-09T10:44:15","date_gmt":"2020-05-09T08:44:15","guid":{"rendered":"http:\/\/agora.xtec.cat\/ceip-joan-coret\/?page_id=3745"},"modified":"2020-05-09T10:44:15","modified_gmt":"2020-05-09T08:44:15","slug":"oferta-inicial-de-places","status":"publish","type":"page","link":"https:\/\/agora.xtec.cat\/ceip-joan-coret\/pre-inscripcio-curs-2021-22\/oferta-inicial-de-places\/","title":{"rendered":"Oferta Inicial de places"},"content":{"rendered":"<p class=\"western\" lang=\"ca-ES\" align=\"left\"><span style=\"font-size: small;\"><span style=\"font-size: medium;\"><b>Publicaci\u00f3 de l&#8217;oferta inicial de places<\/b><\/span><\/span><\/p>\n<p class=\"western\" lang=\"ca-ES\" align=\"left\"><span style=\"font-size: small;\"><i>a 08\/05\/2020 (pot estar subjecte a canvis)<\/i><\/span><\/p>\n<p class=\"western\" lang=\"ca-ES\">08036135 &#8211; Escola Joan Coret pl. dels Voluntaris Ol\u00edmpics, 1-3 08917 Badalona<\/p>\n<table style=\"height: 377px;\" width=\"776\" cellspacing=\"0\" cellpadding=\"1\">\n<colgroup>\n<col width=\"49\" \/>\n<col width=\"77\" \/>\n<col width=\"77\" \/>\n<col width=\"77\" \/>\n<col width=\"77\" \/>\n<col width=\"77\" \/>\n<col width=\"76\" \/> <\/colgroup>\n<tbody>\n<tr>\n<td style=\"background: #f1f1f1; width: 774px;\" colspan=\"7\" valign=\"top\" bgcolor=\"#f1f1f1\" height=\"14\">\n<p lang=\"ca-ES\" align=\"left\"><span style=\"font-size: small;\"><b>EINFLOE 2C &#8211; Educaci\u00f3 infantil: Parvulari &#8211; Di\u00fcrn\/Mat\u00ed i tarda<\/b><\/span><\/p>\n<\/td>\n<\/tr>\n<\/tbody>\n<tbody>\n<tr valign=\"top\">\n<td style=\"background: #f1f1f1; width: 73px;\" rowspan=\"2\" bgcolor=\"#f1f1f1\" height=\"25\">\n<p lang=\"ca-ES\" align=\"left\"><span style=\"font-size: small;\"><b>Curs<\/b><\/span><\/p>\n<\/td>\n<td style=\"background: #f1f1f1; width: 232px;\" colspan=\"2\" bgcolor=\"#f1f1f1\">\n<p lang=\"ca-ES\" align=\"left\"><span style=\"font-size: small;\"><b>Places inicials<\/b><\/span><\/p>\n<\/td>\n<td style=\"background: #f1f1f1; width: 233px;\" colspan=\"2\" bgcolor=\"#f1f1f1\">\n<p lang=\"ca-ES\" align=\"center\"><span style=\"font-size: small;\"><b>Reserva per a<\/b><\/span><\/p>\n<p lang=\"ca-ES\" align=\"center\"><span style=\"font-size: small;\"><b>alumnes del centre<\/b><\/span><\/p>\n<\/td>\n<td style=\"background: #f1f1f1; width: 236px;\" colspan=\"2\" bgcolor=\"#f1f1f1\">\n<p lang=\"ca-ES\" align=\"left\"><span style=\"font-size: small;\"><b>Oferta de places<\/b><\/span><\/p>\n<\/td>\n<\/tr>\n<tr valign=\"top\">\n<td style=\"background: #f1f1f1; width: 118px;\" bgcolor=\"#f1f1f1\">\n<p lang=\"ca-ES\" align=\"left\"><span style=\"font-size: small;\"><i>Ordin\u00e0ries<\/i><\/span><\/p>\n<\/td>\n<td style=\"background: #f1f1f1; width: 114px;\" bgcolor=\"#f1f1f1\">\n<p lang=\"ca-ES\" align=\"left\"><span style=\"font-size: small;\"><i>NEE<\/i><\/span><\/p>\n<\/td>\n<td style=\"background: #f1f1f1; width: 119px;\" bgcolor=\"#f1f1f1\">\n<p lang=\"ca-ES\" align=\"left\"><span style=\"font-size: small;\"><i>Ordin\u00e0ries<\/i><\/span><\/p>\n<\/td>\n<td style=\"background: #f1f1f1; width: 114px;\" bgcolor=\"#f1f1f1\">\n<p lang=\"ca-ES\" align=\"left\"><span style=\"font-size: small;\"><i>NEE<\/i><\/span><\/p>\n<\/td>\n<td style=\"background: #f1f1f1; width: 120px;\" bgcolor=\"#f1f1f1\">\n<p lang=\"ca-ES\" align=\"left\"><span style=\"font-size: small;\"><i>Ordin\u00e0ries<\/i><\/span><\/p>\n<\/td>\n<td style=\"background: #f1f1f1; width: 116px;\" bgcolor=\"#f1f1f1\">\n<p lang=\"ca-ES\" align=\"left\"><span style=\"font-size: small;\"><i>NEE<\/i><\/span><\/p>\n<\/td>\n<\/tr>\n<\/tbody>\n<tbody>\n<tr valign=\"top\">\n<td style=\"width: 73px;\" height=\"11\">\n<p lang=\"ca-ES\" align=\"center\"><span style=\"font-size: small;\">1<\/span><\/p>\n<\/td>\n<td style=\"width: 118px;\">\n<p lang=\"ca-ES\" align=\"right\"><span style=\"font-size: small;\">22<\/span><\/p>\n<\/td>\n<td style=\"width: 114px;\">\n<p lang=\"ca-ES\" align=\"right\"><span style=\"font-size: small;\">3<\/span><\/p>\n<\/td>\n<td style=\"width: 119px;\">\n<p lang=\"ca-ES\" align=\"right\"><span style=\"font-size: small;\">0<\/span><\/p>\n<\/td>\n<td style=\"width: 114px;\">\n<p lang=\"ca-ES\" align=\"right\"><span style=\"font-size: small;\">0<\/span><\/p>\n<\/td>\n<td style=\"width: 120px;\">\n<p lang=\"ca-ES\" align=\"right\"><span style=\"font-size: small;\">22<\/span><\/p>\n<\/td>\n<td style=\"width: 116px;\">\n<p lang=\"ca-ES\" align=\"right\"><span style=\"font-size: small;\">3<\/span><\/p>\n<\/td>\n<\/tr>\n<\/tbody>\n<tbody>\n<tr valign=\"top\">\n<td style=\"width: 73px;\" height=\"12\">\n<p lang=\"ca-ES\" align=\"center\"><span style=\"font-size: small;\">2<\/span><\/p>\n<\/td>\n<td style=\"width: 118px;\">\n<p lang=\"ca-ES\" align=\"right\"><span style=\"font-size: small;\">44<\/span><\/p>\n<\/td>\n<td style=\"width: 114px;\">\n<p lang=\"ca-ES\" align=\"right\"><span style=\"font-size: small;\">6<\/span><\/p>\n<\/td>\n<td style=\"width: 119px;\">\n<p lang=\"ca-ES\" align=\"right\"><span style=\"font-size: small;\">33<\/span><\/p>\n<\/td>\n<td style=\"width: 114px;\">\n<p lang=\"ca-ES\" align=\"right\"><span style=\"font-size: small;\">1<\/span><\/p>\n<\/td>\n<td style=\"width: 120px;\">\n<p lang=\"ca-ES\" align=\"right\"><span style=\"font-size: small;\">11<\/span><\/p>\n<\/td>\n<td style=\"width: 116px;\">\n<p lang=\"ca-ES\" align=\"right\"><span style=\"font-size: small;\">5<\/span><\/p>\n<\/td>\n<\/tr>\n<\/tbody>\n<tbody>\n<tr valign=\"top\">\n<td style=\"width: 73px;\" height=\"11\">\n<p lang=\"ca-ES\" align=\"center\"><span style=\"font-size: small;\">3<\/span><\/p>\n<\/td>\n<td style=\"width: 118px;\">\n<p lang=\"ca-ES\" align=\"right\"><span style=\"font-size: small;\">44<\/span><\/p>\n<\/td>\n<td style=\"width: 114px;\">\n<p lang=\"ca-ES\" align=\"right\"><span style=\"font-size: small;\">6<\/span><\/p>\n<\/td>\n<td style=\"width: 119px;\">\n<p lang=\"ca-ES\" align=\"right\"><span style=\"font-size: small;\">47<\/span><\/p>\n<\/td>\n<td style=\"width: 114px;\">\n<p lang=\"ca-ES\" align=\"right\"><span style=\"font-size: small;\">2<\/span><\/p>\n<\/td>\n<td style=\"width: 120px;\">\n<p lang=\"ca-ES\" align=\"right\"><span style=\"font-size: small;\">0<\/span><\/p>\n<\/td>\n<td style=\"width: 116px;\">\n<p lang=\"ca-ES\" align=\"right\"><span style=\"font-size: small;\">1<\/span><\/p>\n<\/td>\n<\/tr>\n<\/tbody>\n<\/table>\n<table style=\"height: 428px;\" width=\"779\" cellspacing=\"0\" cellpadding=\"1\">\n<colgroup>\n<col width=\"49\" \/>\n<col width=\"77\" \/>\n<col width=\"77\" \/>\n<col width=\"77\" \/>\n<col width=\"77\" \/>\n<col width=\"77\" \/>\n<col width=\"76\" \/><\/colgroup>\n<tbody>\n<tr>\n<td style=\"background: #f1f1f1; width: 777px;\" colspan=\"7\" valign=\"top\" bgcolor=\"#f1f1f1\" height=\"14\">\n<p lang=\"ca-ES\" align=\"center\"><span style=\"font-size: small;\"><b>EPRILOE &#8211; Educaci\u00f3 prim\u00e0ria &#8211; Di\u00fcrn\/Mat\u00ed i tarda<\/b><\/span><\/p>\n<\/td>\n<\/tr>\n<\/tbody>\n<tbody>\n<tr valign=\"top\">\n<td style=\"background: #f1f1f1; width: 74px;\" rowspan=\"2\" bgcolor=\"#f1f1f1\" height=\"25\">\n<p lang=\"ca-ES\" align=\"left\"><span style=\"font-size: small;\"><b>Curs<\/b><\/span><\/p>\n<\/td>\n<td style=\"background: #f1f1f1; width: 233px;\" colspan=\"2\" bgcolor=\"#f1f1f1\">\n<p lang=\"ca-ES\" align=\"left\"><span style=\"font-size: small;\"><b>Places inicials<\/b><\/span><\/p>\n<\/td>\n<td style=\"background: #f1f1f1; width: 234px;\" colspan=\"2\" bgcolor=\"#f1f1f1\">\n<p lang=\"ca-ES\" align=\"center\"><span style=\"font-size: small;\"><b>Reserva per a<\/b><\/span><\/p>\n<p lang=\"ca-ES\" align=\"center\"><span style=\"font-size: small;\"><b>alumnes del centre<\/b><\/span><\/p>\n<\/td>\n<td style=\"background: #f1f1f1; width: 236px;\" colspan=\"2\" bgcolor=\"#f1f1f1\">\n<p lang=\"ca-ES\" align=\"left\"><span style=\"font-size: small;\"><b>Oferta de places<\/b><\/span><\/p>\n<\/td>\n<\/tr>\n<tr valign=\"top\">\n<td style=\"background: #f1f1f1; width: 120px;\" bgcolor=\"#f1f1f1\">\n<p lang=\"ca-ES\" align=\"left\"><span style=\"font-size: small;\"><i>Ordin\u00e0ries<\/i><\/span><\/p>\n<\/td>\n<td style=\"background: #f1f1f1; width: 113px;\" bgcolor=\"#f1f1f1\">\n<p lang=\"ca-ES\" align=\"left\"><span style=\"font-size: small;\"><i>NEE<\/i><\/span><\/p>\n<\/td>\n<td style=\"background: #f1f1f1; width: 121px;\" bgcolor=\"#f1f1f1\">\n<p lang=\"ca-ES\" align=\"left\"><span style=\"font-size: small;\"><i>Ordin\u00e0ries<\/i><\/span><\/p>\n<\/td>\n<td style=\"background: #f1f1f1; width: 113px;\" bgcolor=\"#f1f1f1\">\n<p lang=\"ca-ES\" align=\"left\"><span style=\"font-size: small;\"><i>NEE<\/i><\/span><\/p>\n<\/td>\n<td style=\"background: #f1f1f1; width: 123px;\" bgcolor=\"#f1f1f1\">\n<p lang=\"ca-ES\" align=\"left\"><span style=\"font-size: small;\"><i>Ordin\u00e0ries<\/i><\/span><\/p>\n<\/td>\n<td style=\"background: #f1f1f1; width: 113px;\" bgcolor=\"#f1f1f1\">\n<p lang=\"ca-ES\" align=\"left\"><span style=\"font-size: small;\"><i>NEE<\/i><\/span><\/p>\n<\/td>\n<\/tr>\n<\/tbody>\n<tbody>\n<tr valign=\"top\">\n<td style=\"width: 74px;\" height=\"11\">\n<p lang=\"ca-ES\" align=\"center\"><span style=\"font-size: small;\">1<\/span><\/p>\n<\/td>\n<td style=\"width: 120px;\">\n<p lang=\"ca-ES\" align=\"right\"><span style=\"font-size: small;\">44<\/span><\/p>\n<\/td>\n<td style=\"width: 113px;\">\n<p lang=\"ca-ES\" align=\"right\"><span style=\"font-size: small;\">6<\/span><\/p>\n<\/td>\n<td style=\"width: 121px;\">\n<p lang=\"ca-ES\" align=\"right\"><span style=\"font-size: small;\">46<\/span><\/p>\n<\/td>\n<td style=\"width: 113px;\">\n<p lang=\"ca-ES\" align=\"right\"><span style=\"font-size: small;\">3<\/span><\/p>\n<\/td>\n<td style=\"width: 123px;\">\n<p lang=\"ca-ES\" align=\"right\"><span style=\"font-size: small;\">0<\/span><\/p>\n<\/td>\n<td style=\"width: 113px;\">\n<p lang=\"ca-ES\" align=\"right\"><span style=\"font-size: small;\">1<\/span><\/p>\n<\/td>\n<\/tr>\n<\/tbody>\n<tbody>\n<tr valign=\"top\">\n<td style=\"width: 74px;\" height=\"12\">\n<p lang=\"ca-ES\" align=\"center\"><span style=\"font-size: small;\">2<\/span><\/p>\n<\/td>\n<td style=\"width: 120px;\">\n<p lang=\"ca-ES\" align=\"right\"><span style=\"font-size: small;\">44<\/span><\/p>\n<\/td>\n<td style=\"width: 113px;\">\n<p lang=\"ca-ES\" align=\"right\"><span style=\"font-size: small;\">6<\/span><\/p>\n<\/td>\n<td style=\"width: 121px;\">\n<p lang=\"ca-ES\" align=\"right\"><span style=\"font-size: small;\">49<\/span><\/p>\n<\/td>\n<td style=\"width: 113px;\">\n<p lang=\"ca-ES\" align=\"right\"><span style=\"font-size: small;\">1<\/span><\/p>\n<\/td>\n<td style=\"width: 123px;\">\n<p lang=\"ca-ES\" align=\"right\"><span style=\"font-size: small;\">0<\/span><\/p>\n<\/td>\n<td style=\"width: 113px;\">\n<p lang=\"ca-ES\" align=\"right\"><span style=\"font-size: small;\">0<\/span><\/p>\n<\/td>\n<\/tr>\n<\/tbody>\n<tbody>\n<tr valign=\"top\">\n<td style=\"width: 74px;\" height=\"12\">\n<p lang=\"ca-ES\" align=\"center\"><span style=\"font-size: small;\">3<\/span><\/p>\n<\/td>\n<td style=\"width: 120px;\">\n<p lang=\"ca-ES\" align=\"right\"><span style=\"font-size: small;\">44<\/span><\/p>\n<\/td>\n<td style=\"width: 113px;\">\n<p lang=\"ca-ES\" align=\"right\"><span style=\"font-size: small;\">6<\/span><\/p>\n<\/td>\n<td style=\"width: 121px;\">\n<p lang=\"ca-ES\" align=\"right\"><span style=\"font-size: small;\">49<\/span><\/p>\n<\/td>\n<td style=\"width: 113px;\">\n<p lang=\"ca-ES\" align=\"right\"><span style=\"font-size: small;\">2<\/span><\/p>\n<\/td>\n<td style=\"width: 123px;\">\n<p lang=\"ca-ES\" align=\"right\"><span style=\"font-size: small;\">0<\/span><\/p>\n<\/td>\n<td style=\"width: 113px;\">\n<p lang=\"ca-ES\" align=\"right\"><span style=\"font-size: small;\">0<\/span><\/p>\n<\/td>\n<\/tr>\n<\/tbody>\n<tbody>\n<tr valign=\"top\">\n<td style=\"width: 74px;\" height=\"12\">\n<p lang=\"ca-ES\" align=\"center\"><span style=\"font-size: small;\">4<\/span><\/p>\n<\/td>\n<td style=\"width: 120px;\">\n<p lang=\"ca-ES\" align=\"right\"><span style=\"font-size: small;\">44<\/span><\/p>\n<\/td>\n<td style=\"width: 113px;\">\n<p lang=\"ca-ES\" align=\"right\"><span style=\"font-size: small;\">6<\/span><\/p>\n<\/td>\n<td style=\"width: 121px;\">\n<p lang=\"ca-ES\" align=\"right\"><span style=\"font-size: small;\">50<\/span><\/p>\n<\/td>\n<td style=\"width: 113px;\">\n<p lang=\"ca-ES\" align=\"right\"><span style=\"font-size: small;\">1<\/span><\/p>\n<\/td>\n<td style=\"width: 123px;\">\n<p lang=\"ca-ES\" align=\"right\"><span style=\"font-size: small;\">0<\/span><\/p>\n<\/td>\n<td style=\"width: 113px;\">\n<p lang=\"ca-ES\" align=\"right\"><span style=\"font-size: small;\">0<\/span><\/p>\n<\/td>\n<\/tr>\n<\/tbody>\n<tbody>\n<tr valign=\"top\">\n<td style=\"width: 74px;\" height=\"12\">\n<p lang=\"ca-ES\" align=\"center\"><span style=\"font-size: small;\">5<\/span><\/p>\n<\/td>\n<td style=\"width: 120px;\">\n<p lang=\"ca-ES\" align=\"right\"><span style=\"font-size: small;\">44<\/span><\/p>\n<\/td>\n<td style=\"width: 113px;\">\n<p lang=\"ca-ES\" align=\"right\"><span style=\"font-size: small;\">6<\/span><\/p>\n<\/td>\n<td style=\"width: 121px;\">\n<p lang=\"ca-ES\" align=\"right\"><span style=\"font-size: small;\">49<\/span><\/p>\n<\/td>\n<td style=\"width: 113px;\">\n<p lang=\"ca-ES\" align=\"right\"><span style=\"font-size: small;\">1<\/span><\/p>\n<\/td>\n<td style=\"width: 123px;\">\n<p lang=\"ca-ES\" align=\"right\"><span style=\"font-size: small;\">0<\/span><\/p>\n<\/td>\n<td style=\"width: 113px;\">\n<p lang=\"ca-ES\" align=\"right\"><span style=\"font-size: small;\">0<\/span><\/p>\n<\/td>\n<\/tr>\n<\/tbody>\n<tbody>\n<tr valign=\"top\">\n<td style=\"width: 74px;\" height=\"11\">\n<p lang=\"ca-ES\" align=\"center\"><span style=\"font-size: small;\">6<\/span><\/p>\n<\/td>\n<td style=\"width: 120px;\">\n<p lang=\"ca-ES\" align=\"right\"><span style=\"font-size: small;\">44<\/span><\/p>\n<\/td>\n<td style=\"width: 113px;\">\n<p lang=\"ca-ES\" align=\"right\"><span style=\"font-size: small;\">6<\/span><\/p>\n<\/td>\n<td style=\"width: 121px;\">\n<p lang=\"ca-ES\" align=\"right\"><span style=\"font-size: small;\">49<\/span><\/p>\n<\/td>\n<td style=\"width: 113px;\">\n<p lang=\"ca-ES\" align=\"right\"><span style=\"font-size: small;\">2<\/span><\/p>\n<\/td>\n<td style=\"width: 123px;\">\n<p lang=\"ca-ES\" align=\"right\"><span style=\"font-size: small;\">0<\/span><\/p>\n<\/td>\n<td style=\"width: 113px;\">\n<p lang=\"ca-ES\" align=\"right\"><span style=\"font-size: small;\">0<\/span><\/p>\n<\/td>\n<\/tr>\n<\/tbody>\n<\/table>\n","protected":false},"excerpt":{"rendered":"<p>Publicaci\u00f3 de l&#8217;oferta inicial de places<br \/>\na 08\/05\/2020 (pot estar subjecte a canvis)<br \/>\n08036135 &#8211; Escola Joan Coret pl. dels Voluntaris Ol\u00edmpics, 1-3 08917 Badalona<\/p>\n<p>EINFLOE 2C &#8211; Educaci\u00f3 infantil: Parvulari &#8211; Di\u00fcrn\/Mat\u00ed i tarda<\/p>\n<p>Curs<\/p>\n<p>Places inicials<\/p>\n<p>Reserva per a<br \/>\nalumnes del centre<\/p>\n<p>Oferta de places<\/p>\n<p>Ordin\u00e0ries<\/p>\n<p>NEE<\/p>\n<p>Ordin\u00e0ries<\/p>\n<p>NEE<\/p>\n<p>Ordin\u00e0ries<\/p>\n<p>NEE<\/p>\n<p>1<\/p>\n<p>22<\/p>\n<p>3<\/p>\n<p>0<\/p>\n<p>0<\/p>\n<p>22<\/p>\n<p>3<\/p>\n<p>2<\/p>\n<p>44<\/p>\n<p>6<\/p>\n<p>33<\/p>\n<p>1<\/p>\n<p>11<\/p>\n<p>5<\/p>\n<p>3<\/p>\n<p>44<\/p>\n<p>6<\/p>\n<p>47<\/p>\n<p>2<\/p>\n<p>0<\/p>\n<p>1<\/p>\n<p>EPRILOE &#8211; Educaci\u00f3 prim\u00e0ria &#8211; Di\u00fcrn\/Mat\u00ed&hellip;  <a href=\"https:\/\/agora.xtec.cat\/ceip-joan-coret\/pre-inscripcio-curs-2021-22\/oferta-inicial-de-places\/\" title=\"Read Oferta Inicial de places\">Llegeix m\u00e9s\u00bb<\/a><\/p>\n","protected":false},"author":3,"featured_media":0,"parent":3716,"menu_order":0,"comment_status":"closed","ping_status":"closed","template":"","meta":{"_bbp_topic_count":0,"_bbp_reply_count":0,"_bbp_total_topic_count":0,"_bbp_total_reply_count":0,"_bbp_voice_count":0,"_bbp_anonymous_reply_count":0,"_bbp_topic_count_hidden":0,"_bbp_reply_count_hidden":0,"_bbp_forum_subforum_count":0,"footnotes":""},"class_list":["post-3745","page","type-page","status-publish","hentry"],"post_mailing_queue_ids":[],"_links":{"self":[{"href":"https:\/\/agora.xtec.cat\/ceip-joan-coret\/wp-json\/wp\/v2\/pages\/3745","targetHints":{"allow":["GET"]}}],"collection":[{"href":"https:\/\/agora.xtec.cat\/ceip-joan-coret\/wp-json\/wp\/v2\/pages"}],"about":[{"href":"https:\/\/agora.xtec.cat\/ceip-joan-coret\/wp-json\/wp\/v2\/types\/page"}],"author":[{"embeddable":true,"href":"https:\/\/agora.xtec.cat\/ceip-joan-coret\/wp-json\/wp\/v2\/users\/3"}],"replies":[{"embeddable":true,"href":"https:\/\/agora.xtec.cat\/ceip-joan-coret\/wp-json\/wp\/v2\/comments?post=3745"}],"version-history":[{"count":1,"href":"https:\/\/agora.xtec.cat\/ceip-joan-coret\/wp-json\/wp\/v2\/pages\/3745\/revisions"}],"predecessor-version":[{"id":3746,"href":"https:\/\/agora.xtec.cat\/ceip-joan-coret\/wp-json\/wp\/v2\/pages\/3745\/revisions\/3746"}],"up":[{"embeddable":true,"href":"https:\/\/agora.xtec.cat\/ceip-joan-coret\/wp-json\/wp\/v2\/pages\/3716"}],"wp:attachment":[{"href":"https:\/\/agora.xtec.cat\/ceip-joan-coret\/wp-json\/wp\/v2\/media?parent=3745"}],"curies":[{"name":"wp","href":"https:\/\/api.w.org\/{rel}","templated":true}]}}