{"id":10276,"date":"2022-09-03T15:36:28","date_gmt":"2022-09-03T13:36:28","guid":{"rendered":"https:\/\/agora.xtec.cat\/ceip-jbalmes-cervera\/?page_id=10276"},"modified":"2025-11-05T08:45:08","modified_gmt":"2025-11-05T07:45:08","slug":"qui-som","status":"publish","type":"page","link":"https:\/\/agora.xtec.cat\/ceip-jbalmes-cervera\/lescola\/qui-som\/","title":{"rendered":"Qui som?"},"content":{"rendered":"\n<p><strong>EQUIP DIRECTIU<\/strong><\/p>\n\n\n\n<figure class=\"wp-block-table\"><table><tbody><tr><td>Maria \u00c0ngels Collado Segura<\/td><td><em>Directora<\/em><\/td><\/tr><tr><td>Paquita Torn\u00e9 Segu\u00e9s<\/td><td><em>Cap d&#8217;estudis<\/em><\/td><\/tr><tr><td>Merc\u00e8 Garcia Chueca<\/td><td><em>Secretaria<\/em><\/td><\/tr><\/tbody><\/table><\/figure>\n\n\n\n<p><strong>TUTORIES<\/strong><\/p>\n\n\n\n\n\n<div class=\"wp-block-getwid-accordion has-icon-left\" data-active-element=\"none\"><\/div>\n\n\n\n<figure class=\"wp-block-table\"><table><tbody><tr><td>S\u00edlvia Macarulla Osuna<\/td><td>i3 A<\/td><\/tr><tr><td>Agn\u00e8s Prat Companys \/ Meritxell Vilalta Mases<\/td><td>i3 B<\/td><\/tr><tr><td>Carina Balasch Herrera \/ Anna Parial Estrada <\/td><td>i4 A<\/td><\/tr><tr><td>Imma Cos Sol\u00e9<\/td><td>i4 B<\/td><\/tr><tr><td>Maria Rosa Codina Tarruella<\/td><td>i5 A<\/td><\/tr><tr><td>Merc\u00e8 Coll Segarra<\/td><td>i5 B<\/td><\/tr><tr><td>M\u00edriam Mart\u00edn Jim\u00e9nez<\/td><td>1r A<\/td><\/tr><tr><td>Olga Berenguer Sa\u00fcch<\/td><td>1r B<\/td><\/tr><tr><td>N\u00faria Hidalgo Carcasona<\/td><td>2n<\/td><\/tr><tr><td>Marta Bertran Vicens<\/td><td>3r A<\/td><\/tr><tr><td>Marta Mart\u00ednez Hidalgo<\/td><td>3r B<\/td><\/tr><tr><td>Teresa Montany\u00e0 Estany<\/td><td>4t A<\/td><\/tr><tr><td>Maria Riu Casajuana<\/td><td>4t B<\/td><\/tr><tr><td>Isabel Solsona Potrony<\/td><td>5\u00e8 A<\/td><\/tr><tr><td>Martina Merc\u00e8 Moreno<\/td><td>5\u00e8 B<\/td><\/tr><tr><td>Carles Sala Tamarit<\/td><td>6\u00e8 A<\/td><\/tr><tr><td>Violant Sol\u00e9 Sol\u00e0<\/td><td>6\u00e8 B<\/td><\/tr><\/tbody><\/table><\/figure>\n\n\n\n<p><strong>ESPECIALITATS<\/strong><\/p>\n\n\n\n<figure class=\"wp-block-table\"><table><tbody><tr><td>M\u00edriam Mart\u00edn Jim\u00e9nez<\/td><td>Angl\u00e8s<\/td><\/tr><tr><td>M.Teresa Lluelles Riera<\/td><td>Angl\u00e8s<\/td><\/tr><tr><td>Anna Massafrets Xandri<\/td><td>Angl\u00e8s<\/td><\/tr><tr><td>N\u00faria Font Guim<\/td><td>M\u00fasica<\/td><\/tr><tr><td>Sabina Lopez Sans<\/td><td>Pedagogia Terap\u00e8utica<\/td><\/tr><tr><td>Mireia Sendra Fenollar<\/td><td>Pedagogia Terap\u00e8utica<\/td><\/tr><tr><td>Albert Torramorell Freixes<\/td><td>Educaci\u00f3 F\u00edsica<\/td><\/tr><tr><td>Immaculada Cober\u00f3 Tarragona<\/td><td>Educaci\u00f3 F\u00edsica<\/td><\/tr><tr><td>Noem\u00ed Cano Lima<\/td><td>Religi\u00f3<\/td><\/tr><tr><td>Gemma C\u00f2nsul Pou<\/td><td>Suport Educaci\u00f3 Infantil<\/td><\/tr><tr><td>Anna Tuxans Miret<\/td><td>Suport Educaci\u00f3 Infantil<\/td><\/tr><tr><td>Gemma Gusi Puig<\/td><td>Aula d&#8217;Acollida<\/td><\/tr><tr><td>Carla Chac\u00f3n Ben\u00edtez<\/td><td>Audici\u00f3 i llenguatge<\/td><\/tr><tr><td>J\u00falia Dalghi Roig<\/td><td>PCTEI<\/td><\/tr><\/tbody><\/table><\/figure>\n\n\n\n<p><strong>PAS\/PAE<\/strong><\/p>\n\n\n\n<figure class=\"wp-block-table\"><table><tbody><tr><td>Marta Ciurana Moragues<\/td><td>Administrativa<\/td><\/tr><tr><td>Joan Ramon Minguella Camps<\/td><td>Conserge<\/td><\/tr><tr><td>Soraya Sanfeliu Seroles<\/td><td>T\u00e8cnica d&#8217;educaci\u00f3 infantil<\/td><\/tr><\/tbody><\/table><\/figure>\n","protected":false},"excerpt":{"rendered":"<p>EQUIP DIRECTIU Maria \u00c0ngels Collado Segura Directora Paquita Torn\u00e9 Segu\u00e9s Cap d&#8217;estudis Merc\u00e8 Garcia Chueca Secretaria TUTORIES S\u00edlvia Macarulla Osuna i3 A Agn\u00e8s Prat Companys \/ Meritxell Vilalta Mases i3 B Carina Balasch Herrera \/ Anna Parial Estrada i4 A Imma Cos Sol\u00e9 i4 B Maria Rosa Codina Tarruella i5 A Merc\u00e8 Coll Segarra i5 [&hellip;]<\/p>\n","protected":false},"author":74,"featured_media":0,"parent":22,"menu_order":0,"comment_status":"closed","ping_status":"closed","template":"","meta":{"_bbp_topic_count":0,"_bbp_reply_count":0,"_bbp_total_topic_count":0,"_bbp_total_reply_count":0,"_bbp_voice_count":0,"_bbp_anonymous_reply_count":0,"_bbp_topic_count_hidden":0,"_bbp_reply_count_hidden":0,"_bbp_forum_subforum_count":0,"site-sidebar-layout":"default","site-content-layout":"","ast-site-content-layout":"default","site-content-style":"default","site-sidebar-style":"default","ast-global-header-display":"","ast-banner-title-visibility":"","ast-main-header-display":"","ast-hfb-above-header-display":"","ast-hfb-below-header-display":"","ast-hfb-mobile-header-display":"","site-post-title":"","ast-breadcrumbs-content":"","ast-featured-img":"","footer-sml-layout":"","theme-transparent-header-meta":"","adv-header-id-meta":"","stick-header-meta":"","header-above-stick-meta":"","header-main-stick-meta":"","header-below-stick-meta":"","astra-migrate-meta-layouts":"set","ast-page-background-enabled":"default","ast-page-background-meta":{"desktop":{"background-color":"var(--ast-global-color-4)","background-image":"","background-repeat":"repeat","background-position":"center center","background-size":"auto","background-attachment":"scroll","background-type":"","background-media":"","overlay-type":"","overlay-color":"","overlay-opacity":"","overlay-gradient":""},"tablet":{"background-color":"","background-image":"","background-repeat":"repeat","background-position":"center center","background-size":"auto","background-attachment":"scroll","background-type":"","background-media":"","overlay-type":"","overlay-color":"","overlay-opacity":"","overlay-gradient":""},"mobile":{"background-color":"","background-image":"","background-repeat":"repeat","background-position":"center center","background-size":"auto","background-attachment":"scroll","background-type":"","background-media":"","overlay-type":"","overlay-color":"","overlay-opacity":"","overlay-gradient":""}},"ast-content-background-meta":{"desktop":{"background-color":"var(--ast-global-color-5)","background-image":"","background-repeat":"repeat","background-position":"center center","background-size":"auto","background-attachment":"scroll","background-type":"","background-media":"","overlay-type":"","overlay-color":"","overlay-opacity":"","overlay-gradient":""},"tablet":{"background-color":"var(--ast-global-color-5)","background-image":"","background-repeat":"repeat","background-position":"center center","background-size":"auto","background-attachment":"scroll","background-type":"","background-media":"","overlay-type":"","overlay-color":"","overlay-opacity":"","overlay-gradient":""},"mobile":{"background-color":"var(--ast-global-color-5)","background-image":"","background-repeat":"repeat","background-position":"center center","background-size":"auto","background-attachment":"scroll","background-type":"","background-media":"","overlay-type":"","overlay-color":"","overlay-opacity":"","overlay-gradient":""}},"footnotes":""},"class_list":["post-10276","page","type-page","status-publish","hentry"],"post_mailing_queue_ids":[],"_links":{"self":[{"href":"https:\/\/agora.xtec.cat\/ceip-jbalmes-cervera\/wp-json\/wp\/v2\/pages\/10276","targetHints":{"allow":["GET"]}}],"collection":[{"href":"https:\/\/agora.xtec.cat\/ceip-jbalmes-cervera\/wp-json\/wp\/v2\/pages"}],"about":[{"href":"https:\/\/agora.xtec.cat\/ceip-jbalmes-cervera\/wp-json\/wp\/v2\/types\/page"}],"author":[{"embeddable":true,"href":"https:\/\/agora.xtec.cat\/ceip-jbalmes-cervera\/wp-json\/wp\/v2\/users\/74"}],"replies":[{"embeddable":true,"href":"https:\/\/agora.xtec.cat\/ceip-jbalmes-cervera\/wp-json\/wp\/v2\/comments?post=10276"}],"version-history":[{"count":6,"href":"https:\/\/agora.xtec.cat\/ceip-jbalmes-cervera\/wp-json\/wp\/v2\/pages\/10276\/revisions"}],"predecessor-version":[{"id":13123,"href":"https:\/\/agora.xtec.cat\/ceip-jbalmes-cervera\/wp-json\/wp\/v2\/pages\/10276\/revisions\/13123"}],"up":[{"embeddable":true,"href":"https:\/\/agora.xtec.cat\/ceip-jbalmes-cervera\/wp-json\/wp\/v2\/pages\/22"}],"wp:attachment":[{"href":"https:\/\/agora.xtec.cat\/ceip-jbalmes-cervera\/wp-json\/wp\/v2\/media?parent=10276"}],"curies":[{"name":"wp","href":"https:\/\/api.w.org\/{rel}","templated":true}]}}