{"id":6176,"date":"2022-03-03T18:11:34","date_gmt":"2022-03-03T17:11:34","guid":{"rendered":"https:\/\/agora.xtec.cat\/ceip-jacint-verdaguer-tarrega\/?page_id=6176"},"modified":"2025-03-06T12:10:24","modified_gmt":"2025-03-06T11:10:24","slug":"informacio-general-escola","status":"publish","type":"page","link":"https:\/\/agora.xtec.cat\/ceip-jacint-verdaguer-tarrega\/pagines-dinici\/preinscripcio-i-matricula-25-26\/informacio-general-escola\/","title":{"rendered":"Informaci\u00f3 general escola"},"content":{"rendered":"<p>A continuaci\u00f3 podeu veure alguns v\u00eddeos informatius de l&#8217;escola, consultar una presentaci\u00f3 sobre el treball a educaci\u00f3 infantil, els serveis i les quotes de l&#8217;AFA&#8230; i molta m\u00e9s informaci\u00f3 sobre el Jacint Verdaguer.<\/p>\n<table style=\"border-collapse: collapse; width: 100%; height: 1433px;\">\n<tbody>\n<tr style=\"height: 66px;\">\n<td style=\"width: 50%; height: 66px;\" colspan=\"2\">\n<h3 style=\"text-align: center;\">V\u00cdDEOS EXPLICATIUS<\/h3>\n<\/td>\n<\/tr>\n<tr style=\"height: 444px;\">\n<td style=\"width: 50%; height: 444px;\">\n<p style=\"text-align: center;\"><strong style=\"font-size: 16px; text-align: center;\">Un dia al Jacint!<\/strong><\/p>\n<p style=\"text-align: center;\"><iframe loading=\"lazy\" src=\"https:\/\/drive.google.com\/file\/d\/1VEnQSzfE_aZID6hGqmGPPlfmCPvko_KT\/preview\" width=\"480\" height=\"360\"><span data-mce-type=\"bookmark\" style=\"display: inline-block; width: 0px; overflow: hidden; line-height: 0;\" class=\"mce_SELRES_start\">\ufeff<\/span><\/iframe><\/p>\n<\/td>\n<td style=\"width: 50%; text-align: center; height: 444px;\"><strong style=\"font-size: 16px; text-align: center;\">Celebrem les festes de Nadal<\/strong><\/p>\n<p><iframe loading=\"lazy\" title=\"YouTube video player\" src=\"https:\/\/www.youtube.com\/embed\/k91-t4_ZOlk?si=R0H0j6R849Vhd_nW\" width=\"480\" height=\"360\" frameborder=\"0\" allowfullscreen=\"allowfullscreen\"><span data-mce-type=\"bookmark\" style=\"display: inline-block; width: 0px; overflow: hidden; line-height: 0;\" class=\"mce_SELRES_start\">\ufeff<\/span><\/iframe><\/td>\n<\/tr>\n<tr style=\"height: 442px;\">\n<td style=\"width: 50%; text-align: center; height: 442px;\"><strong>L&#8217;AFA i el servei de menjador<\/strong><\/p>\n<p><iframe loading=\"lazy\" src=\"https:\/\/drive.google.com\/file\/d\/1wSzNFtaHpze3EKdF3DAmJW2AX88ROFZq\/preview\" width=\"480\" height=\"360\"><\/iframe><\/td>\n<td style=\"width: 50%; text-align: center; height: 442px;\"><strong>Les instal\u00b7lacions<\/strong><\/p>\n<p style=\"text-align: center;\"><iframe loading=\"lazy\" src=\"https:\/\/www.youtube.com\/embed\/CweGOfL91tI\" width=\"480\" height=\"360\"><span style=\"display: inline-block; width: 0px; overflow: hidden; line-height: 0;\" data-mce-type=\"bookmark\" class=\"mce_SELRES_start\">\ufeff<\/span><\/iframe><\/p>\n<\/td>\n<\/tr>\n<tr style=\"height: 481px;\">\n<td style=\"width: 50%; text-align: center; height: 481px;\"><strong>Projecte educatiu<\/strong><\/p>\n<p><iframe loading=\"lazy\" title=\"YouTube video player\" src=\"https:\/\/www.youtube.com\/embed\/gOGeT9z43cw?si=YGqYxKDsRRrzTvND\" width=\"480\" height=\"360\" frameborder=\"0\" allowfullscreen=\"allowfullscreen\"><span data-mce-type=\"bookmark\" style=\"display: inline-block; width: 0px; overflow: hidden; line-height: 0;\" class=\"mce_SELRES_start\">\ufeff<\/span><\/iframe><\/td>\n<td style=\"width: 50%; text-align: center; height: 481px;\"><strong>Espais d&#8217;aprenentatge<\/strong><\/p>\n<p><iframe loading=\"lazy\" title=\"YouTube video player\" src=\"https:\/\/www.youtube.com\/embed\/7VoYeGd3wzQ?si=W4QJ8dCeZw8y0wn-\" width=\"480\" height=\"360\" frameborder=\"0\" allowfullscreen=\"allowfullscreen\"><\/iframe><strong>\u00a0<\/strong><\/td>\n<\/tr>\n<\/tbody>\n<\/table>\n<p>&nbsp;<\/p>\n<p style=\"text-align: center;\"><strong>EDUCACI\u00d3 INFANTIL<\/strong><\/p>\n<p style=\"text-align: center;\"><iframe loading=\"lazy\" src=\"https:\/\/drive.google.com\/file\/d\/1yhVS3JjSCnJsqLCKQUbCNAno4tBy4j8N\/preview\" width=\"1020\" height=\"576\"><span data-mce-type=\"bookmark\" style=\"display: inline-block; width: 0px; overflow: hidden; line-height: 0;\" class=\"mce_SELRES_start\">\ufeff<\/span><\/iframe><\/p>\n<p>&nbsp;<\/p>\n<p style=\"text-align: center;\"><strong>SERVEIS DE L&#8217;AFA<\/strong><\/p>\n<p style=\"text-align: center;\"><iframe loading=\"lazy\" src=\"https:\/\/drive.google.com\/file\/d\/1wBUOXAXmtWPoohP4pIDYOZTw8ZhhoLD5\/preview\" width=\"1020\" height=\"576\"><\/iframe><\/p>\n<p>&nbsp;<\/p>\n<p style=\"text-align: center;\"><strong>ASPECTES GENERALS<\/strong><\/p>\n<p style=\"text-align: center;\"><iframe loading=\"lazy\" src=\"https:\/\/drive.google.com\/file\/d\/1oDJwAHxcY2sMgTZuiBCVvqOvzugZJm5U\/preview\" width=\"1020\" height=\"720\"><\/iframe><\/p>\n<p>&nbsp;<\/p>\n<p>Per a m\u00e9s informaci\u00f3 cliqueu als seg\u00fcents enlla\u00e7os:<\/p>\n<p><a href=\"https:\/\/agora.xtec.cat\/ceip-jacint-verdaguer-tarrega\/pagines-dinici\/lescola\/\">L&#8217;ESCOLA<\/a><\/p>\n<p><a href=\"https:\/\/agora.xtec.cat\/ceip-jacint-verdaguer-tarrega\/pagines-dinici\/lafa-del-jacint-verdaguer\/\">L&#8217;AFA: ASSOCIACI\u00d3 DE FAM\u00cdLIES D&#8217;ALUMNES<\/a><\/p>\n<p><a href=\"https:\/\/agora.xtec.cat\/ceip-jacint-verdaguer-tarrega\/pagines-dinici\/projecte-educatiu\/\">PROJECTE EDUCATIU<\/a><\/p>\n<p><a href=\"https:\/\/agora.xtec.cat\/ceip-jacint-verdaguer-tarrega\/pagines-dinici\/blogs-de-lescola\/\">BLOGS DE L&#8217;ESCOLA<\/a><\/p>\n<p><a href=\"https:\/\/agora.xtec.cat\/ceip-jacint-verdaguer-tarrega\/pagines-dinici\/documents-descola\/\">DOCUMENTS D&#8217;ESCOLA, PREUS MATERIAL I LLIBRES DE TEXT<\/a><\/p>\n<p>&nbsp;<\/p>\n<p>Per qualsevol altre dubte o q\u00fcesti\u00f3 que vulgueu comentar-nos podeu <a href=\"https:\/\/agora.xtec.cat\/ceip-jacint-verdaguer-tarrega\/pagines-dinici\/lescola\/on-som\/\">contactar<\/a> amb nosaltres per tel\u00e8fon o per correu electr\u00f2nic:<\/p>\n<ul>\n<li style=\"list-style-type: none;\">\n<ul>\n<li style=\"list-style-type: none;\">\n<ul>\n<li>973 31 06 48 (Horaris 09:00-13:30 i 15:00-16:30)<\/li>\n<li><a href=\"mailto:c5004462@xtec.cat\">c5004462@xtec.cat\u00a0<\/a><\/li>\n<\/ul>\n<\/li>\n<\/ul>\n<\/li>\n<\/ul>\n<p><a href=\"https:\/\/agora.xtec.cat\/ceip-jacint-verdaguer-tarrega\/pagines-dinici\/preinscripcio-i-matricula-25-26\/\"><img loading=\"lazy\" decoding=\"async\" class=\"aligncenter wp-image-10023 size-large\" src=\"https:\/\/agora.xtec.cat\/ceip-jacint-verdaguer-tarrega\/wp-content\/uploads\/usu312\/2025\/02\/Preinscripcio-25-26-1024x352.jpg\" alt=\"\" width=\"1024\" height=\"352\" srcset=\"https:\/\/agora.xtec.cat\/ceip-jacint-verdaguer-tarrega\/wp-content\/uploads\/usu312\/2025\/02\/Preinscripcio-25-26-1024x352.jpg 1024w, https:\/\/agora.xtec.cat\/ceip-jacint-verdaguer-tarrega\/wp-content\/uploads\/usu312\/2025\/02\/Preinscripcio-25-26-300x103.jpg 300w, https:\/\/agora.xtec.cat\/ceip-jacint-verdaguer-tarrega\/wp-content\/uploads\/usu312\/2025\/02\/Preinscripcio-25-26-768x264.jpg 768w, https:\/\/agora.xtec.cat\/ceip-jacint-verdaguer-tarrega\/wp-content\/uploads\/usu312\/2025\/02\/Preinscripcio-25-26.jpg 1248w\" sizes=\"auto, (max-width: 1024px) 100vw, 1024px\" \/><\/a><\/p>\n","protected":false},"excerpt":{"rendered":"<p>A continuaci\u00f3 podeu veure alguns v\u00eddeos informatius de l&#8217;escola, consultar una presentaci\u00f3 sobre el treball a educaci\u00f3 infantil, els serveis i les quotes de l&#8217;AFA&#8230; i molta m\u00e9s informaci\u00f3 sobre el Jacint Verdaguer. V\u00cdDEOS EXPLICATIUS Un dia al Jacint! \ufeff Celebrem les festes de Nadal \ufeff L&#8217;AFA i el servei de menjador Les instal\u00b7lacions \ufeff [&hellip;]<\/p>\n","protected":false},"author":1,"featured_media":0,"parent":4573,"menu_order":1,"comment_status":"closed","ping_status":"closed","template":"page-templates\/side-menu.php","meta":{"_bbp_topic_count":0,"_bbp_reply_count":0,"_bbp_total_topic_count":0,"_bbp_total_reply_count":0,"_bbp_voice_count":0,"_bbp_anonymous_reply_count":0,"_bbp_topic_count_hidden":0,"_bbp_reply_count_hidden":0,"_bbp_forum_subforum_count":0,"site-sidebar-layout":"default","site-content-layout":"","ast-site-content-layout":"","site-content-style":"default","site-sidebar-style":"default","ast-global-header-display":"","ast-banner-title-visibility":"","ast-main-header-display":"","ast-hfb-above-header-display":"","ast-hfb-below-header-display":"","ast-hfb-mobile-header-display":"","site-post-title":"","ast-breadcrumbs-content":"","ast-featured-img":"","footer-sml-layout":"","theme-transparent-header-meta":"","adv-header-id-meta":"","stick-header-meta":"","header-above-stick-meta":"","header-main-stick-meta":"","header-below-stick-meta":"","astra-migrate-meta-layouts":"default","ast-page-background-enabled":"default","ast-page-background-meta":{"desktop":{"background-color":"var(--ast-global-color-4)","background-image":"","background-repeat":"repeat","background-position":"center center","background-size":"auto","background-attachment":"scroll","background-type":"","background-media":"","overlay-type":"","overlay-color":"","overlay-opacity":"","overlay-gradient":""},"tablet":{"background-color":"","background-image":"","background-repeat":"repeat","background-position":"center center","background-size":"auto","background-attachment":"scroll","background-type":"","background-media":"","overlay-type":"","overlay-color":"","overlay-opacity":"","overlay-gradient":""},"mobile":{"background-color":"","background-image":"","background-repeat":"repeat","background-position":"center center","background-size":"auto","background-attachment":"scroll","background-type":"","background-media":"","overlay-type":"","overlay-color":"","overlay-opacity":"","overlay-gradient":""}},"ast-content-background-meta":{"desktop":{"background-color":"var(--ast-global-color-5)","background-image":"","background-repeat":"repeat","background-position":"center center","background-size":"auto","background-attachment":"scroll","background-type":"","background-media":"","overlay-type":"","overlay-color":"","overlay-opacity":"","overlay-gradient":""},"tablet":{"background-color":"var(--ast-global-color-5)","background-image":"","background-repeat":"repeat","background-position":"center center","background-size":"auto","background-attachment":"scroll","background-type":"","background-media":"","overlay-type":"","overlay-color":"","overlay-opacity":"","overlay-gradient":""},"mobile":{"background-color":"var(--ast-global-color-5)","background-image":"","background-repeat":"repeat","background-position":"center center","background-size":"auto","background-attachment":"scroll","background-type":"","background-media":"","overlay-type":"","overlay-color":"","overlay-opacity":"","overlay-gradient":""}},"footnotes":""},"class_list":["post-6176","page","type-page","status-publish","hentry"],"post_mailing_queue_ids":[],"_links":{"self":[{"href":"https:\/\/agora.xtec.cat\/ceip-jacint-verdaguer-tarrega\/wp-json\/wp\/v2\/pages\/6176","targetHints":{"allow":["GET"]}}],"collection":[{"href":"https:\/\/agora.xtec.cat\/ceip-jacint-verdaguer-tarrega\/wp-json\/wp\/v2\/pages"}],"about":[{"href":"https:\/\/agora.xtec.cat\/ceip-jacint-verdaguer-tarrega\/wp-json\/wp\/v2\/types\/page"}],"author":[{"embeddable":true,"href":"https:\/\/agora.xtec.cat\/ceip-jacint-verdaguer-tarrega\/wp-json\/wp\/v2\/users\/1"}],"replies":[{"embeddable":true,"href":"https:\/\/agora.xtec.cat\/ceip-jacint-verdaguer-tarrega\/wp-json\/wp\/v2\/comments?post=6176"}],"version-history":[{"count":7,"href":"https:\/\/agora.xtec.cat\/ceip-jacint-verdaguer-tarrega\/wp-json\/wp\/v2\/pages\/6176\/revisions"}],"predecessor-version":[{"id":10189,"href":"https:\/\/agora.xtec.cat\/ceip-jacint-verdaguer-tarrega\/wp-json\/wp\/v2\/pages\/6176\/revisions\/10189"}],"up":[{"embeddable":true,"href":"https:\/\/agora.xtec.cat\/ceip-jacint-verdaguer-tarrega\/wp-json\/wp\/v2\/pages\/4573"}],"wp:attachment":[{"href":"https:\/\/agora.xtec.cat\/ceip-jacint-verdaguer-tarrega\/wp-json\/wp\/v2\/media?parent=6176"}],"curies":[{"name":"wp","href":"https:\/\/api.w.org\/{rel}","templated":true}]}}