{"id":6145,"date":"2023-06-01T15:15:22","date_gmt":"2023-06-01T13:15:22","guid":{"rendered":"https:\/\/agora.xtec.cat\/ceip-jacint-verdaguer-tarrega\/?page_id=6145"},"modified":"2023-06-01T15:16:43","modified_gmt":"2023-06-01T13:16:43","slug":"proteccio-de-dades-i-seguretat","status":"publish","type":"page","link":"https:\/\/agora.xtec.cat\/ceip-jacint-verdaguer-tarrega\/pagines-dinici\/estrategia-digital-de-centre\/cultura-digital\/proteccio-de-dades-i-seguretat\/","title":{"rendered":"Protecci\u00f3 de dades i seguretat"},"content":{"rendered":"<p class=\"zfr3Q CDt4Ke \" dir=\"ltr\"><span class=\"C9DxTc \">La protecci\u00f3 de dades \u00e9s clau per garantir la seguretat de la informaci\u00f3 de l&#8217;alumnat, les seves fam\u00edlies i el professorat. En el nostre centre, aquesta protecci\u00f3 es concreta en els seg\u00fcents<\/span><span class=\"C9DxTc \">\u00a0<\/span><span class=\"C9DxTc \">aspectes:<\/span><\/p>\n<ul class=\"n8H08c UVNKR \">\n<li class=\"zfr3Q TYR86d eD0Rn \" dir=\"ltr\">\n<p class=\"zfr3Q CDt4Ke \" dir=\"ltr\" role=\"presentation\"><span class=\"C9DxTc \">Correu electr\u00f2nic.\u00a0<\/span><span class=\"C9DxTc \">Per l&#8217;<\/span><span class=\"C9DxTc \">enviament de correus cap a les fam\u00edlies sempre s&#8217;utilitza el CCO, c\u00f2pia oculta, per respectar l&#8217;anonimat i protegir les dades personals.\u00a0<\/span><\/p>\n<\/li>\n<li class=\"zfr3Q TYR86d eD0Rn \" dir=\"ltr\">\n<p class=\"zfr3Q CDt4Ke \" dir=\"ltr\" role=\"presentation\"><span class=\"C9DxTc \">Publicaci\u00f3 de llistes.<\/span><span class=\"C9DxTc \">\u00a0<\/span><span class=\"C9DxTc \">El dia a dia del centre comporta tractar dades personals de l&#8217;alumnat i aquest tractament s&#8217;ha de fer amb garantia de drets. Per aix\u00f2, sempre s&#8217;informa, es demana el consentiment quan \u00e9s necessari i es tracten nom\u00e9s les dades imprescindibles. En el cas concret de la publicaci\u00f3 de llistes, el centre segueix les directrius que marca el Departament d&#8217;Educaci\u00f3.\u00a0<\/span><\/p>\n<\/li>\n<li class=\"zfr3Q TYR86d eD0Rn \" dir=\"ltr\">\n<p class=\"zfr3Q CDt4Ke \" dir=\"ltr\" role=\"presentation\"><span class=\"C9DxTc \">I<\/span><span class=\"C9DxTc \">matges i v\u00eddeos\u00a0<\/span><span class=\"C9DxTc \">al web. <\/span><span class=\"C9DxTc \">Per poder publicar a Internet imatges i v\u00eddeos de l&#8217;alumnat mentre desenvolupen activitats educatives, a principi de curs es demana consentiment a les fam\u00edlies. Al mateix temps, el centre pren mesures concretes a l&#8217;hora de capturar una imatge o enregistrar un v\u00eddeo, es vetlla per no fer-ho en primer pla i sempre s&#8217;informa les persones implicades.\u00a0<\/span><\/p>\n<\/li>\n<li dir=\"ltr\">El centre disposa d&#8217;un sistema propi d&#8217;emmagatzemat de fotografies protegit, garantint que nom\u00e9s les fam\u00edlies tinguin acc\u00e9s a les imatges dels seus fills.<\/li>\n<\/ul>\n","protected":false},"excerpt":{"rendered":"<p>La protecci\u00f3 de dades \u00e9s clau per garantir la seguretat de la informaci\u00f3 de l&#8217;alumnat, les seves fam\u00edlies i el professorat. En el nostre centre, aquesta protecci\u00f3 es concreta en els seg\u00fcents\u00a0aspectes: Correu electr\u00f2nic.\u00a0Per l&#8217;enviament de correus cap a les fam\u00edlies sempre s&#8217;utilitza el CCO, c\u00f2pia oculta, per respectar l&#8217;anonimat i protegir les dades personals.\u00a0 [&hellip;]<\/p>\n","protected":false},"author":66,"featured_media":0,"parent":6695,"menu_order":120,"comment_status":"closed","ping_status":"closed","template":"page-templates\/side-menu.php","meta":{"_bbp_topic_count":0,"_bbp_reply_count":0,"_bbp_total_topic_count":0,"_bbp_total_reply_count":0,"_bbp_voice_count":0,"_bbp_anonymous_reply_count":0,"_bbp_topic_count_hidden":0,"_bbp_reply_count_hidden":0,"_bbp_forum_subforum_count":0,"site-sidebar-layout":"default","site-content-layout":"","ast-site-content-layout":"","site-content-style":"default","site-sidebar-style":"default","ast-global-header-display":"","ast-banner-title-visibility":"","ast-main-header-display":"","ast-hfb-above-header-display":"","ast-hfb-below-header-display":"","ast-hfb-mobile-header-display":"","site-post-title":"","ast-breadcrumbs-content":"","ast-featured-img":"","footer-sml-layout":"","theme-transparent-header-meta":"","adv-header-id-meta":"","stick-header-meta":"","header-above-stick-meta":"","header-main-stick-meta":"","header-below-stick-meta":"","astra-migrate-meta-layouts":"default","ast-page-background-enabled":"default","ast-page-background-meta":{"desktop":{"background-color":"var(--ast-global-color-4)","background-image":"","background-repeat":"repeat","background-position":"center center","background-size":"auto","background-attachment":"scroll","background-type":"","background-media":"","overlay-type":"","overlay-color":"","overlay-opacity":"","overlay-gradient":""},"tablet":{"background-color":"","background-image":"","background-repeat":"repeat","background-position":"center center","background-size":"auto","background-attachment":"scroll","background-type":"","background-media":"","overlay-type":"","overlay-color":"","overlay-opacity":"","overlay-gradient":""},"mobile":{"background-color":"","background-image":"","background-repeat":"repeat","background-position":"center center","background-size":"auto","background-attachment":"scroll","background-type":"","background-media":"","overlay-type":"","overlay-color":"","overlay-opacity":"","overlay-gradient":""}},"ast-content-background-meta":{"desktop":{"background-color":"var(--ast-global-color-5)","background-image":"","background-repeat":"repeat","background-position":"center center","background-size":"auto","background-attachment":"scroll","background-type":"","background-media":"","overlay-type":"","overlay-color":"","overlay-opacity":"","overlay-gradient":""},"tablet":{"background-color":"var(--ast-global-color-5)","background-image":"","background-repeat":"repeat","background-position":"center center","background-size":"auto","background-attachment":"scroll","background-type":"","background-media":"","overlay-type":"","overlay-color":"","overlay-opacity":"","overlay-gradient":""},"mobile":{"background-color":"var(--ast-global-color-5)","background-image":"","background-repeat":"repeat","background-position":"center center","background-size":"auto","background-attachment":"scroll","background-type":"","background-media":"","overlay-type":"","overlay-color":"","overlay-opacity":"","overlay-gradient":""}},"footnotes":""},"class_list":["post-6145","page","type-page","status-publish","hentry"],"post_mailing_queue_ids":[],"_links":{"self":[{"href":"https:\/\/agora.xtec.cat\/ceip-jacint-verdaguer-tarrega\/wp-json\/wp\/v2\/pages\/6145","targetHints":{"allow":["GET"]}}],"collection":[{"href":"https:\/\/agora.xtec.cat\/ceip-jacint-verdaguer-tarrega\/wp-json\/wp\/v2\/pages"}],"about":[{"href":"https:\/\/agora.xtec.cat\/ceip-jacint-verdaguer-tarrega\/wp-json\/wp\/v2\/types\/page"}],"author":[{"embeddable":true,"href":"https:\/\/agora.xtec.cat\/ceip-jacint-verdaguer-tarrega\/wp-json\/wp\/v2\/users\/66"}],"replies":[{"embeddable":true,"href":"https:\/\/agora.xtec.cat\/ceip-jacint-verdaguer-tarrega\/wp-json\/wp\/v2\/comments?post=6145"}],"version-history":[{"count":3,"href":"https:\/\/agora.xtec.cat\/ceip-jacint-verdaguer-tarrega\/wp-json\/wp\/v2\/pages\/6145\/revisions"}],"predecessor-version":[{"id":8132,"href":"https:\/\/agora.xtec.cat\/ceip-jacint-verdaguer-tarrega\/wp-json\/wp\/v2\/pages\/6145\/revisions\/8132"}],"up":[{"embeddable":true,"href":"https:\/\/agora.xtec.cat\/ceip-jacint-verdaguer-tarrega\/wp-json\/wp\/v2\/pages\/6695"}],"wp:attachment":[{"href":"https:\/\/agora.xtec.cat\/ceip-jacint-verdaguer-tarrega\/wp-json\/wp\/v2\/media?parent=6145"}],"curies":[{"name":"wp","href":"https:\/\/api.w.org\/{rel}","templated":true}]}}