{"id":6143,"date":"2022-06-09T15:56:24","date_gmt":"2022-06-09T13:56:24","guid":{"rendered":"https:\/\/agora.xtec.cat\/ceip-jacint-verdaguer-tarrega\/?page_id=6143"},"modified":"2023-03-09T15:46:37","modified_gmt":"2023-03-09T14:46:37","slug":"gestio-dequipaments","status":"publish","type":"page","link":"https:\/\/agora.xtec.cat\/ceip-jacint-verdaguer-tarrega\/pagines-dinici\/estrategia-digital-de-centre\/cultura-digital\/gestio-dequipaments\/","title":{"rendered":"Gesti\u00f3 d&#8217;equipaments"},"content":{"rendered":"<h4>Inventari.<\/h4>\n<p>L&#8217;escola compta amb dos inventaris d&#8217;equipament inform\u00e0tic que funcionen paral\u00b7lelament.<\/p>\n<ul>\n<li style=\"list-style-type: none;\">\n<ul>\n<li><strong>Inventari INDIC:<\/strong> inclou l&#8217;equipament inform\u00e0tic de les \u00faltimes dotacions del Departament d&#8217;Educaci\u00f3 destinat al personal educatiu i a l&#8217;alumnat de cinqu\u00e8 i sis\u00e8 de prim\u00e0ria (Port\u00e0tils alumnat i personal educatiu, equips MIFI i repetidors WIFI escola). \u00c9s equipament relativament nou i funciona correctament.<a href=\"https:\/\/agora.xtec.cat\/ceip-jacint-verdaguer-tarrega\/wp-content\/uploads\/usu312\/2023\/03\/fotocopiadora.jpg\"><img loading=\"lazy\" decoding=\"async\" class=\" wp-image-7797 alignright\" src=\"https:\/\/agora.xtec.cat\/ceip-jacint-verdaguer-tarrega\/wp-content\/uploads\/usu312\/2023\/03\/fotocopiadora.jpg\" alt=\"\" width=\"340\" height=\"340\" srcset=\"https:\/\/agora.xtec.cat\/ceip-jacint-verdaguer-tarrega\/wp-content\/uploads\/usu312\/2023\/03\/fotocopiadora.jpg 500w, https:\/\/agora.xtec.cat\/ceip-jacint-verdaguer-tarrega\/wp-content\/uploads\/usu312\/2023\/03\/fotocopiadora-300x300.jpg 300w, https:\/\/agora.xtec.cat\/ceip-jacint-verdaguer-tarrega\/wp-content\/uploads\/usu312\/2023\/03\/fotocopiadora-150x150.jpg 150w\" sizes=\"auto, (max-width: 340px) 100vw, 340px\" \/><\/a><\/li>\n<li><strong>Altre inventari:<\/strong> inclou tot l&#8217;equipament que ha anat adquirint el centre i l&#8217;AFA al llarg dels anys. En aquest inventari hi ha molta diversitat d&#8217;equipament i una bona part d&#8217;aquest est\u00e0 obsolet o cam\u00ed de convertir-se en obsolet.<\/li>\n<\/ul>\n<\/li>\n<\/ul>\n<h4>Impressores i fotocopiadores.<\/h4>\n<p>El centre disposa d&#8217;impressores amb un codi d&#8217;acc\u00e9s per a cada cicle que serveix tant per a les c\u00f2pies en color com en blanc i negre.<\/p>\n<h4>Control de les incid\u00e8ncies<\/h4>\n<p>Les incid\u00e8ncies amb l&#8217;equipament digital s&#8217;han d&#8217;apuntar en un full compartit al DRIVE de l&#8217;escola creat per aquesta funci\u00f3. All\u00ed s&#8217;hi anota la incid\u00e8ncia, l&#8217;espai on hi ha l&#8217;equipament que no funciona correctament i la persona que ha fet la demanda.<\/p>\n<p>La coordinadora TAC de l&#8217;escola deriva les incid\u00e8ncies amb ordinadors al servei corresponent del Departament per a que la resolgui.<\/p>\n<p class=\"zfr3Q CDt4Ke \" dir=\"ltr\"><span class=\"C9DxTc \">T\u00e8cnic preventiu: una vegada al mes ve a l&#8217;escola i soluciona algunes de les incid\u00e8ncies que no s&#8217;han pogut resoldre. Aix\u00ed mateix fa tasques preventives amb els equipaments del centre.<\/span><\/p>\n<p dir=\"ltr\">Per a l&#8217;equipament digital que no s\u00f3n ordinadors el centre ha de contactar amb una empresa especialitzada i pagar per aquest servei.<\/p>\n<p>&nbsp;<\/p>\n","protected":false},"excerpt":{"rendered":"<p>Inventari. L&#8217;escola compta amb dos inventaris d&#8217;equipament inform\u00e0tic que funcionen paral\u00b7lelament. Inventari INDIC: inclou l&#8217;equipament inform\u00e0tic de les \u00faltimes dotacions del Departament d&#8217;Educaci\u00f3 destinat al personal educatiu i a l&#8217;alumnat de cinqu\u00e8 i sis\u00e8 de prim\u00e0ria (Port\u00e0tils alumnat i personal educatiu, equips MIFI i repetidors WIFI escola). \u00c9s equipament relativament nou i funciona correctament. Altre [&hellip;]<\/p>\n","protected":false},"author":66,"featured_media":0,"parent":6695,"menu_order":60,"comment_status":"closed","ping_status":"closed","template":"page-templates\/side-menu.php","meta":{"_bbp_topic_count":0,"_bbp_reply_count":0,"_bbp_total_topic_count":0,"_bbp_total_reply_count":0,"_bbp_voice_count":0,"_bbp_anonymous_reply_count":0,"_bbp_topic_count_hidden":0,"_bbp_reply_count_hidden":0,"_bbp_forum_subforum_count":0,"site-sidebar-layout":"default","site-content-layout":"","ast-site-content-layout":"","site-content-style":"default","site-sidebar-style":"default","ast-global-header-display":"","ast-banner-title-visibility":"","ast-main-header-display":"","ast-hfb-above-header-display":"","ast-hfb-below-header-display":"","ast-hfb-mobile-header-display":"","site-post-title":"","ast-breadcrumbs-content":"","ast-featured-img":"","footer-sml-layout":"","theme-transparent-header-meta":"","adv-header-id-meta":"","stick-header-meta":"","header-above-stick-meta":"","header-main-stick-meta":"","header-below-stick-meta":"","astra-migrate-meta-layouts":"default","ast-page-background-enabled":"default","ast-page-background-meta":{"desktop":{"background-color":"var(--ast-global-color-4)","background-image":"","background-repeat":"repeat","background-position":"center center","background-size":"auto","background-attachment":"scroll","background-type":"","background-media":"","overlay-type":"","overlay-color":"","overlay-opacity":"","overlay-gradient":""},"tablet":{"background-color":"","background-image":"","background-repeat":"repeat","background-position":"center center","background-size":"auto","background-attachment":"scroll","background-type":"","background-media":"","overlay-type":"","overlay-color":"","overlay-opacity":"","overlay-gradient":""},"mobile":{"background-color":"","background-image":"","background-repeat":"repeat","background-position":"center center","background-size":"auto","background-attachment":"scroll","background-type":"","background-media":"","overlay-type":"","overlay-color":"","overlay-opacity":"","overlay-gradient":""}},"ast-content-background-meta":{"desktop":{"background-color":"var(--ast-global-color-5)","background-image":"","background-repeat":"repeat","background-position":"center center","background-size":"auto","background-attachment":"scroll","background-type":"","background-media":"","overlay-type":"","overlay-color":"","overlay-opacity":"","overlay-gradient":""},"tablet":{"background-color":"var(--ast-global-color-5)","background-image":"","background-repeat":"repeat","background-position":"center center","background-size":"auto","background-attachment":"scroll","background-type":"","background-media":"","overlay-type":"","overlay-color":"","overlay-opacity":"","overlay-gradient":""},"mobile":{"background-color":"var(--ast-global-color-5)","background-image":"","background-repeat":"repeat","background-position":"center center","background-size":"auto","background-attachment":"scroll","background-type":"","background-media":"","overlay-type":"","overlay-color":"","overlay-opacity":"","overlay-gradient":""}},"footnotes":""},"class_list":["post-6143","page","type-page","status-publish","hentry"],"post_mailing_queue_ids":[],"_links":{"self":[{"href":"https:\/\/agora.xtec.cat\/ceip-jacint-verdaguer-tarrega\/wp-json\/wp\/v2\/pages\/6143","targetHints":{"allow":["GET"]}}],"collection":[{"href":"https:\/\/agora.xtec.cat\/ceip-jacint-verdaguer-tarrega\/wp-json\/wp\/v2\/pages"}],"about":[{"href":"https:\/\/agora.xtec.cat\/ceip-jacint-verdaguer-tarrega\/wp-json\/wp\/v2\/types\/page"}],"author":[{"embeddable":true,"href":"https:\/\/agora.xtec.cat\/ceip-jacint-verdaguer-tarrega\/wp-json\/wp\/v2\/users\/66"}],"replies":[{"embeddable":true,"href":"https:\/\/agora.xtec.cat\/ceip-jacint-verdaguer-tarrega\/wp-json\/wp\/v2\/comments?post=6143"}],"version-history":[{"count":3,"href":"https:\/\/agora.xtec.cat\/ceip-jacint-verdaguer-tarrega\/wp-json\/wp\/v2\/pages\/6143\/revisions"}],"predecessor-version":[{"id":7789,"href":"https:\/\/agora.xtec.cat\/ceip-jacint-verdaguer-tarrega\/wp-json\/wp\/v2\/pages\/6143\/revisions\/7789"}],"up":[{"embeddable":true,"href":"https:\/\/agora.xtec.cat\/ceip-jacint-verdaguer-tarrega\/wp-json\/wp\/v2\/pages\/6695"}],"wp:attachment":[{"href":"https:\/\/agora.xtec.cat\/ceip-jacint-verdaguer-tarrega\/wp-json\/wp\/v2\/media?parent=6143"}],"curies":[{"name":"wp","href":"https:\/\/api.w.org\/{rel}","templated":true}]}}