{"id":3677,"date":"2020-10-17T19:12:25","date_gmt":"2020-10-17T17:12:25","guid":{"rendered":"https:\/\/agora.xtec.cat\/ceip-jacint-verdaguer-tarrega\/?page_id=3677"},"modified":"2021-02-13T07:58:12","modified_gmt":"2021-02-13T06:58:12","slug":"eix-moodle-plataforma-de-treball-virtual","status":"publish","type":"page","link":"https:\/\/agora.xtec.cat\/ceip-jacint-verdaguer-tarrega\/pagines-dinici\/projecte-educatiu\/eix-moodle-plataforma-de-treball-virtual\/","title":{"rendered":"EIX MOODLE- Plataforma de treball virtual"},"content":{"rendered":"<p>Aquest curs estrenem plataforma virtual a l&#8217;escola: la plataforma EIX creada pel Departament d&#8217;Educaci\u00f3, est\u00e0 basada en Moodle, un programari de codi lliure que permet compartir coneixement a trav\u00e9s de f\u00f3rums de debat, q\u00fcestionaris, lli\u00e7ons, tasques, inserci\u00f3 de contingut multim\u00e8dia&#8230; Aquesta plataforma \u00e9s accessible des d&#8217;ordinadors, tauletes i smarphones. Podeu trobar l&#8217;aplicaci\u00f3 als seg\u00fcents enlla\u00e7os:<\/p>\n<p><a href=\"https:\/\/itunes.apple.com\/app\/moodle-mobile\/id633359593?mt=8\" target=\"_blank\" rel=\"noopener noreferrer\"><img loading=\"lazy\" decoding=\"async\" class=\"alignleft\" src=\"https:\/\/external-content.duckduckgo.com\/iu\/?u=https%3A%2F%2Fhousing.umn.edu%2Fsites%2Fhousing.umn.edu%2Ffiles%2Fww_app-store-badge_150909.png&amp;f=1&amp;nofb=1\" width=\"171\" height=\"53\" \/><\/a><a href=\"https:\/\/play.google.com\/store\/apps\/details?id=com.moodle.moodlemobile\" target=\"_blank\" rel=\"noopener noreferrer\"><img loading=\"lazy\" decoding=\"async\" class=\"alignleft\" src=\"https:\/\/external-content.duckduckgo.com\/iu\/?u=https%3A%2F%2Flogos-download.com%2Fwp-content%2Fuploads%2F2016%2F02%2FGoogle_Play_logo_black.png&amp;f=1&amp;nofb=1\" width=\"169\" height=\"50\" \/><\/a><a href=\"https:\/\/www.ucm.es\/data\/cont\/media\/www\/faq\/6\/Moodle\/WPS-Windows.png\" target=\"_blank\" rel=\"noopener noreferrer\"><img loading=\"lazy\" decoding=\"async\" class=\"alignleft\" src=\"https:\/\/external-content.duckduckgo.com\/iu\/?u=https%3A%2F%2Fpc-tablet.com%2Fwp-content%2Fuploads%2F2016%2F10%2FWindowsStore.png&amp;f=1&amp;nofb=1\" width=\"166\" height=\"53\" \/><\/a><\/p>\n<p>&nbsp;<\/p>\n<p>&nbsp;<\/p>\n<p><span style=\"font-family: inherit; font-size: 1em;\"><br \/>\nL&#8217;EIX-moodle ens ha de permetre crear espais d&#8217;aprenentatge online per a l&#8217;alumant de l&#8217;escola. Tot l&#8217;alumnat d&#8217;educaci\u00f3 prim\u00e0ria t\u00e9 el seu usuari a l&#8217;EIX de l&#8217;escola per tal de poder comen\u00e7ar a fer algunes tasques virtuals. Aquest inici de curs estem comen\u00e7ant a donar les nostres primeres passes en aquest entorn: alumnes i mestres anem descobrint, dia a dia, les possibilitats que t\u00e9 i les possibilitats que ofereix. Amb temps i treball de ben segur que ser\u00e0 una eina profitosa per a totes i tots.<\/span><\/p>\n<p><a href=\"https:\/\/educaciodigital.cat\/ceip-jacint-verdaguer-tarrega\/moodle\/\" target=\"_blank\" rel=\"noopener noreferrer\"><img loading=\"lazy\" decoding=\"async\" class=\"size-full wp-image-3687 alignleft\" src=\"https:\/\/agora.xtec.cat\/ceip-jacint-verdaguer-tarrega\/wp-content\/uploads\/usu312\/2020\/10\/icona_moodle.png\" alt=\"\" width=\"81\" height=\"86\" \/><\/a><\/p>\n<p>Podeu a<span style=\"font-family: inherit; font-size: 1em;\">ccedir a l&#8217;EIX cl<\/span><span style=\"font-family: inherit; font-size: 1em;\">icant a la icona que trobareu a la part superior dreta d&#8217;aquesta pantalla.<\/span><\/p>\n<p>A continuaci\u00f3 us hem penjat tres v\u00eddeos sobre l&#8217;EIX-moodle publicats pel Departament d&#8217;Educaci\u00f3 i adre\u00e7ats a alumnes i fam\u00edlies perqu\u00e8 el coneguem millor:<\/p>\n<ul>\n<li>Descripci\u00f3 de l&#8217;entorn virtual d&#8217;aprenentatge en l\u00ednia<\/li>\n<\/ul>\n<div class=\"ast-oembed-container \" style=\"height: 100%;\"><iframe loading=\"lazy\" title=\"Moodle Alumnat - Descripci\u00f3 de l&#039;entorn virtual d&#039;aprenentatge en l\u00ednia\" width=\"500\" height=\"281\" src=\"https:\/\/www.youtube.com\/embed\/9G8n5oH632A?feature=oembed\" frameborder=\"0\" allow=\"accelerometer; autoplay; clipboard-write; encrypted-media; gyroscope; picture-in-picture; web-share\" referrerpolicy=\"strict-origin-when-cross-origin\" allowfullscreen><\/iframe><\/div>\n<p>&nbsp;<\/p>\n<ul>\n<li>Participaci\u00f3 en un f\u00f2rum i lliurament de tasques i activitats<\/li>\n<\/ul>\n<div class=\"ast-oembed-container \" style=\"height: 100%;\"><iframe loading=\"lazy\" title=\"Moodle Alumnat - Participaci\u00f3 en un f\u00f2rum i lliurament de tasques i activitats\" width=\"500\" height=\"281\" src=\"https:\/\/www.youtube.com\/embed\/6weEh4O9cqU?feature=oembed\" frameborder=\"0\" allow=\"accelerometer; autoplay; clipboard-write; encrypted-media; gyroscope; picture-in-picture; web-share\" referrerpolicy=\"strict-origin-when-cross-origin\" allowfullscreen><\/iframe><\/div>\n<p>&nbsp;<\/p>\n<ul>\n<li>Com estar al dia dels comunicats i activitats<\/li>\n<\/ul>\n<div class=\"ast-oembed-container \" style=\"height: 100%;\"><iframe loading=\"lazy\" title=\"Moodle Alumnat - Com estar al dia dels comunicats i activitats\" width=\"500\" height=\"281\" src=\"https:\/\/www.youtube.com\/embed\/xX-fdF2PI8Y?feature=oembed\" frameborder=\"0\" allow=\"accelerometer; autoplay; clipboard-write; encrypted-media; gyroscope; picture-in-picture; web-share\" referrerpolicy=\"strict-origin-when-cross-origin\" allowfullscreen><\/iframe><\/div>\n<p>&nbsp;<\/p>\n<p>&nbsp;<\/p>\n","protected":false},"excerpt":{"rendered":"<p>Aquest curs estrenem plataforma virtual a l&#8217;escola: la plataforma EIX creada pel Departament d&#8217;Educaci\u00f3, est\u00e0 basada en Moodle, un programari de codi lliure que permet compartir coneixement a trav\u00e9s de f\u00f3rums de debat, q\u00fcestionaris, lli\u00e7ons, tasques, inserci\u00f3 de contingut multim\u00e8dia&#8230; Aquesta plataforma \u00e9s accessible des d&#8217;ordinadors, tauletes i smarphones. Podeu trobar l&#8217;aplicaci\u00f3 als seg\u00fcents enlla\u00e7os: [&hellip;]<\/p>\n","protected":false},"author":1,"featured_media":0,"parent":64,"menu_order":90,"comment_status":"closed","ping_status":"closed","template":"page-templates\/side-menu.php","meta":{"_bbp_topic_count":0,"_bbp_reply_count":0,"_bbp_total_topic_count":0,"_bbp_total_reply_count":0,"_bbp_voice_count":0,"_bbp_anonymous_reply_count":0,"_bbp_topic_count_hidden":0,"_bbp_reply_count_hidden":0,"_bbp_forum_subforum_count":0,"site-sidebar-layout":"default","site-content-layout":"","ast-site-content-layout":"","site-content-style":"default","site-sidebar-style":"default","ast-global-header-display":"","ast-banner-title-visibility":"","ast-main-header-display":"","ast-hfb-above-header-display":"","ast-hfb-below-header-display":"","ast-hfb-mobile-header-display":"","site-post-title":"","ast-breadcrumbs-content":"","ast-featured-img":"","footer-sml-layout":"","theme-transparent-header-meta":"","adv-header-id-meta":"","stick-header-meta":"","header-above-stick-meta":"","header-main-stick-meta":"","header-below-stick-meta":"","astra-migrate-meta-layouts":"default","ast-page-background-enabled":"default","ast-page-background-meta":{"desktop":{"background-color":"var(--ast-global-color-4)","background-image":"","background-repeat":"repeat","background-position":"center center","background-size":"auto","background-attachment":"scroll","background-type":"","background-media":"","overlay-type":"","overlay-color":"","overlay-opacity":"","overlay-gradient":""},"tablet":{"background-color":"","background-image":"","background-repeat":"repeat","background-position":"center center","background-size":"auto","background-attachment":"scroll","background-type":"","background-media":"","overlay-type":"","overlay-color":"","overlay-opacity":"","overlay-gradient":""},"mobile":{"background-color":"","background-image":"","background-repeat":"repeat","background-position":"center center","background-size":"auto","background-attachment":"scroll","background-type":"","background-media":"","overlay-type":"","overlay-color":"","overlay-opacity":"","overlay-gradient":""}},"ast-content-background-meta":{"desktop":{"background-color":"var(--ast-global-color-5)","background-image":"","background-repeat":"repeat","background-position":"center center","background-size":"auto","background-attachment":"scroll","background-type":"","background-media":"","overlay-type":"","overlay-color":"","overlay-opacity":"","overlay-gradient":""},"tablet":{"background-color":"var(--ast-global-color-5)","background-image":"","background-repeat":"repeat","background-position":"center center","background-size":"auto","background-attachment":"scroll","background-type":"","background-media":"","overlay-type":"","overlay-color":"","overlay-opacity":"","overlay-gradient":""},"mobile":{"background-color":"var(--ast-global-color-5)","background-image":"","background-repeat":"repeat","background-position":"center center","background-size":"auto","background-attachment":"scroll","background-type":"","background-media":"","overlay-type":"","overlay-color":"","overlay-opacity":"","overlay-gradient":""}},"footnotes":""},"class_list":["post-3677","page","type-page","status-publish","hentry"],"post_mailing_queue_ids":[],"_links":{"self":[{"href":"https:\/\/agora.xtec.cat\/ceip-jacint-verdaguer-tarrega\/wp-json\/wp\/v2\/pages\/3677","targetHints":{"allow":["GET"]}}],"collection":[{"href":"https:\/\/agora.xtec.cat\/ceip-jacint-verdaguer-tarrega\/wp-json\/wp\/v2\/pages"}],"about":[{"href":"https:\/\/agora.xtec.cat\/ceip-jacint-verdaguer-tarrega\/wp-json\/wp\/v2\/types\/page"}],"author":[{"embeddable":true,"href":"https:\/\/agora.xtec.cat\/ceip-jacint-verdaguer-tarrega\/wp-json\/wp\/v2\/users\/1"}],"replies":[{"embeddable":true,"href":"https:\/\/agora.xtec.cat\/ceip-jacint-verdaguer-tarrega\/wp-json\/wp\/v2\/comments?post=3677"}],"version-history":[{"count":3,"href":"https:\/\/agora.xtec.cat\/ceip-jacint-verdaguer-tarrega\/wp-json\/wp\/v2\/pages\/3677\/revisions"}],"predecessor-version":[{"id":4495,"href":"https:\/\/agora.xtec.cat\/ceip-jacint-verdaguer-tarrega\/wp-json\/wp\/v2\/pages\/3677\/revisions\/4495"}],"up":[{"embeddable":true,"href":"https:\/\/agora.xtec.cat\/ceip-jacint-verdaguer-tarrega\/wp-json\/wp\/v2\/pages\/64"}],"wp:attachment":[{"href":"https:\/\/agora.xtec.cat\/ceip-jacint-verdaguer-tarrega\/wp-json\/wp\/v2\/media?parent=3677"}],"curies":[{"name":"wp","href":"https:\/\/api.w.org\/{rel}","templated":true}]}}