{"id":2010,"date":"2020-03-16T12:14:20","date_gmt":"2020-03-16T11:14:20","guid":{"rendered":"https:\/\/agora.xtec.cat\/ceip-jacint-verdaguer-tarrega\/?page_id=2010"},"modified":"2020-03-25T12:55:56","modified_gmt":"2020-03-25T11:55:56","slug":"propostes-dactivitats-2","status":"publish","type":"page","link":"https:\/\/agora.xtec.cat\/ceip-jacint-verdaguer-tarrega\/pagines-dinici\/propostes-i-materials-educatius\/propostes-dactivitats-2\/","title":{"rendered":"Propostes d&#8217;activitats (enlla\u00e7os generals)"},"content":{"rendered":"<p>&nbsp;<\/p>\n<p><img loading=\"lazy\" decoding=\"async\" class=\"alignright\" src=\"https:\/\/www.alicante.es\/sites\/default\/files\/styles\/img_general_ampliada\/public\/imagenes\/201910\/imagen-escolar.jpg?itok=0B_v7SUc\" width=\"403\" height=\"413\" \/><\/p>\n<p>A continuaci\u00f3 publiquem enlla\u00e7os a diferents webs que ens ofereixen activitats diverses. Esperem que us sigui d&#8217;ajuda!<\/p>\n<p><a href=\"https:\/\/www.chollometro.com\/ofertas\/recopilatorio-quedateencasa-coronavirus-307528\" target=\"_blank\" rel=\"noopener noreferrer\">Recopilatorio &#8220;Qu\u00e9date en casa&#8221;<\/a>: recull de recursos gratu\u00efts per a passar millor el confinament.<\/p>\n<p><a href=\"https:\/\/diarieducacio.cat\/21-idees-creatives-i-educatives-per-fer-amb-els-nens-i-nenes-a-casa\/?utm_source=PAPES+I+MAMES&amp;utm_campaign=f6702e79a3-EMAIL_CAMPAIGN_2020_03_16_07_58&amp;utm_medium=email&amp;utm_term=0_0bc151dbc9-f6702e79a3-591472365\" target=\"_blank\" rel=\"noopener noreferrer\">21 idees creatives (i educatives) per fer amb els nens i nenes a casa\u00a0<\/a><\/p>\n<p><a href=\"https:\/\/natibergada.cat\/recursos-educatius-per-aprendre-des-de-casa?fbclid=IwAR00cYY4aV7SalrJjj4x15ahmq8hBf5yNF3wT3qg1t3voFhDCCOI3b6OBRc\" target=\"_blank\" rel=\"noopener noreferrer\">80 recursos educatius per aprendre a casa.<\/a><\/p>\n<p><a href=\"https:\/\/drive.google.com\/file\/d\/1UamXQhXVPiPUP-W6Lef4hhr2axgjx6io\/view?fbclid=IwAR2zo2GNeg7tYZHYFS2JK4dYCzTd_smIt1bF25AN3Am6PNCP_BHKmDHwTwE\" target=\"_blank\" rel=\"noopener noreferrer\">V\u00eddeos matem\u00e0tics<\/a>. M\u00e9s de 3.500 v\u00eddeos de matem\u00e0tiques (totes les etapes educatives. Inclou selectivitat)<\/p>\n<p><a href=\"http:\/\/www.edu365.cat\/\" target=\"_blank\" rel=\"noopener noreferrer\">Edu365<\/a>: espai web on podeu trobar v\u00eddeos, jocs, lectures digitals&#8230;<\/p>\n<p><a href=\"https:\/\/sincopyright.com\/museos-virtuales\/\" target=\"_blank\" rel=\"noopener noreferrer\">Anem al museu!<\/a> 50 museus virtuals que es poden visitar des de casa<\/p>\n<p><a href=\"https:\/\/www.cccb.org\/ca\/multimedia\/arxiu\" target=\"_blank\" rel=\"noopener noreferrer\">Centre de Cultura Contempor\u00e0nia de Barcelona<\/a>: Arxiu digital.<\/p>\n<p><a href=\"https:\/\/totnens.cat\/imprimibles-gratuits-per-a-nens\/\" target=\"_blank\" rel=\"noopener noreferrer\">Imprimibles gratu\u00efts per jugar i pintar<\/a><\/p>\n<p><a href=\"https:\/\/verne.elpais.com\/verne\/2020\/03\/10\/articulo\/1583860716_492064.html\" target=\"_blank\" rel=\"noopener noreferrer\">42 juegos e ideas creativas para que los ni\u00f1os sin cole se entretengan en casa<\/a> (Verne &#8211; El Pa\u00eds &#8211; 11\/03\/2020)<\/p>\n<p><a href=\"https:\/\/www.ara.cat\/etiquetes\/ara_kids.html\" target=\"_blank\" rel=\"noopener noreferrer\">Ara Kids<\/a>: not\u00edcies, articles i informaci\u00f3 d&#8217;\u00faltima hora | Ara.cat<\/p>\n<p>Contes per escoltar: <a href=\"https:\/\/enacast.com\/radiotarrega\/?radio-toggle=on#!\/programs\/elllindardelssomnis\" target=\"_blank\" rel=\"noopener noreferrer\">El llindar dels somnis.<\/a> (R\u00e0dioT\u00e0rrega)<\/p>\n<p><a href=\"https:\/\/www.pescaparaules.cat\/jocs-per-aprendre-a-llegir\/\" target=\"_blank\" rel=\"noopener noreferrer\">Pescaparaules<\/a>: Jocs per aprendre a llegir<\/p>\n<p><a href=\"https:\/\/llengua.gencat.cat\/ca\/serveis\/aprendre_catala\/a-catalunya\/aprendre-jugant\/jeroglifics\/\" target=\"_blank\" rel=\"noopener noreferrer\">Jerogl\u00edfics<\/a>: cada dia un jerogl\u00edfic nou!<\/p>\n<p><a href=\"https:\/\/www.wdl.org\/es\/\" target=\"_blank\" rel=\"noopener noreferrer\">Biblioteca Digital Mundial<\/a><\/p>\n<p><a href=\"https:\/\/cavallfort.cat\" target=\"_blank\" rel=\"noopener noreferrer\">Cavall fort<\/a>: ofereix activitats gratu\u00eftes di\u00e0ries mentre duri el confinament.<\/p>\n<p><a href=\"http:\/\/www.ceiploreto.es\" target=\"_blank\" rel=\"noopener noreferrer\">Recursos Loreto<\/a>: el CEIP Loreto\u00a0 comparteix un recull molt complert d&#8217;enlla\u00e7os a webs educatives.<\/p>\n<p><a href=\"https:\/\/www.orientacionandujar.es\" target=\"_blank\" rel=\"noopener noreferrer\">Orientaci\u00f3n Andujar<\/a>: recursos educatius accessibles i gratu\u00efts.<\/p>\n<p><a href=\"http:\/\/www.ceip-diputacio.com\/la%20motxilla.htm\" target=\"_blank\" rel=\"noopener noreferrer\">Escola Diputaci\u00f3<\/a>: l&#8217;escola Diputaci\u00f3 comparteix enlla\u00e7os educatius<\/p>\n<p><a href=\"http:\/\/krokotak.com\" target=\"_blank\" rel=\"noopener noreferrer\">Krokotak<\/a>: idees per a fer manualitas.<\/p>\n<p><a href=\"https:\/\/estacionbambalina.com\/descargas\/70_ideas_para_jugar_en_casa.pdf\" target=\"_blank\" rel=\"noopener noreferrer\">70 idees f\u00e0cils per jugar a casa<\/a><\/p>\n<p><a href=\"https:\/\/www.puckcinema.com\" target=\"_blank\" rel=\"noopener noreferrer\">PuckCinema<\/a>: curtmetratges per a tots els gustos.<\/p>\n<p><a href=\"https:\/\/natibergada.cat\/curts-per-treballar-valors?utm_source=PAPES+I+MAMES&amp;utm_campaign=f6702e79a3-EMAIL_CAMPAIGN_2020_03_16_07_58&amp;utm_medium=email&amp;utm_term=0_0bc151dbc9-f6702e79a3-591472365\" target=\"_blank\" rel=\"noopener noreferrer\">50 curts imprescindibles per treballar les emocions i els valors a l\u2019aula<\/a><\/p>\n<p><a href=\"https:\/\/www.ccma.cat\/tv3\/quatre-propostes-de-linfok-per-fer-amb-nens-i-sense-sortir-de-casa\/noticia\/2996768\/?utm_source=PAPES+I+MAMES&amp;utm_campaign=f6702e79a3-EMAIL_CAMPAIGN_2020_03_16_07_58&amp;utm_medium=email&amp;utm_term=0_0bc151dbc9-f6702e79a3-591472365\" target=\"_blank\" rel=\"noopener noreferrer\">Quatre propostes de l'&#8221;InfoK&#8221; per fer amb nens i sense sortir de casa<\/a><\/p>\n<p><a href=\"http:\/\/www.cristic.com\/?lang=ca\" target=\"_blank\" rel=\"noopener noreferrer\">Cristic<\/a>: jocs educatius online<\/p>\n<p><a href=\"http:\/\/revistaxq.com\/es\/?utm_source=PAPES+I+MAMES&amp;utm_campaign=f6702e79a3-EMAIL_CAMPAIGN_2020_03_16_07_58&amp;utm_medium=email&amp;utm_term=0_0bc151dbc9-f6702e79a3-591472365\" target=\"_blank\" rel=\"noopener noreferrer\">\u00bfPor Qu\u00e9? Periodismo para todos<\/a><\/p>\n<p><a href=\"http:\/\/radio.garden\/visit\/sabadell\/a5gSqj4E\" target=\"_blank\" rel=\"noopener noreferrer\">Radio Garden<\/a>: acc\u00e9s a emissores de r\u00e0dio de tot el m\u00f3n.<\/p>\n<p><a href=\"https:\/\/www.ccma.cat\/tv3\/super3\/english\/\" target=\"_blank\" rel=\"noopener noreferrer\">Super3<\/a> en angl\u00e8s: s\u00e8ries i v\u00eddeos del Club Super3 en angl\u00e8s.<\/p>\n<p>Espais per a practicar angl\u00e8s:<\/p>\n<ul>\n<li style=\"list-style-type: none;\">\n<ul>\n<li><a href=\"https:\/\/es.lyricstraining.com\" target=\"_blank\" rel=\"noopener noreferrer\">LyricsTraining<\/a><\/li>\n<li><a href=\"http:\/\/englishlesroquetes.blogspot.com\" target=\"_blank\" rel=\"noopener noreferrer\">Les Roquetes English Blog<\/a><\/li>\n<li><a href=\"http:\/\/koalatext.com\/public\/\" target=\"_blank\" rel=\"noopener noreferrer\">Koalatext.com<\/a><\/li>\n<li><a href=\"https:\/\/anglomaniacy.pl\" target=\"_blank\" rel=\"noopener noreferrer\">Anglomaniacy.pl<\/a><\/li>\n<\/ul>\n<\/li>\n<\/ul>\n","protected":false},"excerpt":{"rendered":"<p>&nbsp; A continuaci\u00f3 publiquem enlla\u00e7os a diferents webs que ens ofereixen activitats diverses. Esperem que us sigui d&#8217;ajuda! Recopilatorio &#8220;Qu\u00e9date en casa&#8221;: recull de recursos gratu\u00efts per a passar millor el confinament. 21 idees creatives (i educatives) per fer amb els nens i nenes a casa\u00a0 80 recursos educatius per aprendre a casa. V\u00eddeos matem\u00e0tics. [&hellip;]<\/p>\n","protected":false},"author":1,"featured_media":0,"parent":6423,"menu_order":93,"comment_status":"closed","ping_status":"closed","template":"page-templates\/side-menu.php","meta":{"_bbp_topic_count":0,"_bbp_reply_count":0,"_bbp_total_topic_count":0,"_bbp_total_reply_count":0,"_bbp_voice_count":0,"_bbp_anonymous_reply_count":0,"_bbp_topic_count_hidden":0,"_bbp_reply_count_hidden":0,"_bbp_forum_subforum_count":0,"site-sidebar-layout":"default","site-content-layout":"","ast-site-content-layout":"","site-content-style":"default","site-sidebar-style":"default","ast-global-header-display":"","ast-banner-title-visibility":"","ast-main-header-display":"","ast-hfb-above-header-display":"","ast-hfb-below-header-display":"","ast-hfb-mobile-header-display":"","site-post-title":"","ast-breadcrumbs-content":"","ast-featured-img":"","footer-sml-layout":"","theme-transparent-header-meta":"","adv-header-id-meta":"","stick-header-meta":"","header-above-stick-meta":"","header-main-stick-meta":"","header-below-stick-meta":"","astra-migrate-meta-layouts":"default","ast-page-background-enabled":"default","ast-page-background-meta":{"desktop":{"background-color":"var(--ast-global-color-4)","background-image":"","background-repeat":"repeat","background-position":"center center","background-size":"auto","background-attachment":"scroll","background-type":"","background-media":"","overlay-type":"","overlay-color":"","overlay-opacity":"","overlay-gradient":""},"tablet":{"background-color":"","background-image":"","background-repeat":"repeat","background-position":"center center","background-size":"auto","background-attachment":"scroll","background-type":"","background-media":"","overlay-type":"","overlay-color":"","overlay-opacity":"","overlay-gradient":""},"mobile":{"background-color":"","background-image":"","background-repeat":"repeat","background-position":"center center","background-size":"auto","background-attachment":"scroll","background-type":"","background-media":"","overlay-type":"","overlay-color":"","overlay-opacity":"","overlay-gradient":""}},"ast-content-background-meta":{"desktop":{"background-color":"var(--ast-global-color-5)","background-image":"","background-repeat":"repeat","background-position":"center center","background-size":"auto","background-attachment":"scroll","background-type":"","background-media":"","overlay-type":"","overlay-color":"","overlay-opacity":"","overlay-gradient":""},"tablet":{"background-color":"var(--ast-global-color-5)","background-image":"","background-repeat":"repeat","background-position":"center center","background-size":"auto","background-attachment":"scroll","background-type":"","background-media":"","overlay-type":"","overlay-color":"","overlay-opacity":"","overlay-gradient":""},"mobile":{"background-color":"var(--ast-global-color-5)","background-image":"","background-repeat":"repeat","background-position":"center center","background-size":"auto","background-attachment":"scroll","background-type":"","background-media":"","overlay-type":"","overlay-color":"","overlay-opacity":"","overlay-gradient":""}},"footnotes":""},"class_list":["post-2010","page","type-page","status-publish","hentry"],"post_mailing_queue_ids":[],"_links":{"self":[{"href":"https:\/\/agora.xtec.cat\/ceip-jacint-verdaguer-tarrega\/wp-json\/wp\/v2\/pages\/2010","targetHints":{"allow":["GET"]}}],"collection":[{"href":"https:\/\/agora.xtec.cat\/ceip-jacint-verdaguer-tarrega\/wp-json\/wp\/v2\/pages"}],"about":[{"href":"https:\/\/agora.xtec.cat\/ceip-jacint-verdaguer-tarrega\/wp-json\/wp\/v2\/types\/page"}],"author":[{"embeddable":true,"href":"https:\/\/agora.xtec.cat\/ceip-jacint-verdaguer-tarrega\/wp-json\/wp\/v2\/users\/1"}],"replies":[{"embeddable":true,"href":"https:\/\/agora.xtec.cat\/ceip-jacint-verdaguer-tarrega\/wp-json\/wp\/v2\/comments?post=2010"}],"version-history":[{"count":3,"href":"https:\/\/agora.xtec.cat\/ceip-jacint-verdaguer-tarrega\/wp-json\/wp\/v2\/pages\/2010\/revisions"}],"predecessor-version":[{"id":2231,"href":"https:\/\/agora.xtec.cat\/ceip-jacint-verdaguer-tarrega\/wp-json\/wp\/v2\/pages\/2010\/revisions\/2231"}],"up":[{"embeddable":true,"href":"https:\/\/agora.xtec.cat\/ceip-jacint-verdaguer-tarrega\/wp-json\/wp\/v2\/pages\/6423"}],"wp:attachment":[{"href":"https:\/\/agora.xtec.cat\/ceip-jacint-verdaguer-tarrega\/wp-json\/wp\/v2\/media?parent=2010"}],"curies":[{"name":"wp","href":"https:\/\/api.w.org\/{rel}","templated":true}]}}