{"id":7,"date":"2014-09-17T15:07:41","date_gmt":"2014-09-17T14:07:41","guid":{"rendered":"http:\/\/agora.xtec.cat\/ceip-itaca\/?page_id=7"},"modified":"2026-01-27T12:31:06","modified_gmt":"2026-01-27T11:31:06","slug":"pagines-dinici","status":"publish","type":"page","link":"https:\/\/agora.xtec.cat\/ceip-itaca\/pagines-dinici\/","title":{"rendered":"AFA"},"content":{"rendered":"<div class=\"elementor-element elementor-element-7359e82 elementor-widget elementor-widget-text-editor\" data-id=\"7359e82\" data-element_type=\"widget\" data-widget_type=\"text-editor.default\">\n<div class=\"elementor-widget-container\">\n<p>L&#8217;AFA \u00e9s l\u2019associaci\u00f3 formada i gestionada per <b>fam\u00edlies volunt\u00e0ries de l\u2019escola\u00a0<\/b>que compartim la motivaci\u00f3 per col\u00b7laborar activament amb el centre escolar dels nostres infants.<\/p>\n<p>Promovem activitats per a la conviv\u00e8ncia\u00a0<b>enfortint vincles<\/b>\u00a0entre tota la comunitat educativa, el nostre barri i la nostra ciutat.<\/p>\n<p>Gestionem serveis complementaris al Projecte Educatiu de Centre en horari no lectiu, amb valor educatiu i com a resposta a les necessitats i interessos de la comunitat.<\/p>\n<p><b>El projecte d\u2019AFA es construeix i creix des d\u2019una mirada respectuosa fonamentada en criteris d\u2019equitat, diversitat, inclusi\u00f3, coeducaci\u00f3 i sostenibilitat.<\/b><\/p>\n<\/div>\n<\/div>\n<div class=\"elementor-element elementor-element-cc1fc28 elementor-widget elementor-widget-text-editor\" data-id=\"cc1fc28\" data-element_type=\"widget\" data-widget_type=\"text-editor.default\">\n<div class=\"elementor-widget-container\">\n<p><em><strong>Participar en l\u2019associaci\u00f3 de fam\u00edlies de la nostra escola, ens enriqueix i ens fa cr\u00e9ixer com a comunitat!<\/strong><\/em><\/p>\n<p><img loading=\"lazy\" decoding=\"async\" class=\"aligncenter size-full wp-image-2288\" src=\"https:\/\/agora.xtec.cat\/ceip-itaca\/wp-content\/uploads\/usu2445\/2025\/10\/AFA-TRIPTIC_page-0001-scaled.jpg\" alt=\"\" width=\"2560\" height=\"1440\" srcset=\"https:\/\/agora.xtec.cat\/ceip-itaca\/wp-content\/uploads\/usu2445\/2025\/10\/AFA-TRIPTIC_page-0001-scaled.jpg 2560w, https:\/\/agora.xtec.cat\/ceip-itaca\/wp-content\/uploads\/usu2445\/2025\/10\/AFA-TRIPTIC_page-0001-300x169.jpg 300w, https:\/\/agora.xtec.cat\/ceip-itaca\/wp-content\/uploads\/usu2445\/2025\/10\/AFA-TRIPTIC_page-0001-1024x576.jpg 1024w, https:\/\/agora.xtec.cat\/ceip-itaca\/wp-content\/uploads\/usu2445\/2025\/10\/AFA-TRIPTIC_page-0001-768x432.jpg 768w, https:\/\/agora.xtec.cat\/ceip-itaca\/wp-content\/uploads\/usu2445\/2025\/10\/AFA-TRIPTIC_page-0001-1536x864.jpg 1536w, https:\/\/agora.xtec.cat\/ceip-itaca\/wp-content\/uploads\/usu2445\/2025\/10\/AFA-TRIPTIC_page-0001-2048x1152.jpg 2048w\" sizes=\"auto, (max-width: 2560px) 100vw, 2560px\" \/><\/p>\n<\/div>\n<\/div>\n<p><img loading=\"lazy\" decoding=\"async\" class=\"aligncenter size-full wp-image-2286\" src=\"https:\/\/agora.xtec.cat\/ceip-itaca\/wp-content\/uploads\/usu2445\/2025\/10\/AFA-TRIPTIC_page-0002-scaled.jpg\" alt=\"\" width=\"2560\" height=\"1440\" srcset=\"https:\/\/agora.xtec.cat\/ceip-itaca\/wp-content\/uploads\/usu2445\/2025\/10\/AFA-TRIPTIC_page-0002-scaled.jpg 2560w, https:\/\/agora.xtec.cat\/ceip-itaca\/wp-content\/uploads\/usu2445\/2025\/10\/AFA-TRIPTIC_page-0002-300x169.jpg 300w, https:\/\/agora.xtec.cat\/ceip-itaca\/wp-content\/uploads\/usu2445\/2025\/10\/AFA-TRIPTIC_page-0002-1024x576.jpg 1024w, https:\/\/agora.xtec.cat\/ceip-itaca\/wp-content\/uploads\/usu2445\/2025\/10\/AFA-TRIPTIC_page-0002-768x432.jpg 768w, https:\/\/agora.xtec.cat\/ceip-itaca\/wp-content\/uploads\/usu2445\/2025\/10\/AFA-TRIPTIC_page-0002-1536x864.jpg 1536w, https:\/\/agora.xtec.cat\/ceip-itaca\/wp-content\/uploads\/usu2445\/2025\/10\/AFA-TRIPTIC_page-0002-2048x1152.jpg 2048w\" sizes=\"auto, (max-width: 2560px) 100vw, 2560px\" \/> <img loading=\"lazy\" decoding=\"async\" class=\"aligncenter size-full wp-image-2287\" src=\"https:\/\/agora.xtec.cat\/ceip-itaca\/wp-content\/uploads\/usu2445\/2025\/10\/AFA-TRIPTIC_page-0003-scaled.jpg\" alt=\"\" width=\"2560\" height=\"1440\" srcset=\"https:\/\/agora.xtec.cat\/ceip-itaca\/wp-content\/uploads\/usu2445\/2025\/10\/AFA-TRIPTIC_page-0003-scaled.jpg 2560w, https:\/\/agora.xtec.cat\/ceip-itaca\/wp-content\/uploads\/usu2445\/2025\/10\/AFA-TRIPTIC_page-0003-300x169.jpg 300w, https:\/\/agora.xtec.cat\/ceip-itaca\/wp-content\/uploads\/usu2445\/2025\/10\/AFA-TRIPTIC_page-0003-1024x576.jpg 1024w, https:\/\/agora.xtec.cat\/ceip-itaca\/wp-content\/uploads\/usu2445\/2025\/10\/AFA-TRIPTIC_page-0003-768x432.jpg 768w, https:\/\/agora.xtec.cat\/ceip-itaca\/wp-content\/uploads\/usu2445\/2025\/10\/AFA-TRIPTIC_page-0003-1536x864.jpg 1536w, https:\/\/agora.xtec.cat\/ceip-itaca\/wp-content\/uploads\/usu2445\/2025\/10\/AFA-TRIPTIC_page-0003-2048x1152.jpg 2048w\" sizes=\"auto, (max-width: 2560px) 100vw, 2560px\" \/><\/p>\n<p>&nbsp;<\/p>\n<p>Si voleu accedir a la p\u00e0gina web de l&#8217;AFA, cliqueu a la seg\u00fcent imatge.<\/p>\n<p><img loading=\"lazy\" decoding=\"async\" class=\"aligncenter\" src=\"https:\/\/www.afaitaca.org\/wp-content\/uploads\/2021\/02\/logo-afa-167x100-1.png\" alt=\"Afa-Itaca-vilanova\" width=\"222\" height=\"133\" \/><\/p>\n","protected":false},"excerpt":{"rendered":"<p>L&#8217;AFA \u00e9s l\u2019associaci\u00f3 formada i gestionada per fam\u00edlies volunt\u00e0ries de l\u2019escola\u00a0que compartim la motivaci\u00f3 per col\u00b7laborar activament amb el centre escolar dels nostres infants. Promovem activitats per a la conviv\u00e8ncia\u00a0enfortint vincles\u00a0entre tota la comunitat educativa, el nostre barri i la nostra ciutat. Gestionem serveis complementaris al Projecte Educatiu de Centre en horari no lectiu, amb [&hellip;]<\/p>\n","protected":false},"author":1,"featured_media":0,"parent":0,"menu_order":0,"comment_status":"closed","ping_status":"closed","template":"","meta":{"_bbp_topic_count":0,"_bbp_reply_count":0,"_bbp_total_topic_count":0,"_bbp_total_reply_count":0,"_bbp_voice_count":0,"_bbp_anonymous_reply_count":0,"_bbp_topic_count_hidden":0,"_bbp_reply_count_hidden":0,"_bbp_forum_subforum_count":0,"site-sidebar-layout":"default","site-content-layout":"","ast-site-content-layout":"default","site-content-style":"default","site-sidebar-style":"default","ast-global-header-display":"","ast-banner-title-visibility":"","ast-main-header-display":"","ast-hfb-above-header-display":"","ast-hfb-below-header-display":"","ast-hfb-mobile-header-display":"","site-post-title":"","ast-breadcrumbs-content":"","ast-featured-img":"","footer-sml-layout":"","theme-transparent-header-meta":"default","adv-header-id-meta":"","stick-header-meta":"","header-above-stick-meta":"","header-main-stick-meta":"","header-below-stick-meta":"","astra-migrate-meta-layouts":"set","ast-page-background-enabled":"default","ast-page-background-meta":{"desktop":{"background-color":"var(--ast-global-color-4)","background-image":"","background-repeat":"repeat","background-position":"center center","background-size":"auto","background-attachment":"scroll","background-type":"","background-media":"","overlay-type":"","overlay-color":"","overlay-opacity":"","overlay-gradient":""},"tablet":{"background-color":"","background-image":"","background-repeat":"repeat","background-position":"center center","background-size":"auto","background-attachment":"scroll","background-type":"","background-media":"","overlay-type":"","overlay-color":"","overlay-opacity":"","overlay-gradient":""},"mobile":{"background-color":"","background-image":"","background-repeat":"repeat","background-position":"center center","background-size":"auto","background-attachment":"scroll","background-type":"","background-media":"","overlay-type":"","overlay-color":"","overlay-opacity":"","overlay-gradient":""}},"ast-content-background-meta":{"desktop":{"background-color":"var(--ast-global-color-5)","background-image":"","background-repeat":"repeat","background-position":"center center","background-size":"auto","background-attachment":"scroll","background-type":"","background-media":"","overlay-type":"","overlay-color":"","overlay-opacity":"","overlay-gradient":""},"tablet":{"background-color":"var(--ast-global-color-5)","background-image":"","background-repeat":"repeat","background-position":"center center","background-size":"auto","background-attachment":"scroll","background-type":"","background-media":"","overlay-type":"","overlay-color":"","overlay-opacity":"","overlay-gradient":""},"mobile":{"background-color":"var(--ast-global-color-5)","background-image":"","background-repeat":"repeat","background-position":"center center","background-size":"auto","background-attachment":"scroll","background-type":"","background-media":"","overlay-type":"","overlay-color":"","overlay-opacity":"","overlay-gradient":""}},"footnotes":""},"class_list":["post-7","page","type-page","status-publish","hentry"],"post_mailing_queue_ids":[],"_links":{"self":[{"href":"https:\/\/agora.xtec.cat\/ceip-itaca\/wp-json\/wp\/v2\/pages\/7","targetHints":{"allow":["GET"]}}],"collection":[{"href":"https:\/\/agora.xtec.cat\/ceip-itaca\/wp-json\/wp\/v2\/pages"}],"about":[{"href":"https:\/\/agora.xtec.cat\/ceip-itaca\/wp-json\/wp\/v2\/types\/page"}],"author":[{"embeddable":true,"href":"https:\/\/agora.xtec.cat\/ceip-itaca\/wp-json\/wp\/v2\/users\/1"}],"replies":[{"embeddable":true,"href":"https:\/\/agora.xtec.cat\/ceip-itaca\/wp-json\/wp\/v2\/comments?post=7"}],"version-history":[{"count":2,"href":"https:\/\/agora.xtec.cat\/ceip-itaca\/wp-json\/wp\/v2\/pages\/7\/revisions"}],"predecessor-version":[{"id":2473,"href":"https:\/\/agora.xtec.cat\/ceip-itaca\/wp-json\/wp\/v2\/pages\/7\/revisions\/2473"}],"wp:attachment":[{"href":"https:\/\/agora.xtec.cat\/ceip-itaca\/wp-json\/wp\/v2\/media?parent=7"}],"curies":[{"name":"wp","href":"https:\/\/api.w.org\/{rel}","templated":true}]}}