{"id":508,"date":"2021-04-15T13:37:38","date_gmt":"2021-04-15T11:37:38","guid":{"rendered":"https:\/\/agora.xtec.cat\/ceip-itaca\/?page_id=508"},"modified":"2025-02-01T13:59:42","modified_gmt":"2025-02-01T12:59:42","slug":"ambients-daprenentatge","status":"publish","type":"page","link":"https:\/\/agora.xtec.cat\/ceip-itaca\/com-treballem\/ambients-daprenentatge\/","title":{"rendered":"Ambients d&#8217;aprenentatge"},"content":{"rendered":"<p lang=\"ca-ES\" align=\"justify\">Al\u00a0<b>cicle d\u2019educaci\u00f3 infantil\u00a0<\/b>i a\u00a0<b>cicle inicial<\/b>\u00a0s\u2019organitzen\u00a0<b>ambients d\u2019aprenentatge<\/b> algunes tardes a la setmana, per a treballar els objectius de les etapes corresponents d\u2019una forma m\u00e9s oberta i global.<\/p>\n<div lang=\"ca-ES\" align=\"justify\">\n<div class=\"separator\"><a href=\"https:\/\/1.bp.blogspot.com\/-qJFKZk2ql0k\/WR2AZ7aR3dI\/AAAAAAAAY2U\/SnucSkei8k8CBawVxcREaE_k0gZZ3n5eQCLcB\/s1600\/20170109_154141.jpg\"><img loading=\"lazy\" decoding=\"async\" class=\"aligncenter\" src=\"https:\/\/1.bp.blogspot.com\/-qJFKZk2ql0k\/WR2AZ7aR3dI\/AAAAAAAAY2U\/SnucSkei8k8CBawVxcREaE_k0gZZ3n5eQCLcB\/s320\/20170109_154141.jpg\" width=\"320\" height=\"180\" border=\"0\" \/><\/a><\/div>\n<\/div>\n<p lang=\"ca-ES\" align=\"justify\"><b>Els ambients d&#8217;aprenentatge s\u00f3n<\/b>\u00a0entorns estimulants de lliure circulaci\u00f3, on les nenes i els nens escullen activitats segons els seus interessos i les seves motivacions particulars. D\u2019aquesta manera, construeixen aprenentatges seguint el seu propi ritme i el seu propi criteri: circulen de forma aut\u00f2noma, interactuen amb els materials, descobreixen les seves possibilitats i comparteixen les descobertes que fan amb la resta de canalla del seu cicle. L\u2019infant \u00e9s el protagonista, decideix sense demanar perm\u00eds, sense por a equivocar-se, sense comparacions. La barreja d\u2019edats afavoreix la col\u00b7laboraci\u00f3 i l\u2019ajuda m\u00fatua.<\/p>\n<p lang=\"ca-ES\" align=\"justify\">Les mestres organitzen i revisen cont\u00ednuament aquests espais amb l\u2019objectiu d\u2019estimular la curiositat i les viv\u00e8ncies de la canalla amb materials atractius i de qualitat, per\u00f2 dins de l\u2019aula passen a un segon terme. Observen i vetllen perqu\u00e8 es respectin les normes. Acompanyen cada nena i cada nen en funci\u00f3 de les seves necessitats i nom\u00e9s intervenen quan conv\u00e9. La mestra pregunta i promou ocasions d\u2019aprenentatge.<\/p>\n<div lang=\"ca-ES\" align=\"justify\"><\/div>\n<div lang=\"ca-ES\" align=\"justify\">Aquests s\u00f3n els ambients que tenim actualment a l\u2019escola a educaci\u00f3 infantil:<\/div>\n<div lang=\"ca-ES\" align=\"justify\"><\/div>\n<ul>\n<li>\n<div lang=\"ca-ES\">Toca-toca<\/div>\n<\/li>\n<li>\n<div lang=\"ca-ES\">Joc simb\u00f2lic<\/div>\n<\/li>\n<li>\n<div lang=\"ca-ES\">La calma<\/div>\n<\/li>\n<li>\n<div lang=\"ca-ES\">Art<\/div>\n<\/li>\n<li>\n<div lang=\"ca-ES\">Moviment<\/div>\n<\/li>\n<li>\n<div lang=\"ca-ES\">Modelatge<\/div>\n<\/li>\n<li>Teatre<\/li>\n<li>Construccions<\/li>\n<\/ul>\n<div style=\"text-align: center;\"><\/div>\n<div style=\"text-align: center;\"><iframe loading=\"lazy\" src=\"https:\/\/www.youtube.com\/embed\/n9i08uNOek4\" width=\"560\" height=\"315\" frameborder=\"0\" data-mce-fragment=\"1\"><\/iframe><\/div>\n","protected":false},"excerpt":{"rendered":"<p>Al\u00a0cicle d\u2019educaci\u00f3 infantil\u00a0i a\u00a0cicle inicial\u00a0s\u2019organitzen\u00a0ambients d\u2019aprenentatge algunes tardes a la setmana, per a treballar els objectius de les etapes corresponents d\u2019una forma m\u00e9s oberta i global. Els ambients d&#8217;aprenentatge s\u00f3n\u00a0entorns estimulants de lliure circulaci\u00f3, on les nenes i els nens escullen activitats segons els seus interessos i les seves motivacions particulars. D\u2019aquesta manera, construeixen aprenentatges [&hellip;]<\/p>\n","protected":false},"author":3,"featured_media":0,"parent":496,"menu_order":0,"comment_status":"closed","ping_status":"closed","template":"","meta":{"_bbp_topic_count":0,"_bbp_reply_count":0,"_bbp_total_topic_count":0,"_bbp_total_reply_count":0,"_bbp_voice_count":0,"_bbp_anonymous_reply_count":0,"_bbp_topic_count_hidden":0,"_bbp_reply_count_hidden":0,"_bbp_forum_subforum_count":0,"site-sidebar-layout":"default","site-content-layout":"","ast-site-content-layout":"","site-content-style":"default","site-sidebar-style":"default","ast-global-header-display":"","ast-banner-title-visibility":"","ast-main-header-display":"","ast-hfb-above-header-display":"","ast-hfb-below-header-display":"","ast-hfb-mobile-header-display":"","site-post-title":"","ast-breadcrumbs-content":"","ast-featured-img":"","footer-sml-layout":"","theme-transparent-header-meta":"","adv-header-id-meta":"","stick-header-meta":"","header-above-stick-meta":"","header-main-stick-meta":"","header-below-stick-meta":"","astra-migrate-meta-layouts":"default","ast-page-background-enabled":"default","ast-page-background-meta":{"desktop":{"background-color":"var(--ast-global-color-4)","background-image":"","background-repeat":"repeat","background-position":"center center","background-size":"auto","background-attachment":"scroll","background-type":"","background-media":"","overlay-type":"","overlay-color":"","overlay-opacity":"","overlay-gradient":""},"tablet":{"background-color":"","background-image":"","background-repeat":"repeat","background-position":"center center","background-size":"auto","background-attachment":"scroll","background-type":"","background-media":"","overlay-type":"","overlay-color":"","overlay-opacity":"","overlay-gradient":""},"mobile":{"background-color":"","background-image":"","background-repeat":"repeat","background-position":"center center","background-size":"auto","background-attachment":"scroll","background-type":"","background-media":"","overlay-type":"","overlay-color":"","overlay-opacity":"","overlay-gradient":""}},"ast-content-background-meta":{"desktop":{"background-color":"var(--ast-global-color-5)","background-image":"","background-repeat":"repeat","background-position":"center center","background-size":"auto","background-attachment":"scroll","background-type":"","background-media":"","overlay-type":"","overlay-color":"","overlay-opacity":"","overlay-gradient":""},"tablet":{"background-color":"var(--ast-global-color-5)","background-image":"","background-repeat":"repeat","background-position":"center center","background-size":"auto","background-attachment":"scroll","background-type":"","background-media":"","overlay-type":"","overlay-color":"","overlay-opacity":"","overlay-gradient":""},"mobile":{"background-color":"var(--ast-global-color-5)","background-image":"","background-repeat":"repeat","background-position":"center center","background-size":"auto","background-attachment":"scroll","background-type":"","background-media":"","overlay-type":"","overlay-color":"","overlay-opacity":"","overlay-gradient":""}},"footnotes":""},"class_list":["post-508","page","type-page","status-publish","hentry"],"post_mailing_queue_ids":[],"_links":{"self":[{"href":"https:\/\/agora.xtec.cat\/ceip-itaca\/wp-json\/wp\/v2\/pages\/508","targetHints":{"allow":["GET"]}}],"collection":[{"href":"https:\/\/agora.xtec.cat\/ceip-itaca\/wp-json\/wp\/v2\/pages"}],"about":[{"href":"https:\/\/agora.xtec.cat\/ceip-itaca\/wp-json\/wp\/v2\/types\/page"}],"author":[{"embeddable":true,"href":"https:\/\/agora.xtec.cat\/ceip-itaca\/wp-json\/wp\/v2\/users\/3"}],"replies":[{"embeddable":true,"href":"https:\/\/agora.xtec.cat\/ceip-itaca\/wp-json\/wp\/v2\/comments?post=508"}],"version-history":[{"count":4,"href":"https:\/\/agora.xtec.cat\/ceip-itaca\/wp-json\/wp\/v2\/pages\/508\/revisions"}],"predecessor-version":[{"id":1993,"href":"https:\/\/agora.xtec.cat\/ceip-itaca\/wp-json\/wp\/v2\/pages\/508\/revisions\/1993"}],"up":[{"embeddable":true,"href":"https:\/\/agora.xtec.cat\/ceip-itaca\/wp-json\/wp\/v2\/pages\/496"}],"wp:attachment":[{"href":"https:\/\/agora.xtec.cat\/ceip-itaca\/wp-json\/wp\/v2\/media?parent=508"}],"curies":[{"name":"wp","href":"https:\/\/api.w.org\/{rel}","templated":true}]}}