{"id":38,"date":"2014-09-18T12:34:08","date_gmt":"2014-09-18T11:34:08","guid":{"rendered":"http:\/\/agora.xtec.cat\/ceip-itaca\/?page_id=38"},"modified":"2025-11-12T15:25:52","modified_gmt":"2025-11-12T14:25:52","slug":"salut","status":"publish","type":"page","link":"https:\/\/agora.xtec.cat\/ceip-itaca\/lescola\/salut\/","title":{"rendered":"Qui som"},"content":{"rendered":"<div class=\"entry-header\"><\/div>\n<h1><strong>QUI TREBALLA AL CENTRE?<\/strong><\/h1>\n<p style=\"text-align: center;\"><strong><u>COMUNITAT EDUCATIVA<\/u><\/strong><\/p>\n<p style=\"text-align: justify;\">A continuaci\u00f3 us detallem el personal i alumnat que actualment treballa i estudia al Centre. Podreu trobar-hi els\/les tutors\/es de cada classe aix\u00ed com els especialistes que s&#8217;encarreguen de les diferents mat\u00e8ries i els Agents Externs que intervenen en el proc\u00e9s Educatiu dels nens\/es del centre. Tamb\u00e9 detallem les coordinacions que existeixen al Centre i el personal administratiu i de Serveis que hi treballen.<\/p>\n<p style=\"text-align: justify;\">Al mateix temps, tamb\u00e9 podreu comprovar la disponibilitat hor\u00e0ria dels diferents \u00f2rgans de cara a poder reunir-vos amb ells\/es.<\/p>\n<p style=\"text-align: center;\"><strong><u>ALUMNAT I FAM\u00cdLIES<\/u><\/strong>:<\/p>\n<p style=\"text-align: center;\">Actualment, tenim uns 401 alumnes i unes 318 fam\u00edlies.<\/p>\n<p style=\"text-align: center;\"><strong><u>EL CLAUSTRE<\/u><\/strong><strong>:<\/strong><\/p>\n<p style=\"text-align: center;\"><strong>DIRECTORA<\/strong><\/p>\n<p style=\"text-align: center;\">Maria Dolors Ventosa Hern\u00e1ndez<\/p>\n<p style=\"text-align: center;\"><strong>CAP D&#8217;ESTUDIS<\/strong><\/p>\n<p style=\"text-align: center;\">Mar Requena Vidal<\/p>\n<p style=\"text-align: center;\"><strong>SECRETARI<\/strong><\/p>\n<p style=\"text-align: center;\">Ramon Fuentes Alimbau<\/p>\n<p style=\"text-align: center;\"><strong>Hores d&#8217;atenci\u00f3 a fam\u00edlies:<\/strong><br \/>\n<strong>Direcci\u00f3:<\/strong><em>\u00a0els matins de 9 a 10h. amb cita pr\u00e8via.<\/em><br \/>\n<strong>Administraci\u00f3:<\/strong>\u00a0\u00a0<em>cada dia de\u00a09\u00a0a 13&#8217;30h<\/em><\/p>\n<p style=\"text-align: center;\"><strong>\u00a0<\/strong><strong>EDUCACI\u00d3 INFANTIL<\/strong><\/p>\n<p style=\"text-align: center;\"><strong>\u00a0I<\/strong><strong>3 A<\/strong><\/p>\n<p style=\"text-align: center;\">Imma Ll\u00e0cer Soler<\/p>\n<p style=\"text-align: center;\"><strong>I3 B<\/strong><\/p>\n<p style=\"text-align: center;\">Marta D\u00edaz Mu\u00f1oz<\/p>\n<p style=\"text-align: center;\"><strong>T\u00c8CNICA D&#8217;EDUCACI\u00d3 INFANTIL (TEI)<\/strong><\/p>\n<p style=\"text-align: center;\">Montse Borbon\u00e8s Carbonell\u00a0 (Aida Ponce Navarro)<\/p>\n<p style=\"text-align: center;\"><strong>I4 A<\/strong><\/p>\n<p style=\"text-align: center;\">Lurdes R\u00edos Rius<\/p>\n<p style=\"text-align: center;\"><strong>I4 B<\/strong><\/p>\n<p style=\"text-align: center;\">Judith Flores Esp\u00ednola<\/p>\n<p style=\"text-align: center;\"><strong>I5 A<br \/>\n<\/strong>Palmira Santos III<\/p>\n<p style=\"text-align: center;\"><strong>I5 B<\/strong><br \/>\nMarina Soler Soler (Alba Ribas Mart\u00edn)<\/p>\n<p style=\"text-align: center;\"><strong>REFOR\u00c7<\/strong><\/p>\n<p style=\"text-align: center;\">Carme Navarro Melendo<\/p>\n<p style=\"text-align: center;\"><strong>CICLE INICIAL<\/strong><\/p>\n<p style=\"text-align: center;\"><strong>1r A<\/strong><br \/>\nS\u00edlvia Calderero i Arcos<\/p>\n<p style=\"text-align: center;\"><strong>1r B<\/strong><\/p>\n<p style=\"text-align: center;\">Neus Navarro P\u00e9rez<\/p>\n<p style=\"text-align: center;\"><strong>2n A<\/strong><\/p>\n<p style=\"text-align: center;\">Laia Capdet Cidoncha<\/p>\n<p style=\"text-align: center;\"><strong>2n B<\/strong><\/p>\n<p style=\"text-align: center;\"><span style=\"font-weight: 400;\">C\u00e8lia Ib\u00e1\u00f1ez da Silva<\/span><\/p>\n<p style=\"text-align: center;\"><strong>CICLE MITJ\u00c0<\/strong><strong>\u00a0<\/strong><\/p>\n<p style=\"text-align: center;\"><strong>3r A<\/strong><\/p>\n<p style=\"text-align: center;\">Georgina Amat Camats<\/p>\n<p style=\"text-align: center;\"><strong>3r B<\/strong><\/p>\n<p style=\"text-align: center;\"><span style=\"font-weight: 400;\">Anna Carreras Soler<\/span><\/p>\n<p style=\"text-align: center;\"><strong>4t A<\/strong><\/p>\n<p style=\"text-align: center;\">Teresa Beamonte Ara<\/p>\n<p style=\"text-align: center;\"><strong>4t B<\/strong><\/p>\n<p style=\"text-align: center;\">Sandra Lim\u00e9ns L\u00f3pez<\/p>\n<p style=\"text-align: center;\"><strong>CICLE SUPERIOR<\/strong><\/p>\n<p style=\"text-align: center;\"><strong>5\u00e8 A<\/strong><\/p>\n<p style=\"text-align: center;\">Marina L\u00e1zaro Ruiz<\/p>\n<p style=\"text-align: center;\"><strong>5\u00e8 B<\/strong><\/p>\n<p style=\"text-align: center;\">Gina L\u00f3pez Guti\u00e9rrez<\/p>\n<p style=\"text-align: center;\"><strong><br \/>\n6\u00e8 A<\/strong><\/p>\n<p style=\"text-align: center;\">Anabel Mart\u00ednez Alsina<\/p>\n<p style=\"text-align: center;\"><strong>6\u00e8 B<\/strong><\/p>\n<div style=\"text-align: center;\"><span style=\"font-weight: 400;\">L\u00eddia Lorente Mangas<\/span><\/div>\n<div><\/div>\n<div><\/div>\n<p style=\"text-align: center;\"><strong>REFOR\u00c7<\/strong><\/p>\n<div style=\"text-align: center;\"><span style=\"font-weight: 400;\">Marc S\u00e1nchez Hern\u00e1ndez<\/span><\/div>\n<div><\/div>\n<div><\/div>\n<div style=\"text-align: center;\">Nat\u00e0lia Moral Torrano<\/div>\n<div><\/div>\n<div><\/div>\n<p style=\"text-align: center;\"><strong>ESPECIALISTES<\/strong><\/p>\n<p style=\"text-align: center;\"><strong>Angl\u00e8s<\/strong><\/p>\n<p style=\"text-align: center;\">Isabel Mart\u00ed Alc\u00e1zar (I5 a 3r)<\/p>\n<p style=\"text-align: center;\">David Castellarnau Serrano (4t a 6\u00e8)<\/p>\n<p style=\"text-align: center;\"><strong>Educaci\u00f3 F\u00edsica<\/strong><\/p>\n<p style=\"text-align: center;\">Eul\u00e0lia Oltra Rodr\u00edguez<\/p>\n<p style=\"text-align: center;\"><strong>Educaci\u00f3 musical<\/strong><\/p>\n<p style=\"text-align: center;\"><span style=\"font-weight: 400;\">David Rivera Gonz\u00e1lez<\/span><\/p>\n<p style=\"text-align: center;\">Marina L\u00e1zaro Ruiz<\/p>\n<p style=\"text-align: center;\"><strong>Pedagogia terap\u00e8utica<\/strong><\/p>\n<p style=\"text-align: center;\">Merc\u00e8 Moreno Massana\u00a0 (Ingrid Molina Turres) (I3 a 3r)<\/p>\n<p style=\"text-align: center;\">Laia Borrell Sorroche (4t a 6\u00e8)<\/p>\n<p style=\"text-align: center;\"><strong>Aula d&#8217;acollida<\/strong><\/p>\n<p style=\"text-align: center;\">Irene Fern\u00e1ndez Gonz\u00e1lez<\/p>\n<p style=\"text-align: center;\"><strong>Biblioteca<\/strong><\/p>\n<p style=\"text-align: center;\">Maria Dolors Ventosa Hern\u00e1ndez (2n a 6\u00e8)<\/p>\n<p style=\"text-align: center;\"><strong>Auxiliar d&#8217;Educaci\u00f3 Especial<\/strong><\/p>\n<p style=\"text-align: center;\">Gemma Franquet Pallar\u00e9s<\/p>\n<p style=\"text-align: center;\"><strong><u>COORDINACIONS<\/u><\/strong><\/p>\n<p style=\"text-align: center;\"><strong>Educaci\u00f3 Infantil<\/strong><\/p>\n<p style=\"text-align: center;\">Imma Ll\u00e0cer Soler<\/p>\n<p style=\"text-align: center;\"><strong>Cicle Inicial<\/strong><\/p>\n<p style=\"text-align: center;\">C\u00e8lia Ib\u00e1\u00f1ez da Silva<\/p>\n<p style=\"text-align: center;\"><strong>Cicle Mitj\u00e0<\/strong><br \/>\nGeorgina Amat Camats<\/p>\n<p style=\"text-align: center;\"><strong>Cicle Superior<\/strong><\/p>\n<p style=\"text-align: center;\">Anabel Mart\u00ednez Alsina<\/p>\n<p style=\"text-align: center;\"><strong>Riscos Laborals<\/strong><\/p>\n<p style=\"text-align: center;\">Isabel Mart\u00ed Alc\u00e1zar<\/p>\n<p style=\"text-align: center;\"><strong>Digital<\/strong><\/p>\n<p style=\"text-align: center;\">Gina L\u00f3pez Guti\u00e9rrez<\/p>\n<p style=\"text-align: center;\"><strong>LIC ( Llengua, interculturalitat i cohesi\u00f3 social)<\/strong><\/p>\n<p style=\"text-align: center;\">David Castellarnau Serrano<\/p>\n<p style=\"text-align: center;\"><strong>COCOBE<\/strong><\/p>\n<p style=\"text-align: center;\">Laia Borrell Sorroche<\/p>\n<p style=\"text-align: center;\"><strong>EAP (Equip d&#8217;Assessorament Psicopedag\u00f2gic):\u00a0<\/strong><\/p>\n<p style=\"text-align: center;\">S\u00edlvia Bonet Rioja<\/p>\n<p style=\"text-align: center;\"><strong><u>PERSONAL PAS<\/u><\/strong><strong>:<\/strong><\/p>\n<p style=\"text-align: center;\"><strong>ADMINISTRATIVA<\/strong><\/p>\n<p style=\"text-align: center;\">Javier Carrero Vicente<\/p>\n<p style=\"text-align: center;\"><strong>CONSERGE<\/strong><\/p>\n<p style=\"text-align: center;\">Francesc Campos Ram\u00edrez<\/p>\n<p style=\"text-align: center;\"><strong><u>MENJADOR<\/u><\/strong><strong>:<\/strong><\/p>\n<p style=\"text-align: center;\"><strong>COORDINADORA<\/strong><\/p>\n<p style=\"text-align: center;\">Isa Cisneros<\/p>\n<p style=\"text-align: center;\"><strong>AFA<\/strong><\/p>\n<p style=\"text-align: center;\">Presidenta: Chon Molina Bartumeus<br \/>\nVicepresidenta: Txell Monr\u00f3s Gonz\u00e1lez<br \/>\nSecret\u00e0ria: Raquel Oliveras Xiol<br \/>\nTresorer: Alfred Zardoya \u00c0vila<\/p>\n<p>Vocals: Monica Sanz Chaparro, Sonia Sanz Romay, Gemma Mendoza Parias, Marta Recasens Mart\u00ed, Analia Calabrese G\u00f3mez, Montse Vall\u00e8s Via, Mireia Carmona Borr\u00e0s i Rosanna Ferraro.<\/p>\n<p>&nbsp;<\/p>\n<p><img loading=\"lazy\" decoding=\"async\" class=\"aligncenter size-full wp-image-2270\" src=\"https:\/\/agora.xtec.cat\/ceip-itaca\/wp-content\/uploads\/usu2445\/2025\/10\/personal-escola-itaca-25_26.jpg\" alt=\"\" width=\"855\" height=\"513\" srcset=\"https:\/\/agora.xtec.cat\/ceip-itaca\/wp-content\/uploads\/usu2445\/2025\/10\/personal-escola-itaca-25_26.jpg 855w, https:\/\/agora.xtec.cat\/ceip-itaca\/wp-content\/uploads\/usu2445\/2025\/10\/personal-escola-itaca-25_26-300x180.jpg 300w, https:\/\/agora.xtec.cat\/ceip-itaca\/wp-content\/uploads\/usu2445\/2025\/10\/personal-escola-itaca-25_26-768x461.jpg 768w\" sizes=\"auto, (max-width: 855px) 100vw, 855px\" \/><\/p>\n","protected":false},"excerpt":{"rendered":"<p>QUI TREBALLA AL CENTRE? COMUNITAT EDUCATIVA A continuaci\u00f3 us detallem el personal i alumnat que actualment treballa i estudia al Centre. Podreu trobar-hi els\/les tutors\/es de cada classe aix\u00ed com els especialistes que s&#8217;encarreguen de les diferents mat\u00e8ries i els Agents Externs que intervenen en el proc\u00e9s Educatiu dels nens\/es del centre. Tamb\u00e9 detallem les [&hellip;]<\/p>\n","protected":false},"author":1,"featured_media":0,"parent":22,"menu_order":4,"comment_status":"closed","ping_status":"closed","template":"page-templates\/side-menu.php","meta":{"_bbp_topic_count":0,"_bbp_reply_count":0,"_bbp_total_topic_count":0,"_bbp_total_reply_count":0,"_bbp_voice_count":0,"_bbp_anonymous_reply_count":0,"_bbp_topic_count_hidden":0,"_bbp_reply_count_hidden":0,"_bbp_forum_subforum_count":0,"site-sidebar-layout":"default","site-content-layout":"","ast-site-content-layout":"","site-content-style":"default","site-sidebar-style":"default","ast-global-header-display":"","ast-banner-title-visibility":"","ast-main-header-display":"","ast-hfb-above-header-display":"","ast-hfb-below-header-display":"","ast-hfb-mobile-header-display":"","site-post-title":"","ast-breadcrumbs-content":"","ast-featured-img":"","footer-sml-layout":"","theme-transparent-header-meta":"","adv-header-id-meta":"","stick-header-meta":"","header-above-stick-meta":"","header-main-stick-meta":"","header-below-stick-meta":"","astra-migrate-meta-layouts":"default","ast-page-background-enabled":"default","ast-page-background-meta":{"desktop":{"background-color":"var(--ast-global-color-4)","background-image":"","background-repeat":"repeat","background-position":"center center","background-size":"auto","background-attachment":"scroll","background-type":"","background-media":"","overlay-type":"","overlay-color":"","overlay-opacity":"","overlay-gradient":""},"tablet":{"background-color":"","background-image":"","background-repeat":"repeat","background-position":"center center","background-size":"auto","background-attachment":"scroll","background-type":"","background-media":"","overlay-type":"","overlay-color":"","overlay-opacity":"","overlay-gradient":""},"mobile":{"background-color":"","background-image":"","background-repeat":"repeat","background-position":"center center","background-size":"auto","background-attachment":"scroll","background-type":"","background-media":"","overlay-type":"","overlay-color":"","overlay-opacity":"","overlay-gradient":""}},"ast-content-background-meta":{"desktop":{"background-color":"var(--ast-global-color-5)","background-image":"","background-repeat":"repeat","background-position":"center center","background-size":"auto","background-attachment":"scroll","background-type":"","background-media":"","overlay-type":"","overlay-color":"","overlay-opacity":"","overlay-gradient":""},"tablet":{"background-color":"var(--ast-global-color-5)","background-image":"","background-repeat":"repeat","background-position":"center center","background-size":"auto","background-attachment":"scroll","background-type":"","background-media":"","overlay-type":"","overlay-color":"","overlay-opacity":"","overlay-gradient":""},"mobile":{"background-color":"var(--ast-global-color-5)","background-image":"","background-repeat":"repeat","background-position":"center center","background-size":"auto","background-attachment":"scroll","background-type":"","background-media":"","overlay-type":"","overlay-color":"","overlay-opacity":"","overlay-gradient":""}},"footnotes":""},"class_list":["post-38","page","type-page","status-publish","hentry"],"post_mailing_queue_ids":[],"_links":{"self":[{"href":"https:\/\/agora.xtec.cat\/ceip-itaca\/wp-json\/wp\/v2\/pages\/38","targetHints":{"allow":["GET"]}}],"collection":[{"href":"https:\/\/agora.xtec.cat\/ceip-itaca\/wp-json\/wp\/v2\/pages"}],"about":[{"href":"https:\/\/agora.xtec.cat\/ceip-itaca\/wp-json\/wp\/v2\/types\/page"}],"author":[{"embeddable":true,"href":"https:\/\/agora.xtec.cat\/ceip-itaca\/wp-json\/wp\/v2\/users\/1"}],"replies":[{"embeddable":true,"href":"https:\/\/agora.xtec.cat\/ceip-itaca\/wp-json\/wp\/v2\/comments?post=38"}],"version-history":[{"count":8,"href":"https:\/\/agora.xtec.cat\/ceip-itaca\/wp-json\/wp\/v2\/pages\/38\/revisions"}],"predecessor-version":[{"id":2334,"href":"https:\/\/agora.xtec.cat\/ceip-itaca\/wp-json\/wp\/v2\/pages\/38\/revisions\/2334"}],"up":[{"embeddable":true,"href":"https:\/\/agora.xtec.cat\/ceip-itaca\/wp-json\/wp\/v2\/pages\/22"}],"wp:attachment":[{"href":"https:\/\/agora.xtec.cat\/ceip-itaca\/wp-json\/wp\/v2\/media?parent=38"}],"curies":[{"name":"wp","href":"https:\/\/api.w.org\/{rel}","templated":true}]}}