{"id":77,"date":"2014-09-18T14:05:08","date_gmt":"2014-09-18T13:05:08","guid":{"rendered":"http:\/\/agora.xtec.cat\/ceip-ignasiiglesias-cornella\/?page_id=77"},"modified":"2025-09-04T13:38:24","modified_gmt":"2025-09-04T11:38:24","slug":"acollida","status":"publish","type":"page","link":"https:\/\/agora.xtec.cat\/ceip-ignasiiglesias-cornella\/serveis\/acollida\/","title":{"rendered":"Acollida"},"content":{"rendered":"<p>El servei d&#8217;acollida es realitza de 7:30h a 9:00h del mat\u00ed a l&#8217;espai del menjador. Aquest servei est\u00e0 organitzat per l&#8217;<a href=\"https:\/\/afaignasiiglesias.com\/\">AFA<\/a> de l\u2019escola i, per tant, s\u2019ha de ser soci per poder fer \u00fas del servei. En cas de necessitar el servei heu de fer la inscripci\u00f3 a trav\u00e9s de l&#8217;aplicatiu del menjador.<\/p>\n<p>La coordinadora d&#8217;acollida \u00e9s la N\u00faria i podeu localitzar-la al correu ignasiiglesias@somvalors.com o al local de l\u2019AFA de 9:00 a 10:00 del mat\u00ed.<\/p>\n<p>Tel\u00e8fon: 682326030<\/p>\n","protected":false},"excerpt":{"rendered":"<p>El servei d&#8217;acollida es realitza de 7:30h a 9:00h del mat\u00ed a l&#8217;espai del menjador. Aquest servei est\u00e0 organitzat per l&#8217;<a href=\"https:\/\/afaignasiiglesias.com\/\">AFA<\/a> de l\u2019escola i, per tant, s\u2019ha de ser soci per poder fer \u00fas del servei. En cas de necessitar el servei heu de&hellip;  <a href=\"https:\/\/agora.xtec.cat\/ceip-ignasiiglesias-cornella\/serveis\/acollida\/\" title=\"Read Acollida\">Llegeix m\u00e9s\u00bb<\/a><\/p>\n","protected":false},"author":1,"featured_media":0,"parent":66,"menu_order":20,"comment_status":"closed","ping_status":"closed","template":"page-templates\/side-menu.php","meta":{"_bbp_topic_count":0,"_bbp_reply_count":0,"_bbp_total_topic_count":0,"_bbp_total_reply_count":0,"_bbp_voice_count":0,"_bbp_anonymous_reply_count":0,"_bbp_topic_count_hidden":0,"_bbp_reply_count_hidden":0,"_bbp_forum_subforum_count":0,"footnotes":""},"class_list":["post-77","page","type-page","status-publish","hentry"],"post_mailing_queue_ids":[],"_links":{"self":[{"href":"https:\/\/agora.xtec.cat\/ceip-ignasiiglesias-cornella\/wp-json\/wp\/v2\/pages\/77","targetHints":{"allow":["GET"]}}],"collection":[{"href":"https:\/\/agora.xtec.cat\/ceip-ignasiiglesias-cornella\/wp-json\/wp\/v2\/pages"}],"about":[{"href":"https:\/\/agora.xtec.cat\/ceip-ignasiiglesias-cornella\/wp-json\/wp\/v2\/types\/page"}],"author":[{"embeddable":true,"href":"https:\/\/agora.xtec.cat\/ceip-ignasiiglesias-cornella\/wp-json\/wp\/v2\/users\/1"}],"replies":[{"embeddable":true,"href":"https:\/\/agora.xtec.cat\/ceip-ignasiiglesias-cornella\/wp-json\/wp\/v2\/comments?post=77"}],"version-history":[{"count":6,"href":"https:\/\/agora.xtec.cat\/ceip-ignasiiglesias-cornella\/wp-json\/wp\/v2\/pages\/77\/revisions"}],"predecessor-version":[{"id":7862,"href":"https:\/\/agora.xtec.cat\/ceip-ignasiiglesias-cornella\/wp-json\/wp\/v2\/pages\/77\/revisions\/7862"}],"up":[{"embeddable":true,"href":"https:\/\/agora.xtec.cat\/ceip-ignasiiglesias-cornella\/wp-json\/wp\/v2\/pages\/66"}],"wp:attachment":[{"href":"https:\/\/agora.xtec.cat\/ceip-ignasiiglesias-cornella\/wp-json\/wp\/v2\/media?parent=77"}],"curies":[{"name":"wp","href":"https:\/\/api.w.org\/{rel}","templated":true}]}}

<p>El servei d&#8217;acollida es realitza de 7:30h a 9:00h del matí a l&#8217;espai del menjador. Aquest servei està organitzat per l&#8217;<a href="https://afaignasiiglesias.com/">AFA</a> de l’escola i, per tant, s’ha de ser soci per poder fer ús del servei. En cas de necessitar el servei heu de fer la inscripció a través de l&#8217;aplicatiu del menjador.</p>
<p>La coordinadora d&#8217;acollida és la Núria i podeu localitzar-la al correu ignasiiglesias@somvalors.com o al local de l’AFA de 9:00 a 10:00 del matí.</p>
<p>Telèfon: 682326030</p>

<p>El servei d&#8217;acollida es realitza de 7:30h a 9:00h del matí a l&#8217;espai del menjador. Aquest servei està organitzat per l&#8217;<a href="https://afaignasiiglesias.com/">AFA</a> de l’escola i, per tant, s’ha de ser soci per poder fer ús del servei. En cas de necessitar el servei heu de&hellip;  <a href="https://agora.xtec.cat/ceip-ignasiiglesias-cornella/serveis/acollida/" title="Read Acollida">Llegeix més»</a></p>
