{"id":73,"date":"2014-09-18T14:01:51","date_gmt":"2014-09-18T13:01:51","guid":{"rendered":"http:\/\/agora.xtec.cat\/ceip-ignasiiglesias-cornella\/?page_id=73"},"modified":"2025-09-05T10:21:43","modified_gmt":"2025-09-05T08:21:43","slug":"menjador-escolar","status":"publish","type":"page","link":"https:\/\/agora.xtec.cat\/ceip-ignasiiglesias-cornella\/serveis\/menjador-escolar\/","title":{"rendered":"Menjador escolar"},"content":{"rendered":"<p>L\u2019escola t\u00e9 servei de menjador amb cuina pr\u00f2pia. Els preus del menjador s\u00f3n:<\/p>\n<p>\u25aa 6,98 \u20ac fixes i fixes &#8211; discontinus<\/p>\n<p>\u25aa 7,06 \u20ac espor\u00e0dics<\/p>\n<p>La coordinadora de menjador \u00e9s la N\u00faria i us podreu comunicar amb ella a trav\u00e9s del correu electr\u00f2nic\u00a0 ignasiiglesias@somvalors.com o al local de l\u2019AFA de 9:00h a 10:00h del mat\u00ed.<\/p>\n<p>Tel\u00e8fon: 682326030<\/p>\n","protected":false},"excerpt":{"rendered":"<p>L\u2019escola t\u00e9 servei de menjador amb cuina pr\u00f2pia. Els preus del menjador s\u00f3n:<br \/>\n\u25aa 6,98 \u20ac fixes i fixes &#8211; discontinus<br \/>\n\u25aa 7,06 \u20ac espor\u00e0dics<br \/>\nLa coordinadora de menjador \u00e9s la N\u00faria i us podreu comunicar amb ella a trav\u00e9s del correu electr\u00f2nic\u00a0 ignasiiglesias@somvalors.com o al local de&hellip;  <a href=\"https:\/\/agora.xtec.cat\/ceip-ignasiiglesias-cornella\/serveis\/menjador-escolar\/\" title=\"Read Menjador escolar\">Llegeix m\u00e9s\u00bb<\/a><\/p>\n","protected":false},"author":1,"featured_media":0,"parent":66,"menu_order":30,"comment_status":"closed","ping_status":"closed","template":"page-templates\/side-menu.php","meta":{"_bbp_topic_count":0,"_bbp_reply_count":0,"_bbp_total_topic_count":0,"_bbp_total_reply_count":0,"_bbp_voice_count":0,"_bbp_anonymous_reply_count":0,"_bbp_topic_count_hidden":0,"_bbp_reply_count_hidden":0,"_bbp_forum_subforum_count":0,"footnotes":""},"class_list":["post-73","page","type-page","status-publish","hentry"],"post_mailing_queue_ids":[],"_links":{"self":[{"href":"https:\/\/agora.xtec.cat\/ceip-ignasiiglesias-cornella\/wp-json\/wp\/v2\/pages\/73","targetHints":{"allow":["GET"]}}],"collection":[{"href":"https:\/\/agora.xtec.cat\/ceip-ignasiiglesias-cornella\/wp-json\/wp\/v2\/pages"}],"about":[{"href":"https:\/\/agora.xtec.cat\/ceip-ignasiiglesias-cornella\/wp-json\/wp\/v2\/types\/page"}],"author":[{"embeddable":true,"href":"https:\/\/agora.xtec.cat\/ceip-ignasiiglesias-cornella\/wp-json\/wp\/v2\/users\/1"}],"replies":[{"embeddable":true,"href":"https:\/\/agora.xtec.cat\/ceip-ignasiiglesias-cornella\/wp-json\/wp\/v2\/comments?post=73"}],"version-history":[{"count":8,"href":"https:\/\/agora.xtec.cat\/ceip-ignasiiglesias-cornella\/wp-json\/wp\/v2\/pages\/73\/revisions"}],"predecessor-version":[{"id":7871,"href":"https:\/\/agora.xtec.cat\/ceip-ignasiiglesias-cornella\/wp-json\/wp\/v2\/pages\/73\/revisions\/7871"}],"up":[{"embeddable":true,"href":"https:\/\/agora.xtec.cat\/ceip-ignasiiglesias-cornella\/wp-json\/wp\/v2\/pages\/66"}],"wp:attachment":[{"href":"https:\/\/agora.xtec.cat\/ceip-ignasiiglesias-cornella\/wp-json\/wp\/v2\/media?parent=73"}],"curies":[{"name":"wp","href":"https:\/\/api.w.org\/{rel}","templated":true}]}}

<p>L’escola té servei de menjador amb cuina pròpia. Els preus del menjador són:</p>
<p>▪ 6,98 € fixes i fixes &#8211; discontinus</p>
<p>▪ 7,06 € esporàdics</p>
<p>La coordinadora de menjador és la Núria i us podreu comunicar amb ella a través del correu electrònic  ignasiiglesias@somvalors.com o al local de l’AFA de 9:00h a 10:00h del matí.</p>
<p>Telèfon: 682326030</p>

<p>L’escola té servei de menjador amb cuina pròpia. Els preus del menjador són:<br />
▪ 6,98 € fixes i fixes &#8211; discontinus<br />
▪ 7,06 € esporàdics<br />
La coordinadora de menjador és la Núria i us podreu comunicar amb ella a través del correu electrònic  ignasiiglesias@somvalors.com o al local de&hellip;  <a href="https://agora.xtec.cat/ceip-ignasiiglesias-cornella/serveis/menjador-escolar/" title="Read Menjador escolar">Llegeix més»</a></p>
