{"id":681,"date":"2017-10-01T19:55:22","date_gmt":"2017-10-01T17:55:22","guid":{"rendered":"http:\/\/agora.xtec.cat\/ceip-ignasiiglesias-cornella\/?page_id=681"},"modified":"2025-09-04T13:35:36","modified_gmt":"2025-09-04T11:35:36","slug":"aspectes-sanitaris","status":"publish","type":"page","link":"https:\/\/agora.xtec.cat\/ceip-ignasiiglesias-cornella\/organitzacio\/normativa\/aspectes-sanitaris\/","title":{"rendered":"Aspectes sanitaris"},"content":{"rendered":"<div>\n<p><strong>A l\u2019escola no es pot assistir estant malalts<\/strong>. Es recorda que segons la normativa vigent, no es pot administrar cap medicament als alumnes en horari escolar (de 9 a 16:30h) si no hi ha la indicaci\u00f3 corresponent del metge, on figuri el nom del nen\/a, el nom del medicament i la dosi a prendre. Cal, tamb\u00e9, portar l\u2019autoritzaci\u00f3 signada pel pare\/mare o tutor legal.<\/p>\n<p>Tanmateix, en cas de febre superior a 38 \u00baC el centre pot subministrar paracetamol amb la deguda autoritzaci\u00f3, per\u00f2 els infants hauran de marxar de l\u2019escola.<\/p>\n<p>Com a norma general, <strong>en totes les malalties que cursen amb febre, a m\u00e9s de les recomanacions espec\u00edfiques per a cadascuna d\u2019elles, cal que el nen hagi estat 24h sense febre abans de tornar a l\u2019escola.<\/strong><\/p>\n<p>En el cas que a casa trobeu que els vostres fills\/es tenen <strong>polls, <\/strong>aviseu el tutor\/a al m\u00e9s aviat possible, per tal d\u2019avisar a la resta de fam\u00edlies. El nen o nena amb polls ha de quedar-se a casa fins que es faci el tractament i neteja. S\u2019ha de fer el seguiment durant uns 10-15 dies, mirant el cap cada dia, fins que el problema estigui solucionat. Si no s\u2019eliminen els polls completament, el que comen\u00e7a sent un contagi pot acabar convertint-se en una epid\u00e8mia.<\/p>\n<p>Si a l\u2019escola es detecta la pres\u00e8ncia de polls o ll\u00e9menes, es localitzar\u00e0 a la fam\u00edlia perqu\u00e8 vinguin a buscar a l\u2019infant, per iniciar el tractament al m\u00e9s aviat possible.<img loading=\"lazy\" decoding=\"async\" class=\"wp-image-750 alignright\" src=\"http:\/\/agora.xtec.cat\/ceip-ignasiiglesias-cornella\/wp-content\/uploads\/usu1592\/2017\/10\/FIEBRE-300x300.jpg\" alt=\"\" width=\"154\" height=\"154\" srcset=\"https:\/\/agora.xtec.cat\/ceip-ignasiiglesias-cornella\/wp-content\/uploads\/usu1592\/2017\/10\/FIEBRE-300x300.jpg 300w, https:\/\/agora.xtec.cat\/ceip-ignasiiglesias-cornella\/wp-content\/uploads\/usu1592\/2017\/10\/FIEBRE-150x150.jpg 150w, https:\/\/agora.xtec.cat\/ceip-ignasiiglesias-cornella\/wp-content\/uploads\/usu1592\/2017\/10\/FIEBRE-768x768.jpg 768w, https:\/\/agora.xtec.cat\/ceip-ignasiiglesias-cornella\/wp-content\/uploads\/usu1592\/2017\/10\/FIEBRE.jpg 1024w\" sizes=\"auto, (max-width: 154px) 100vw, 154px\" \/><\/p>\n<p>&nbsp;<\/p>\n<p>&nbsp;<\/p>\n<\/div>\n<p>&nbsp;<\/p>\n<div><\/div>\n","protected":false},"excerpt":{"rendered":"<p>A l\u2019escola no es pot assistir estant malalts. Es recorda que segons la normativa vigent, no es pot administrar cap medicament als alumnes en horari escolar (de 9 a 16:30h) si no hi ha la indicaci\u00f3 corresponent del metge, on figuri el nom del nen\/a,&hellip;  <a href=\"https:\/\/agora.xtec.cat\/ceip-ignasiiglesias-cornella\/organitzacio\/normativa\/aspectes-sanitaris\/\" title=\"Read Aspectes sanitaris\">Llegeix m\u00e9s\u00bb<\/a><\/p>\n","protected":false},"author":1,"featured_media":0,"parent":657,"menu_order":0,"comment_status":"closed","ping_status":"closed","template":"page-templates\/side-menu.php","meta":{"_bbp_topic_count":0,"_bbp_reply_count":0,"_bbp_total_topic_count":0,"_bbp_total_reply_count":0,"_bbp_voice_count":0,"_bbp_anonymous_reply_count":0,"_bbp_topic_count_hidden":0,"_bbp_reply_count_hidden":0,"_bbp_forum_subforum_count":0,"footnotes":""},"class_list":["post-681","page","type-page","status-publish","hentry"],"post_mailing_queue_ids":[],"_links":{"self":[{"href":"https:\/\/agora.xtec.cat\/ceip-ignasiiglesias-cornella\/wp-json\/wp\/v2\/pages\/681","targetHints":{"allow":["GET"]}}],"collection":[{"href":"https:\/\/agora.xtec.cat\/ceip-ignasiiglesias-cornella\/wp-json\/wp\/v2\/pages"}],"about":[{"href":"https:\/\/agora.xtec.cat\/ceip-ignasiiglesias-cornella\/wp-json\/wp\/v2\/types\/page"}],"author":[{"embeddable":true,"href":"https:\/\/agora.xtec.cat\/ceip-ignasiiglesias-cornella\/wp-json\/wp\/v2\/users\/1"}],"replies":[{"embeddable":true,"href":"https:\/\/agora.xtec.cat\/ceip-ignasiiglesias-cornella\/wp-json\/wp\/v2\/comments?post=681"}],"version-history":[{"count":6,"href":"https:\/\/agora.xtec.cat\/ceip-ignasiiglesias-cornella\/wp-json\/wp\/v2\/pages\/681\/revisions"}],"predecessor-version":[{"id":7861,"href":"https:\/\/agora.xtec.cat\/ceip-ignasiiglesias-cornella\/wp-json\/wp\/v2\/pages\/681\/revisions\/7861"}],"up":[{"embeddable":true,"href":"https:\/\/agora.xtec.cat\/ceip-ignasiiglesias-cornella\/wp-json\/wp\/v2\/pages\/657"}],"wp:attachment":[{"href":"https:\/\/agora.xtec.cat\/ceip-ignasiiglesias-cornella\/wp-json\/wp\/v2\/media?parent=681"}],"curies":[{"name":"wp","href":"https:\/\/api.w.org\/{rel}","templated":true}]}}

<div>
<p><strong>A l’escola no es pot assistir estant malalts</strong>. Es recorda que segons la normativa vigent, no es pot administrar cap medicament als alumnes en horari escolar (de 9 a 16:30h) si no hi ha la indicació corresponent del metge, on figuri el nom del nen/a, el nom del medicament i la dosi a prendre. Cal, també, portar l’autorització signada pel pare/mare o tutor legal.</p>
<p>Tanmateix, en cas de febre superior a 38 ºC el centre pot subministrar paracetamol amb la deguda autorització, però els infants hauran de marxar de l’escola.</p>
<p>Com a norma general, <strong>en totes les malalties que cursen amb febre, a més de les recomanacions específiques per a cadascuna d’elles, cal que el nen hagi estat 24h sense febre abans de tornar a l’escola.</strong></p>
<p>En el cas que a casa trobeu que els vostres fills/es tenen <strong>polls, </strong>aviseu el tutor/a al més aviat possible, per tal d’avisar a la resta de famílies. El nen o nena amb polls ha de quedar-se a casa fins que es faci el tractament i neteja. S’ha de fer el seguiment durant uns 10-15 dies, mirant el cap cada dia, fins que el problema estigui solucionat. Si no s’eliminen els polls completament, el que comença sent un contagi pot acabar convertint-se en una epidèmia.</p>
<p>Si a l’escola es detecta la presència de polls o llémenes, es localitzarà a la família perquè vinguin a buscar a l’infant, per iniciar el tractament al més aviat possible.<img loading="lazy" decoding="async" class="wp-image-750 alignright" src="http://agora.xtec.cat/ceip-ignasiiglesias-cornella/wp-content/uploads/usu1592/2017/10/FIEBRE-300x300.jpg" alt="" width="154" height="154" srcset="https://agora.xtec.cat/ceip-ignasiiglesias-cornella/wp-content/uploads/usu1592/2017/10/FIEBRE-300x300.jpg 300w, https://agora.xtec.cat/ceip-ignasiiglesias-cornella/wp-content/uploads/usu1592/2017/10/FIEBRE-150x150.jpg 150w, https://agora.xtec.cat/ceip-ignasiiglesias-cornella/wp-content/uploads/usu1592/2017/10/FIEBRE-768x768.jpg 768w, https://agora.xtec.cat/ceip-ignasiiglesias-cornella/wp-content/uploads/usu1592/2017/10/FIEBRE.jpg 1024w" sizes="auto, (max-width: 154px) 100vw, 154px" /></p>
<p>&nbsp;</p>
<p>&nbsp;</p>
</div>
<p>&nbsp;</p>
<div></div>

<p>A l’escola no es pot assistir estant malalts. Es recorda que segons la normativa vigent, no es pot administrar cap medicament als alumnes en horari escolar (de 9 a 16:30h) si no hi ha la indicació corresponent del metge, on figuri el nom del nen/a,&hellip;  <a href="https://agora.xtec.cat/ceip-ignasiiglesias-cornella/organitzacio/normativa/aspectes-sanitaris/" title="Read Aspectes sanitaris">Llegeix més»</a></p>
