{"id":644,"date":"2017-10-01T18:57:16","date_gmt":"2017-10-01T16:57:16","guid":{"rendered":"http:\/\/agora.xtec.cat\/ceip-ignasiiglesias-cornella\/?page_id=644"},"modified":"2025-09-04T13:25:37","modified_gmt":"2025-09-04T11:25:37","slug":"motxilla-i-roba","status":"publish","type":"page","link":"https:\/\/agora.xtec.cat\/ceip-ignasiiglesias-cornella\/organitzacio\/normativa\/motxilla-i-roba\/","title":{"rendered":"Motxilla i roba"},"content":{"rendered":"<p>L\u2019alumnat ha de venir amb un cal\u00e7at idoni i vestit amb roba c\u00f2moda que faciliti els moviments i l\u2019autonomia i que sigui adequada per assistir al centre escolar. \u00c9s necessari observar una correcta higiene a l\u2019hora d\u2019assistir a l\u2019escola.<\/p>\n<p>Els infants d\u2019infantil haurien de portar el cal\u00e7at sense cordons, que se\u2019l puguin posar i treure sols, per afavorir la seva autonomia personal.<\/p>\n<p>Recomanem l\u2019\u00fas de carmanyola pels esmorzars. Cal que estiguin ben identificades amb el nom i cognom de l\u2019alumnat.<\/p>\n<p>A Ed. Infantil no s\u2019utilitza la bata de forma habitual, per\u00f2 cal portar-la per fer-la servir a determinades activitats pl\u00e0stiques, d\u2019experimentaci\u00f3&#8230; Aquesta haur\u00e0 d\u2019anar marcada amb el nom i portar una beta de 15\/20 cm per poder-la penjar. Cada nen\/a pot escollir el color i l\u2019estampat que m\u00e9s li agradi. Tamb\u00e9 caldr\u00e0 que portin una caixa de mocadors i tovalloletes humides a l\u2019inici del curs.<\/p>\n<p>Recomanem que els alumnes portin motxilles sense rodes. No disposem d\u2019espai als penjadors i sovint es donen cops i es fan malb\u00e9 les escales.<\/p>\n<p>&nbsp;<\/p>\n","protected":false},"excerpt":{"rendered":"<p>L\u2019alumnat ha de venir amb un cal\u00e7at idoni i vestit amb roba c\u00f2moda que faciliti els moviments i l\u2019autonomia i que sigui adequada per assistir al centre escolar. \u00c9s necessari observar una correcta higiene a l\u2019hora d\u2019assistir a l\u2019escola.<br \/>\nEls infants d\u2019infantil haurien de portar el&hellip;  <a href=\"https:\/\/agora.xtec.cat\/ceip-ignasiiglesias-cornella\/organitzacio\/normativa\/motxilla-i-roba\/\" title=\"Read Motxilla i roba\">Llegeix m\u00e9s\u00bb<\/a><\/p>\n","protected":false},"author":1,"featured_media":0,"parent":657,"menu_order":0,"comment_status":"closed","ping_status":"closed","template":"page-templates\/side-menu.php","meta":{"_bbp_topic_count":0,"_bbp_reply_count":0,"_bbp_total_topic_count":0,"_bbp_total_reply_count":0,"_bbp_voice_count":0,"_bbp_anonymous_reply_count":0,"_bbp_topic_count_hidden":0,"_bbp_reply_count_hidden":0,"_bbp_forum_subforum_count":0,"footnotes":""},"class_list":["post-644","page","type-page","status-publish","hentry"],"post_mailing_queue_ids":[],"_links":{"self":[{"href":"https:\/\/agora.xtec.cat\/ceip-ignasiiglesias-cornella\/wp-json\/wp\/v2\/pages\/644","targetHints":{"allow":["GET"]}}],"collection":[{"href":"https:\/\/agora.xtec.cat\/ceip-ignasiiglesias-cornella\/wp-json\/wp\/v2\/pages"}],"about":[{"href":"https:\/\/agora.xtec.cat\/ceip-ignasiiglesias-cornella\/wp-json\/wp\/v2\/types\/page"}],"author":[{"embeddable":true,"href":"https:\/\/agora.xtec.cat\/ceip-ignasiiglesias-cornella\/wp-json\/wp\/v2\/users\/1"}],"replies":[{"embeddable":true,"href":"https:\/\/agora.xtec.cat\/ceip-ignasiiglesias-cornella\/wp-json\/wp\/v2\/comments?post=644"}],"version-history":[{"count":5,"href":"https:\/\/agora.xtec.cat\/ceip-ignasiiglesias-cornella\/wp-json\/wp\/v2\/pages\/644\/revisions"}],"predecessor-version":[{"id":7860,"href":"https:\/\/agora.xtec.cat\/ceip-ignasiiglesias-cornella\/wp-json\/wp\/v2\/pages\/644\/revisions\/7860"}],"up":[{"embeddable":true,"href":"https:\/\/agora.xtec.cat\/ceip-ignasiiglesias-cornella\/wp-json\/wp\/v2\/pages\/657"}],"wp:attachment":[{"href":"https:\/\/agora.xtec.cat\/ceip-ignasiiglesias-cornella\/wp-json\/wp\/v2\/media?parent=644"}],"curies":[{"name":"wp","href":"https:\/\/api.w.org\/{rel}","templated":true}]}}

<p>L’alumnat ha de venir amb un calçat idoni i vestit amb roba còmoda que faciliti els moviments i l’autonomia i que sigui adequada per assistir al centre escolar. És necessari observar una correcta higiene a l’hora d’assistir a l’escola.</p>
<p>Els infants d’infantil haurien de portar el calçat sense cordons, que se’l puguin posar i treure sols, per afavorir la seva autonomia personal.</p>
<p>Recomanem l’ús de carmanyola pels esmorzars. Cal que estiguin ben identificades amb el nom i cognom de l’alumnat.</p>
<p>A Ed. Infantil no s’utilitza la bata de forma habitual, però cal portar-la per fer-la servir a determinades activitats plàstiques, d’experimentació&#8230; Aquesta haurà d’anar marcada amb el nom i portar una beta de 15/20 cm per poder-la penjar. Cada nen/a pot escollir el color i l’estampat que més li agradi. També caldrà que portin una caixa de mocadors i tovalloletes humides a l’inici del curs.</p>
<p>Recomanem que els alumnes portin motxilles sense rodes. No disposem d’espai als penjadors i sovint es donen cops i es fan malbé les escales.</p>
<p>&nbsp;</p>

<p>L’alumnat ha de venir amb un calçat idoni i vestit amb roba còmoda que faciliti els moviments i l’autonomia i que sigui adequada per assistir al centre escolar. És necessari observar una correcta higiene a l’hora d’assistir a l’escola.<br />
Els infants d’infantil haurien de portar el&hellip;  <a href="https://agora.xtec.cat/ceip-ignasiiglesias-cornella/organitzacio/normativa/motxilla-i-roba/" title="Read Motxilla i roba">Llegeix més»</a></p>
