{"id":638,"date":"2017-10-01T18:54:27","date_gmt":"2017-10-01T16:54:27","guid":{"rendered":"http:\/\/agora.xtec.cat\/ceip-ignasiiglesias-cornella\/?page_id=638"},"modified":"2025-09-04T14:11:10","modified_gmt":"2025-09-04T12:11:10","slug":"esmorzars-i-aniversaris","status":"publish","type":"page","link":"https:\/\/agora.xtec.cat\/ceip-ignasiiglesias-cornella\/organitzacio\/normativa\/esmorzars-i-aniversaris\/","title":{"rendered":"Esmorzars i aniversaris"},"content":{"rendered":"<h6>ESMORZARS<a href=\"http:\/\/agora.xtec.cat\/ceip-ignasiiglesias-cornella\/wp-content\/uploads\/usu1592\/2017\/10\/BOCATA.png\"><img loading=\"lazy\" decoding=\"async\" class=\" wp-image-734 alignright\" src=\"http:\/\/agora.xtec.cat\/ceip-ignasiiglesias-cornella\/wp-content\/uploads\/usu1592\/2017\/10\/BOCATA.png\" alt=\"\" width=\"134\" height=\"105\" \/><\/a><\/h6>\n<p><span style=\"font-size: medium;\">Es recomana que tot l\u2019alumnat esmorzi abans de venir a l&#8217;escola. <\/span><\/p>\n<p><span style=\"text-decoration: underline;\"><span style=\"font-size: medium;\">Ed. Prim\u00e0ria: <\/span><\/span><span style=\"font-size: medium;\">Per poder fer un mos a mig mat\u00ed, poden portar cada dia un petit entrep\u00e0, torradetes o bastonets amb embotit, fruita&#8230; Es recomana no portar pastes i evitar sucs, iogurts, actimels&#8230; <\/span><span style=\"font-size: medium;\">L&#8217;esmorazar es realitza a l&#8217;aula ordin\u00e0ria 10 minuts abans de l&#8217;estona d&#8217;esbarjo.<\/span><\/p>\n<div><span style=\"font-size: medium;\"><a href=\"http:\/\/agora.xtec.cat\/ceip-ignasiiglesias-cornella\/wp-content\/uploads\/usu1592\/2017\/10\/FRUTA-CARA.jpg\"><img loading=\"lazy\" decoding=\"async\" class=\"wp-image-735 alignleft\" src=\"http:\/\/agora.xtec.cat\/ceip-ignasiiglesias-cornella\/wp-content\/uploads\/usu1592\/2017\/10\/FRUTA-CARA-272x300.jpg\" alt=\"\" width=\"84\" height=\"93\" srcset=\"https:\/\/agora.xtec.cat\/ceip-ignasiiglesias-cornella\/wp-content\/uploads\/usu1592\/2017\/10\/FRUTA-CARA-272x300.jpg 272w, https:\/\/agora.xtec.cat\/ceip-ignasiiglesias-cornella\/wp-content\/uploads\/usu1592\/2017\/10\/FRUTA-CARA-768x848.jpg 768w, https:\/\/agora.xtec.cat\/ceip-ignasiiglesias-cornella\/wp-content\/uploads\/usu1592\/2017\/10\/FRUTA-CARA-928x1024.jpg 928w, https:\/\/agora.xtec.cat\/ceip-ignasiiglesias-cornella\/wp-content\/uploads\/usu1592\/2017\/10\/FRUTA-CARA.jpg 1061w\" sizes=\"auto, (max-width: 84px) 100vw, 84px\" \/><\/a><\/span><\/div>\n<div><\/div>\n<div><span style=\"font-size: medium;\">El <b>dimarts <\/b>\u00e9s el dia de la<b> fruita <\/b>a l&#8217;esola<b>. <\/b>Us animem a participar d&#8217;aquesta iniciativa incloent la fruita a l&#8217;esmorzar dels vostres fills i filles de prim\u00e0ria.\u00a0<\/span><\/div>\n<div><span style=\"font-size: medium;\">\u00a0<\/span><\/div>\n<div><span style=\"font-size: medium;\">Recordeu la import\u00e0ncia d&#8217;utilitzar embolcalls ecol\u00f2gics tipus boc&#8221;n&#8221;roll i carmanyoles (sempre ben identificades amb el nom i cognom de l&#8217; alumnat).<\/span><\/div>\n<p>&nbsp;<\/p>\n<p><span style=\"text-decoration: underline;\">Ed. Infanatil:<\/span> Els esmorzars a l&#8217; escola en aquesta etapa s\u00f3n cooperatius. A partir d&#8217; un men\u00fa setmanal planificat i equilibrat, es demana a les fam\u00edlies que portin un dels ingredients un cop per setmana per a tots els nens i nenes de la classe. S\u00f3n els mateixos alumnes els que, amb tots els ingredients, s&#8217; encarreguen de preparar la taula de l&#8217;esmorzar que compartiran. \u00c9s necessari que cadascun dels infants porti di\u00e0riament un tovall\u00f3 de roba i una carmanyola <span style=\"font-size: medium;\">(sempre ben identificada amb el seu nom i cognom)<\/span>. Per a m\u00e9s informaci\u00f3 sobre aquesta activitat cliqueu <a href=\"https:\/\/agora.xtec.cat\/ceip-ignasiiglesias-cornella\/projecte-educatiu\/esmorzar-collaboratiu-2\/\">AQU\u00cd<\/a>.<\/p>\n<h4><span style=\"font-size: medium;\">ANIVERSARIS<\/span><span style=\"font-size: medium;\"><br \/>\n<\/span><\/h4>\n<p><span style=\"font-size: medium;\">Les festes d&#8217;aniversari particulars no es poden gestionar des de l&#8217; escola. Per aquesta ra\u00f3, no es permet repartir llaminadures, joguines ni invitacions al recinte escolar.<\/span><span style=\"font-size: medium;\"><br \/>\n<\/span><a href=\"http:\/\/agora.xtec.cat\/ceip-ignasiiglesias-cornella\/wp-content\/uploads\/usu1592\/2017\/10\/PASTEL.jpg\"><img loading=\"lazy\" decoding=\"async\" class=\" wp-image-738 aligncenter\" src=\"http:\/\/agora.xtec.cat\/ceip-ignasiiglesias-cornella\/wp-content\/uploads\/usu1592\/2017\/10\/PASTEL-300x235.jpg\" alt=\"\" width=\"246\" height=\"193\" srcset=\"https:\/\/agora.xtec.cat\/ceip-ignasiiglesias-cornella\/wp-content\/uploads\/usu1592\/2017\/10\/PASTEL-300x235.jpg 300w, https:\/\/agora.xtec.cat\/ceip-ignasiiglesias-cornella\/wp-content\/uploads\/usu1592\/2017\/10\/PASTEL.jpg 600w\" sizes=\"auto, (max-width: 246px) 100vw, 246px\" \/><\/a><\/p>\n","protected":false},"excerpt":{"rendered":"<p>ESMORZARS<a href=\"http:\/\/agora.xtec.cat\/ceip-ignasiiglesias-cornella\/wp-content\/uploads\/usu1592\/2017\/10\/BOCATA.png\"><\/a><br \/>\nEs recomana que tot l\u2019alumnat esmorzi abans de venir a l&#8217;escola.<br \/>\nEd. Prim\u00e0ria: Per poder fer un mos a mig mat\u00ed, poden portar cada dia un petit entrep\u00e0, torradetes o bastonets amb embotit, fruita&#8230; Es recomana no portar pastes i evitar sucs, iogurts, actimels&#8230;&hellip;  <a href=\"https:\/\/agora.xtec.cat\/ceip-ignasiiglesias-cornella\/organitzacio\/normativa\/esmorzars-i-aniversaris\/\" title=\"Read Esmorzars i aniversaris\">Llegeix m\u00e9s\u00bb<\/a><\/p>\n","protected":false},"author":1,"featured_media":0,"parent":657,"menu_order":0,"comment_status":"closed","ping_status":"closed","template":"page-templates\/side-menu.php","meta":{"_bbp_topic_count":0,"_bbp_reply_count":0,"_bbp_total_topic_count":0,"_bbp_total_reply_count":0,"_bbp_voice_count":0,"_bbp_anonymous_reply_count":0,"_bbp_topic_count_hidden":0,"_bbp_reply_count_hidden":0,"_bbp_forum_subforum_count":0,"footnotes":""},"class_list":["post-638","page","type-page","status-publish","hentry"],"post_mailing_queue_ids":[],"_links":{"self":[{"href":"https:\/\/agora.xtec.cat\/ceip-ignasiiglesias-cornella\/wp-json\/wp\/v2\/pages\/638","targetHints":{"allow":["GET"]}}],"collection":[{"href":"https:\/\/agora.xtec.cat\/ceip-ignasiiglesias-cornella\/wp-json\/wp\/v2\/pages"}],"about":[{"href":"https:\/\/agora.xtec.cat\/ceip-ignasiiglesias-cornella\/wp-json\/wp\/v2\/types\/page"}],"author":[{"embeddable":true,"href":"https:\/\/agora.xtec.cat\/ceip-ignasiiglesias-cornella\/wp-json\/wp\/v2\/users\/1"}],"replies":[{"embeddable":true,"href":"https:\/\/agora.xtec.cat\/ceip-ignasiiglesias-cornella\/wp-json\/wp\/v2\/comments?post=638"}],"version-history":[{"count":5,"href":"https:\/\/agora.xtec.cat\/ceip-ignasiiglesias-cornella\/wp-json\/wp\/v2\/pages\/638\/revisions"}],"predecessor-version":[{"id":7868,"href":"https:\/\/agora.xtec.cat\/ceip-ignasiiglesias-cornella\/wp-json\/wp\/v2\/pages\/638\/revisions\/7868"}],"up":[{"embeddable":true,"href":"https:\/\/agora.xtec.cat\/ceip-ignasiiglesias-cornella\/wp-json\/wp\/v2\/pages\/657"}],"wp:attachment":[{"href":"https:\/\/agora.xtec.cat\/ceip-ignasiiglesias-cornella\/wp-json\/wp\/v2\/media?parent=638"}],"curies":[{"name":"wp","href":"https:\/\/api.w.org\/{rel}","templated":true}]}}

<h6>ESMORZARS<a href="http://agora.xtec.cat/ceip-ignasiiglesias-cornella/wp-content/uploads/usu1592/2017/10/BOCATA.png"><img loading="lazy" decoding="async" class=" wp-image-734 alignright" src="http://agora.xtec.cat/ceip-ignasiiglesias-cornella/wp-content/uploads/usu1592/2017/10/BOCATA.png" alt="" width="134" height="105" /></a></h6>
<p><span style="font-size: medium;">Es recomana que tot l’alumnat esmorzi abans de venir a l&#8217;escola. </span></p>
<p><span style="text-decoration: underline;"><span style="font-size: medium;">Ed. Primària: </span></span><span style="font-size: medium;">Per poder fer un mos a mig matí, poden portar cada dia un petit entrepà, torradetes o bastonets amb embotit, fruita&#8230; Es recomana no portar pastes i evitar sucs, iogurts, actimels&#8230; </span><span style="font-size: medium;">L&#8217;esmorazar es realitza a l&#8217;aula ordinària 10 minuts abans de l&#8217;estona d&#8217;esbarjo.</span></p>
<div><span style="font-size: medium;"><a href="http://agora.xtec.cat/ceip-ignasiiglesias-cornella/wp-content/uploads/usu1592/2017/10/FRUTA-CARA.jpg"><img loading="lazy" decoding="async" class="wp-image-735 alignleft" src="http://agora.xtec.cat/ceip-ignasiiglesias-cornella/wp-content/uploads/usu1592/2017/10/FRUTA-CARA-272x300.jpg" alt="" width="84" height="93" srcset="https://agora.xtec.cat/ceip-ignasiiglesias-cornella/wp-content/uploads/usu1592/2017/10/FRUTA-CARA-272x300.jpg 272w, https://agora.xtec.cat/ceip-ignasiiglesias-cornella/wp-content/uploads/usu1592/2017/10/FRUTA-CARA-768x848.jpg 768w, https://agora.xtec.cat/ceip-ignasiiglesias-cornella/wp-content/uploads/usu1592/2017/10/FRUTA-CARA-928x1024.jpg 928w, https://agora.xtec.cat/ceip-ignasiiglesias-cornella/wp-content/uploads/usu1592/2017/10/FRUTA-CARA.jpg 1061w" sizes="auto, (max-width: 84px) 100vw, 84px" /></a></span></div>
<div></div>
<div><span style="font-size: medium;">El <b>dimarts </b>és el dia de la<b> fruita </b>a l&#8217;esola<b>. </b>Us animem a participar d&#8217;aquesta iniciativa incloent la fruita a l&#8217;esmorzar dels vostres fills i filles de primària. </span></div>
<div><span style="font-size: medium;"> </span></div>
<div><span style="font-size: medium;">Recordeu la importància d&#8217;utilitzar embolcalls ecològics tipus boc&#8221;n&#8221;roll i carmanyoles (sempre ben identificades amb el nom i cognom de l&#8217; alumnat).</span></div>
<p>&nbsp;</p>
<p><span style="text-decoration: underline;">Ed. Infanatil:</span> Els esmorzars a l&#8217; escola en aquesta etapa són cooperatius. A partir d&#8217; un menú setmanal planificat i equilibrat, es demana a les famílies que portin un dels ingredients un cop per setmana per a tots els nens i nenes de la classe. Són els mateixos alumnes els que, amb tots els ingredients, s&#8217; encarreguen de preparar la taula de l&#8217;esmorzar que compartiran. És necessari que cadascun dels infants porti diàriament un tovalló de roba i una carmanyola <span style="font-size: medium;">(sempre ben identificada amb el seu nom i cognom)</span>. Per a més informació sobre aquesta activitat cliqueu <a href="https://agora.xtec.cat/ceip-ignasiiglesias-cornella/projecte-educatiu/esmorzar-collaboratiu-2/">AQUÍ</a>.</p>
<h4><span style="font-size: medium;">ANIVERSARIS</span><span style="font-size: medium;"><br />
</span></h4>
<p><span style="font-size: medium;">Les festes d&#8217;aniversari particulars no es poden gestionar des de l&#8217; escola. Per aquesta raó, no es permet repartir llaminadures, joguines ni invitacions al recinte escolar.</span><span style="font-size: medium;"><br />
</span><a href="http://agora.xtec.cat/ceip-ignasiiglesias-cornella/wp-content/uploads/usu1592/2017/10/PASTEL.jpg"><img loading="lazy" decoding="async" class=" wp-image-738 aligncenter" src="http://agora.xtec.cat/ceip-ignasiiglesias-cornella/wp-content/uploads/usu1592/2017/10/PASTEL-300x235.jpg" alt="" width="246" height="193" srcset="https://agora.xtec.cat/ceip-ignasiiglesias-cornella/wp-content/uploads/usu1592/2017/10/PASTEL-300x235.jpg 300w, https://agora.xtec.cat/ceip-ignasiiglesias-cornella/wp-content/uploads/usu1592/2017/10/PASTEL.jpg 600w" sizes="auto, (max-width: 246px) 100vw, 246px" /></a></p>

<p>ESMORZARS<a href="http://agora.xtec.cat/ceip-ignasiiglesias-cornella/wp-content/uploads/usu1592/2017/10/BOCATA.png"></a><br />
Es recomana que tot l’alumnat esmorzi abans de venir a l&#8217;escola.<br />
Ed. Primària: Per poder fer un mos a mig matí, poden portar cada dia un petit entrepà, torradetes o bastonets amb embotit, fruita&#8230; Es recomana no portar pastes i evitar sucs, iogurts, actimels&#8230;&hellip;  <a href="https://agora.xtec.cat/ceip-ignasiiglesias-cornella/organitzacio/normativa/esmorzars-i-aniversaris/" title="Read Esmorzars i aniversaris">Llegeix més»</a></p>
