{"id":636,"date":"2017-10-01T18:54:00","date_gmt":"2017-10-01T16:54:00","guid":{"rendered":"http:\/\/agora.xtec.cat\/ceip-ignasiiglesias-cornella\/?page_id=636"},"modified":"2025-09-04T12:34:18","modified_gmt":"2025-09-04T10:34:18","slug":"entrades-i-sortides","status":"publish","type":"page","link":"https:\/\/agora.xtec.cat\/ceip-ignasiiglesias-cornella\/organitzacio\/normativa\/entrades-i-sortides\/","title":{"rendered":"Entrades i sortides"},"content":{"rendered":"<p>Les entrades i sortides dels alumnes es faran per la porta de la pla\u00e7a Pau Casals, tret l\u2019alumnat de 6\u00e8 que entrar\u00e0 per la porta del carrer Mari\u00e0 Benlliure (acc\u00e9s a Secretaria).<\/p>\n<p><strong>\u00c9s normatiu que els\/les alumnes arribin puntuals a l&#8217;escola.<\/strong><\/p>\n<table style=\"height: 404px; width: 706px;\" width=\"716\">\n<tbody>\n<tr style=\"height: 77px;\">\n<td style=\"width: 235px; height: 77px;\"><strong>CICLES\/ CURSOS<\/strong><\/td>\n<td style=\"width: 235px; height: 77px;\"><strong>PUNTS D\u2019ENTRADA I SORTIDA<\/strong><\/td>\n<td style=\"width: 236px; height: 77px;\"><strong>HORA D\u2019ENTRADA I DE SORTIDA<\/strong><\/td>\n<\/tr>\n<tr style=\"height: 63px;\">\n<td style=\"width: 235px; height: 63px;\">INFANTIL<\/p>\n<p>CICLE INICIAL<\/p>\n<p>CICLE MITJ\u00c0<\/p>\n<p>5\u00e8<\/td>\n<td style=\"width: 235px; height: 63px;\">PLA\u00c7A PAU CASALS<\/td>\n<td style=\"width: 236px; height: 63px;\">9:00 a 12:30<\/p>\n<p>15\u00a0 a 16:30<\/td>\n<\/tr>\n<tr>\n<td style=\"width: 235px;\">6\u00e8<\/td>\n<td style=\"width: 235px;\">C\/ MARIA BENLLIURE (PORTA MESTRES)<\/td>\n<td style=\"width: 236px;\">9:00 a 12:30<\/p>\n<p>15 a 16:30<\/td>\n<\/tr>\n<\/tbody>\n<\/table>\n<h6 style=\"text-align: left;\"><\/h6>\n<div>\n<h6><span style=\"text-decoration: underline;\"><strong>ENTRADES<\/strong><\/span><\/h6>\n<p><u>Infantil<\/u>: Les fam\u00edlies acompanyen als seus fills\/es fins al pati dels petits. Els acompanyants han de marxar com m\u00e9s aviat millor, per no destorbar l\u2019entrada dels\/les alumnes de prim\u00e0ria.<\/p>\n<p>Els dies de molta pluja, si el sorral est\u00e0 ple de bassals que dificulten l\u2019acc\u00e9s, l\u2019alumnat accedir\u00e0 a les aules entrant per la porta de la dreta de l\u2019edifici (paret menjador).<\/p>\n<p><u>Prim\u00e0ria<\/u>: L\u2019alumnat entra sol i puja directament a la classe, sense fer fileres al pati. Els\/les mestres estan distribu\u00efts per tot el recorregut per vetllar que l\u2019entrada dels infants es faci amb normalitat.<\/p>\n<p>L\u2019alumnat de 1r, 2n i 3r accedeix al centre per la porta dreta (paret menjador).<\/p>\n<p>El primer dia de curs l\u2019alumnat de 1r pot entrar acompanyat per algun familiar fins el pati, on les tutores els esperen per rebre\u2019ls\u00a0 fent filera. Dues mestres d\u2019Infantil fan l\u2019acompanyament fins les aules. A partir del segon dia, l\u2019alumnat de 1r ja entra sol.<\/p>\n<p>L\u2019alumnat de 4t i 5\u00e8 accedeix al centre per la porta esquerra de l\u2019edifici (paret pavell\u00f3).<\/p>\n<p>L\u2019alumnat de 6\u00e8 accedeix per la porta del carrer Mari\u00e0 Benlliure (porta acc\u00e9s Secretaria).<\/p>\n<p>Els dies de molta pluja tots els alumnes de Prim\u00e0ria accedeixen al centre per la porta de la dreta de l\u2019edifici (paret menjador), tret l\u2019alumnat de 6\u00e8 que entra per la porta habitual (carrer Mari\u00e0 Benlliure).<\/p>\n<\/div>\n<h4><b><span style=\"font-size: medium;\"><u>SORTIDES<\/u><\/span><\/b><b><\/b><\/h4>\n<p><u>Infantil<\/u>: Les fam\u00edlies entren fins al pati i els\/les mestres, situats a les respectives portes de les classes, lliuren als nens\/es. Els infants d\u2019Infantil poden ser recollits per un major de 16 anys (pr\u00e8via autoritzaci\u00f3). Quan hagi de venir una persona que no sigui el tutor\/a s\u2019ha d\u2019avisar al mestre\/a per tal de tenir coneixen\u00e7a d\u2019aquest fet. No s\u2019entregar\u00e0 cap alumne sense autoritzaci\u00f3 pr\u00e8via. En cas de molta pluja, les fam\u00edlies podran recollir als seus infants a les aules.<\/p>\n<p><u>Prim\u00e0ria<\/u>: Les fam\u00edlies de \u00a01r i 2n han de recollir els seus fills\/es al lloc corresponent del pati; els\/les mestres els lliuraran personalment a les fam\u00edlies. L\u2019alumnat de Primer es col\u00b7loca a la paret del pati que d\u00f3na a la porta de la Pla\u00e7a Pau Casals (mural PAU) i l\u2019alumnat de Segon a la zona de les jardineres del pati (entre el sorral i la pista).<\/p>\n<p>Quan hagi de venir una persona diferent de l\u2019habitual s\u2019ha d\u2019avisar al mestre\/a per tal de tenir coneixen\u00e7a d\u2019aquest fet.\u00a0 No s\u2019entregar\u00e0 cap alumne sense autoritzaci\u00f3 pr\u00e8via.<\/p>\n<p>En el cas de molta pluja, l\u2019alumnat de 1r es col\u00b7locar\u00e0 sota el porxo de la paret de\u00a0 la porta del menjador i l\u2019alumnat de 2n es col\u00b7locar\u00e0 sota el porxo de les vidrieres del menjador. Les fam\u00edlies els recolliran en aquets punts.<\/p>\n<p>Els nens i nenes de 3r a 6\u00e8que tinguin l\u2019autoritzaci\u00f3 signada, surten sols de l\u2019escola, Els familiars els han d\u2019esperar a la porta.<\/p>\n<p>Quan un\/a alumne\/a\u00a0 arriba tard, ha d\u2019entrar per la porta principal (M. Benlliure) i la fam\u00edlia ha de signar el full justificatiu.<\/p>\n<p>Per fer gestions de secretaria, entrevistes&#8230; sempre s\u2019ha d\u2019entrar per la porta principal ( Mari\u00e0 Benlliure 29).<\/p>\n<p>Per a q\u00fcestions relacionades amb el menjador, acollida, extraescolars o activitats de lleure, \u00a0cal anar al local de l\u2019AFA.<\/p>\n<p>&nbsp;<\/p>\n","protected":false},"excerpt":{"rendered":"<p>Les entrades i sortides dels alumnes es faran per la porta de la pla\u00e7a Pau Casals, tret l\u2019alumnat de 6\u00e8 que entrar\u00e0 per la porta del carrer Mari\u00e0 Benlliure (acc\u00e9s a Secretaria).<br \/>\n\u00c9s normatiu que els\/les alumnes arribin puntuals a l&#8217;escola.<\/p>\n<p>CICLES\/ CURSOS<br \/>\nPUNTS D\u2019ENTRADA I SORTIDA<br \/>\nHORA D\u2019ENTRADA&hellip;  <a href=\"https:\/\/agora.xtec.cat\/ceip-ignasiiglesias-cornella\/organitzacio\/normativa\/entrades-i-sortides\/\" title=\"Read Entrades i sortides\">Llegeix m\u00e9s\u00bb<\/a><\/p>\n","protected":false},"author":1,"featured_media":0,"parent":657,"menu_order":0,"comment_status":"closed","ping_status":"closed","template":"page-templates\/side-menu.php","meta":{"_bbp_topic_count":0,"_bbp_reply_count":0,"_bbp_total_topic_count":0,"_bbp_total_reply_count":0,"_bbp_voice_count":0,"_bbp_anonymous_reply_count":0,"_bbp_topic_count_hidden":0,"_bbp_reply_count_hidden":0,"_bbp_forum_subforum_count":0,"footnotes":""},"class_list":["post-636","page","type-page","status-publish","hentry"],"post_mailing_queue_ids":[],"_links":{"self":[{"href":"https:\/\/agora.xtec.cat\/ceip-ignasiiglesias-cornella\/wp-json\/wp\/v2\/pages\/636","targetHints":{"allow":["GET"]}}],"collection":[{"href":"https:\/\/agora.xtec.cat\/ceip-ignasiiglesias-cornella\/wp-json\/wp\/v2\/pages"}],"about":[{"href":"https:\/\/agora.xtec.cat\/ceip-ignasiiglesias-cornella\/wp-json\/wp\/v2\/types\/page"}],"author":[{"embeddable":true,"href":"https:\/\/agora.xtec.cat\/ceip-ignasiiglesias-cornella\/wp-json\/wp\/v2\/users\/1"}],"replies":[{"embeddable":true,"href":"https:\/\/agora.xtec.cat\/ceip-ignasiiglesias-cornella\/wp-json\/wp\/v2\/comments?post=636"}],"version-history":[{"count":4,"href":"https:\/\/agora.xtec.cat\/ceip-ignasiiglesias-cornella\/wp-json\/wp\/v2\/pages\/636\/revisions"}],"predecessor-version":[{"id":7852,"href":"https:\/\/agora.xtec.cat\/ceip-ignasiiglesias-cornella\/wp-json\/wp\/v2\/pages\/636\/revisions\/7852"}],"up":[{"embeddable":true,"href":"https:\/\/agora.xtec.cat\/ceip-ignasiiglesias-cornella\/wp-json\/wp\/v2\/pages\/657"}],"wp:attachment":[{"href":"https:\/\/agora.xtec.cat\/ceip-ignasiiglesias-cornella\/wp-json\/wp\/v2\/media?parent=636"}],"curies":[{"name":"wp","href":"https:\/\/api.w.org\/{rel}","templated":true}]}}

<p>Les entrades i sortides dels alumnes es faran per la porta de la plaça Pau Casals, tret l’alumnat de 6è que entrarà per la porta del carrer Marià Benlliure (accés a Secretaria).</p>
<p><strong>És normatiu que els/les alumnes arribin puntuals a l&#8217;escola.</strong></p>
<table style="height: 404px; width: 706px;" width="716">
<tbody>
<tr style="height: 77px;">
<td style="width: 235px; height: 77px;"><strong>CICLES/ CURSOS</strong></td>
<td style="width: 235px; height: 77px;"><strong>PUNTS D’ENTRADA I SORTIDA</strong></td>
<td style="width: 236px; height: 77px;"><strong>HORA D’ENTRADA I DE SORTIDA</strong></td>
</tr>
<tr style="height: 63px;">
<td style="width: 235px; height: 63px;">INFANTIL</p>
<p>CICLE INICIAL</p>
<p>CICLE MITJÀ</p>
<p>5è</td>
<td style="width: 235px; height: 63px;">PLAÇA PAU CASALS</td>
<td style="width: 236px; height: 63px;">9:00 a 12:30</p>
<p>15  a 16:30</td>
</tr>
<tr>
<td style="width: 235px;">6è</td>
<td style="width: 235px;">C/ MARIA BENLLIURE (PORTA MESTRES)</td>
<td style="width: 236px;">9:00 a 12:30</p>
<p>15 a 16:30</td>
</tr>
</tbody>
</table>
<h6 style="text-align: left;"></h6>
<div>
<h6><span style="text-decoration: underline;"><strong>ENTRADES</strong></span></h6>
<p><u>Infantil</u>: Les famílies acompanyen als seus fills/es fins al pati dels petits. Els acompanyants han de marxar com més aviat millor, per no destorbar l’entrada dels/les alumnes de primària.</p>
<p>Els dies de molta pluja, si el sorral està ple de bassals que dificulten l’accés, l’alumnat accedirà a les aules entrant per la porta de la dreta de l’edifici (paret menjador).</p>
<p><u>Primària</u>: L’alumnat entra sol i puja directament a la classe, sense fer fileres al pati. Els/les mestres estan distribuïts per tot el recorregut per vetllar que l’entrada dels infants es faci amb normalitat.</p>
<p>L’alumnat de 1r, 2n i 3r accedeix al centre per la porta dreta (paret menjador).</p>
<p>El primer dia de curs l’alumnat de 1r pot entrar acompanyat per algun familiar fins el pati, on les tutores els esperen per rebre’ls  fent filera. Dues mestres d’Infantil fan l’acompanyament fins les aules. A partir del segon dia, l’alumnat de 1r ja entra sol.</p>
<p>L’alumnat de 4t i 5è accedeix al centre per la porta esquerra de l’edifici (paret pavelló).</p>
<p>L’alumnat de 6è accedeix per la porta del carrer Marià Benlliure (porta accés Secretaria).</p>
<p>Els dies de molta pluja tots els alumnes de Primària accedeixen al centre per la porta de la dreta de l’edifici (paret menjador), tret l’alumnat de 6è que entra per la porta habitual (carrer Marià Benlliure).</p>
</div>
<h4><b><span style="font-size: medium;"><u>SORTIDES</u></span></b><b></b></h4>
<p><u>Infantil</u>: Les famílies entren fins al pati i els/les mestres, situats a les respectives portes de les classes, lliuren als nens/es. Els infants d’Infantil poden ser recollits per un major de 16 anys (prèvia autorització). Quan hagi de venir una persona que no sigui el tutor/a s’ha d’avisar al mestre/a per tal de tenir coneixença d’aquest fet. No s’entregarà cap alumne sense autorització prèvia. En cas de molta pluja, les famílies podran recollir als seus infants a les aules.</p>
<p><u>Primària</u>: Les famílies de  1r i 2n han de recollir els seus fills/es al lloc corresponent del pati; els/les mestres els lliuraran personalment a les famílies. L’alumnat de Primer es col·loca a la paret del pati que dóna a la porta de la Plaça Pau Casals (mural PAU) i l’alumnat de Segon a la zona de les jardineres del pati (entre el sorral i la pista).</p>
<p>Quan hagi de venir una persona diferent de l’habitual s’ha d’avisar al mestre/a per tal de tenir coneixença d’aquest fet.  No s’entregarà cap alumne sense autorització prèvia.</p>
<p>En el cas de molta pluja, l’alumnat de 1r es col·locarà sota el porxo de la paret de  la porta del menjador i l’alumnat de 2n es col·locarà sota el porxo de les vidrieres del menjador. Les famílies els recolliran en aquets punts.</p>
<p>Els nens i nenes de 3r a 6èque tinguin l’autorització signada, surten sols de l’escola, Els familiars els han d’esperar a la porta.</p>
<p>Quan un/a alumne/a  arriba tard, ha d’entrar per la porta principal (M. Benlliure) i la família ha de signar el full justificatiu.</p>
<p>Per fer gestions de secretaria, entrevistes&#8230; sempre s’ha d’entrar per la porta principal ( Marià Benlliure 29).</p>
<p>Per a qüestions relacionades amb el menjador, acollida, extraescolars o activitats de lleure,  cal anar al local de l’AFA.</p>
<p>&nbsp;</p>

<p>Les entrades i sortides dels alumnes es faran per la porta de la plaça Pau Casals, tret l’alumnat de 6è que entrarà per la porta del carrer Marià Benlliure (accés a Secretaria).<br />
És normatiu que els/les alumnes arribin puntuals a l&#8217;escola.</p>
<p>CICLES/ CURSOS<br />
PUNTS D’ENTRADA I SORTIDA<br />
HORA D’ENTRADA&hellip;  <a href="https://agora.xtec.cat/ceip-ignasiiglesias-cornella/organitzacio/normativa/entrades-i-sortides/" title="Read Entrades i sortides">Llegeix més»</a></p>
