{"id":611,"date":"2017-10-01T17:57:07","date_gmt":"2017-10-01T15:57:07","guid":{"rendered":"http:\/\/agora.xtec.cat\/ceip-ignasiiglesias-cornella\/?page_id=611"},"modified":"2017-12-07T13:13:10","modified_gmt":"2017-12-07T12:13:10","slug":"escola-formadora","status":"publish","type":"page","link":"https:\/\/agora.xtec.cat\/ceip-ignasiiglesias-cornella\/projecte-educatiu\/escola-formadora\/","title":{"rendered":"Escola formadora"},"content":{"rendered":"<p>En el Pla d&#8217;Estudis del Grau de mestres d&#8217;Educaci\u00f3 Prim\u00e0ria i Educaci\u00f3 Infantil hi han assignatures de pr\u00e0ctiques.\u00a0 Aquestes pr\u00e0ctiques s\u00f3n el pilar fonamental per continuar desenvolupant les compet\u00e8ncies personals i professionals dels futurs graduats.<\/p>\n<p>El centre acull estudiants del Grau de Mestres i tamb\u00e9 dels M\u00f2duls Formatius de TEI, (T\u00e8cnic\/a en Educaci\u00f3 Infantil).\u00a0 Entenem que con\u00e8ixer la realitat i la diversitat de les aules \u00e9s un complement necessari pels futurs i futures professionals.<\/p>\n","protected":false},"excerpt":{"rendered":"<p>En el Pla d&#8217;Estudis del Grau de mestres d&#8217;Educaci\u00f3 Prim\u00e0ria i Educaci\u00f3 Infantil hi han assignatures de pr\u00e0ctiques.\u00a0 Aquestes pr\u00e0ctiques s\u00f3n el pilar fonamental per continuar desenvolupant les compet\u00e8ncies personals i professionals dels futurs graduats.<br \/>\nEl centre acull estudiants del Grau de Mestres i tamb\u00e9 dels&hellip;  <a href=\"https:\/\/agora.xtec.cat\/ceip-ignasiiglesias-cornella\/projecte-educatiu\/escola-formadora\/\" title=\"Read Escola formadora\">Llegeix m\u00e9s\u00bb<\/a><\/p>\n","protected":false},"author":1,"featured_media":0,"parent":64,"menu_order":0,"comment_status":"closed","ping_status":"closed","template":"page-templates\/side-menu.php","meta":{"_bbp_topic_count":0,"_bbp_reply_count":0,"_bbp_total_topic_count":0,"_bbp_total_reply_count":0,"_bbp_voice_count":0,"_bbp_anonymous_reply_count":0,"_bbp_topic_count_hidden":0,"_bbp_reply_count_hidden":0,"_bbp_forum_subforum_count":0,"footnotes":""},"class_list":["post-611","page","type-page","status-publish","hentry"],"post_mailing_queue_ids":[],"_links":{"self":[{"href":"https:\/\/agora.xtec.cat\/ceip-ignasiiglesias-cornella\/wp-json\/wp\/v2\/pages\/611","targetHints":{"allow":["GET"]}}],"collection":[{"href":"https:\/\/agora.xtec.cat\/ceip-ignasiiglesias-cornella\/wp-json\/wp\/v2\/pages"}],"about":[{"href":"https:\/\/agora.xtec.cat\/ceip-ignasiiglesias-cornella\/wp-json\/wp\/v2\/types\/page"}],"author":[{"embeddable":true,"href":"https:\/\/agora.xtec.cat\/ceip-ignasiiglesias-cornella\/wp-json\/wp\/v2\/users\/1"}],"replies":[{"embeddable":true,"href":"https:\/\/agora.xtec.cat\/ceip-ignasiiglesias-cornella\/wp-json\/wp\/v2\/comments?post=611"}],"version-history":[{"count":3,"href":"https:\/\/agora.xtec.cat\/ceip-ignasiiglesias-cornella\/wp-json\/wp\/v2\/pages\/611\/revisions"}],"predecessor-version":[{"id":1281,"href":"https:\/\/agora.xtec.cat\/ceip-ignasiiglesias-cornella\/wp-json\/wp\/v2\/pages\/611\/revisions\/1281"}],"up":[{"embeddable":true,"href":"https:\/\/agora.xtec.cat\/ceip-ignasiiglesias-cornella\/wp-json\/wp\/v2\/pages\/64"}],"wp:attachment":[{"href":"https:\/\/agora.xtec.cat\/ceip-ignasiiglesias-cornella\/wp-json\/wp\/v2\/media?parent=611"}],"curies":[{"name":"wp","href":"https:\/\/api.w.org\/{rel}","templated":true}]}}

<p>En el Pla d&#8217;Estudis del Grau de mestres d&#8217;Educació Primària i Educació Infantil hi han assignatures de pràctiques.  Aquestes pràctiques són el pilar fonamental per continuar desenvolupant les competències personals i professionals dels futurs graduats.</p>
<p>El centre acull estudiants del Grau de Mestres i també dels Mòduls Formatius de TEI, (Tècnic/a en Educació Infantil).  Entenem que conèixer la realitat i la diversitat de les aules és un complement necessari pels futurs i futures professionals.</p>

<p>En el Pla d&#8217;Estudis del Grau de mestres d&#8217;Educació Primària i Educació Infantil hi han assignatures de pràctiques.  Aquestes pràctiques són el pilar fonamental per continuar desenvolupant les competències personals i professionals dels futurs graduats.<br />
El centre acull estudiants del Grau de Mestres i també dels&hellip;  <a href="https://agora.xtec.cat/ceip-ignasiiglesias-cornella/projecte-educatiu/escola-formadora/" title="Read Escola formadora">Llegeix més»</a></p>
