{"id":603,"date":"2017-10-01T17:53:18","date_gmt":"2017-10-01T15:53:18","guid":{"rendered":"http:\/\/agora.xtec.cat\/ceip-ignasiiglesias-cornella\/?page_id=603"},"modified":"2018-12-27T13:58:50","modified_gmt":"2018-12-27T12:58:50","slug":"ilec","status":"publish","type":"page","link":"https:\/\/agora.xtec.cat\/ceip-ignasiiglesias-cornella\/projecte-educatiu\/ilec\/","title":{"rendered":"ILEC:  Impuls de la Lectura"},"content":{"rendered":"<p>El Departament d&#8217;Ensenyament participa en el Pla Nacional de Lectura presentat pel Govern de la Generalitat establint com a objectiu la millora de l&#8217;\u00e8xit escolar de tot l&#8217;alumnat.\u00a0 I ho fa potenciant la lectura sistem\u00e0tica en totes les \u00e0rees i mat\u00e8ries del curr\u00edculum al llarg de tota l&#8217;escolaritat b\u00e0sica per augmentar la compet\u00e8ncia comunicativa i ling\u00fc\u00edstica i el desenvolupament de l&#8217;h\u00e0bit lector dels infants i joves, sense oblidar que la compet\u00e8ncia lectora \u00e9s la base de molts aprenentatges i un requisit per participar amb \u00e8xit en bona part dels \u00e0mbits de la vida adulta.<\/p>\n<p>Els docents de la nostra escola hem rebut un curs de formaci\u00f3 d&#8217;Impuls de la Lectura (ILEC) durant tres cursos.\u00a0 Aquestes activitats les duem a terme amb els nostres alumnes, en les 3 lleng\u00fces (castell\u00e0, catal\u00e0 i angl\u00e8s), des dels m\u00e9s petits, P-3, fins als que estan a punt d&#8217;acabar l&#8217;escolaritat, 6\u00e8.<\/p>\n<p>Ens han fet la presentaci\u00f3 de l&#8217;Impuls de la Lectura, hem treballat la Compet\u00e8ncia lectora i el gust per llegir, Flu\u00efdesa i estrat\u00e8gies de lectura i Llegir per aprendre.<\/p>\n<p>&nbsp;<\/p>\n<p><a href=\"http:\/\/agora.xtec.cat\/ceip-ignasiiglesias-cornella\/wp-content\/uploads\/usu1592\/2016\/11\/Biblioteca-2.jpg\"><img loading=\"lazy\" decoding=\"async\" class=\"size-full wp-image-474 alignnone\" src=\"http:\/\/agora.xtec.cat\/ceip-ignasiiglesias-cornella\/wp-content\/uploads\/usu1592\/2016\/11\/Biblioteca-2.jpg\" alt=\"\" width=\"200\" height=\"267\" \/> \u00a0 \u00a0 \u00a0 \u00a0 \u00a0 \u00a0 \u00a0 \u00a0 \u00a0 \u00a0 \u00a0 \u00a0 \u00a0 \u00a0 \u00a0 \u00a0 \u00a0 \u00a0 \u00a0 \u00a0 \u00a0 \u00a0 \u00a0\u00a0 <\/a><a href=\"http:\/\/agora.xtec.cat\/ceip-ignasiiglesias-cornella\/wp-content\/uploads\/usu1592\/2017\/10\/arbol-de-libros.jpg\"><img loading=\"lazy\" decoding=\"async\" class=\"size-full wp-image-1270 alignright\" src=\"http:\/\/agora.xtec.cat\/ceip-ignasiiglesias-cornella\/wp-content\/uploads\/usu1592\/2017\/10\/arbol-de-libros.jpg\" alt=\"\" width=\"400\" height=\"400\" srcset=\"https:\/\/agora.xtec.cat\/ceip-ignasiiglesias-cornella\/wp-content\/uploads\/usu1592\/2017\/10\/arbol-de-libros.jpg 400w, https:\/\/agora.xtec.cat\/ceip-ignasiiglesias-cornella\/wp-content\/uploads\/usu1592\/2017\/10\/arbol-de-libros-150x150.jpg 150w, https:\/\/agora.xtec.cat\/ceip-ignasiiglesias-cornella\/wp-content\/uploads\/usu1592\/2017\/10\/arbol-de-libros-300x300.jpg 300w\" sizes=\"auto, (max-width: 400px) 100vw, 400px\" \/><\/a><a href=\"http:\/\/agora.xtec.cat\/ceip-ignasiiglesias-cornella\/wp-content\/uploads\/usu1592\/2017\/10\/20171120_102003.jpg\"><img loading=\"lazy\" decoding=\"async\" class=\"wp-image-1271 alignright\" src=\"http:\/\/agora.xtec.cat\/ceip-ignasiiglesias-cornella\/wp-content\/uploads\/usu1592\/2017\/10\/20171120_102003-1024x576.jpg\" alt=\"\" width=\"357\" height=\"201\" \/><\/a><\/p>\n","protected":false},"excerpt":{"rendered":"<p>El Departament d&#8217;Ensenyament participa en el Pla Nacional de Lectura presentat pel Govern de la Generalitat establint com a objectiu la millora de l&#8217;\u00e8xit escolar de tot l&#8217;alumnat.\u00a0 I ho fa potenciant la lectura sistem\u00e0tica en totes les \u00e0rees i mat\u00e8ries del curr\u00edculum al llarg&hellip;  <a href=\"https:\/\/agora.xtec.cat\/ceip-ignasiiglesias-cornella\/projecte-educatiu\/ilec\/\" title=\"Read ILEC:  Impuls de la Lectura\">Llegeix m\u00e9s\u00bb<\/a><\/p>\n","protected":false},"author":1,"featured_media":0,"parent":64,"menu_order":0,"comment_status":"closed","ping_status":"closed","template":"page-templates\/side-menu.php","meta":{"_bbp_topic_count":0,"_bbp_reply_count":0,"_bbp_total_topic_count":0,"_bbp_total_reply_count":0,"_bbp_voice_count":0,"_bbp_anonymous_reply_count":0,"_bbp_topic_count_hidden":0,"_bbp_reply_count_hidden":0,"_bbp_forum_subforum_count":0,"footnotes":""},"class_list":["post-603","page","type-page","status-publish","hentry"],"post_mailing_queue_ids":[],"_links":{"self":[{"href":"https:\/\/agora.xtec.cat\/ceip-ignasiiglesias-cornella\/wp-json\/wp\/v2\/pages\/603","targetHints":{"allow":["GET"]}}],"collection":[{"href":"https:\/\/agora.xtec.cat\/ceip-ignasiiglesias-cornella\/wp-json\/wp\/v2\/pages"}],"about":[{"href":"https:\/\/agora.xtec.cat\/ceip-ignasiiglesias-cornella\/wp-json\/wp\/v2\/types\/page"}],"author":[{"embeddable":true,"href":"https:\/\/agora.xtec.cat\/ceip-ignasiiglesias-cornella\/wp-json\/wp\/v2\/users\/1"}],"replies":[{"embeddable":true,"href":"https:\/\/agora.xtec.cat\/ceip-ignasiiglesias-cornella\/wp-json\/wp\/v2\/comments?post=603"}],"version-history":[{"count":4,"href":"https:\/\/agora.xtec.cat\/ceip-ignasiiglesias-cornella\/wp-json\/wp\/v2\/pages\/603\/revisions"}],"predecessor-version":[{"id":2567,"href":"https:\/\/agora.xtec.cat\/ceip-ignasiiglesias-cornella\/wp-json\/wp\/v2\/pages\/603\/revisions\/2567"}],"up":[{"embeddable":true,"href":"https:\/\/agora.xtec.cat\/ceip-ignasiiglesias-cornella\/wp-json\/wp\/v2\/pages\/64"}],"wp:attachment":[{"href":"https:\/\/agora.xtec.cat\/ceip-ignasiiglesias-cornella\/wp-json\/wp\/v2\/media?parent=603"}],"curies":[{"name":"wp","href":"https:\/\/api.w.org\/{rel}","templated":true}]}}

<p>El Departament d&#8217;Ensenyament participa en el Pla Nacional de Lectura presentat pel Govern de la Generalitat establint com a objectiu la millora de l&#8217;èxit escolar de tot l&#8217;alumnat.  I ho fa potenciant la lectura sistemàtica en totes les àrees i matèries del currículum al llarg de tota l&#8217;escolaritat bàsica per augmentar la competència comunicativa i lingüística i el desenvolupament de l&#8217;hàbit lector dels infants i joves, sense oblidar que la competència lectora és la base de molts aprenentatges i un requisit per participar amb èxit en bona part dels àmbits de la vida adulta.</p>
<p>Els docents de la nostra escola hem rebut un curs de formació d&#8217;Impuls de la Lectura (ILEC) durant tres cursos.  Aquestes activitats les duem a terme amb els nostres alumnes, en les 3 llengües (castellà, català i anglès), des dels més petits, P-3, fins als que estan a punt d&#8217;acabar l&#8217;escolaritat, 6è.</p>
<p>Ens han fet la presentació de l&#8217;Impuls de la Lectura, hem treballat la Competència lectora i el gust per llegir, Fluïdesa i estratègies de lectura i Llegir per aprendre.</p>
<p>&nbsp;</p>
<p><a href="http://agora.xtec.cat/ceip-ignasiiglesias-cornella/wp-content/uploads/usu1592/2016/11/Biblioteca-2.jpg"><img loading="lazy" decoding="async" class="size-full wp-image-474 alignnone" src="http://agora.xtec.cat/ceip-ignasiiglesias-cornella/wp-content/uploads/usu1592/2016/11/Biblioteca-2.jpg" alt="" width="200" height="267" />                                                </a><a href="http://agora.xtec.cat/ceip-ignasiiglesias-cornella/wp-content/uploads/usu1592/2017/10/arbol-de-libros.jpg"><img loading="lazy" decoding="async" class="size-full wp-image-1270 alignright" src="http://agora.xtec.cat/ceip-ignasiiglesias-cornella/wp-content/uploads/usu1592/2017/10/arbol-de-libros.jpg" alt="" width="400" height="400" srcset="https://agora.xtec.cat/ceip-ignasiiglesias-cornella/wp-content/uploads/usu1592/2017/10/arbol-de-libros.jpg 400w, https://agora.xtec.cat/ceip-ignasiiglesias-cornella/wp-content/uploads/usu1592/2017/10/arbol-de-libros-150x150.jpg 150w, https://agora.xtec.cat/ceip-ignasiiglesias-cornella/wp-content/uploads/usu1592/2017/10/arbol-de-libros-300x300.jpg 300w" sizes="auto, (max-width: 400px) 100vw, 400px" /></a><a href="http://agora.xtec.cat/ceip-ignasiiglesias-cornella/wp-content/uploads/usu1592/2017/10/20171120_102003.jpg"><img loading="lazy" decoding="async" class="wp-image-1271 alignright" src="http://agora.xtec.cat/ceip-ignasiiglesias-cornella/wp-content/uploads/usu1592/2017/10/20171120_102003-1024x576.jpg" alt="" width="357" height="201" /></a></p>

<p>El Departament d&#8217;Ensenyament participa en el Pla Nacional de Lectura presentat pel Govern de la Generalitat establint com a objectiu la millora de l&#8217;èxit escolar de tot l&#8217;alumnat.  I ho fa potenciant la lectura sistemàtica en totes les àrees i matèries del currículum al llarg&hellip;  <a href="https://agora.xtec.cat/ceip-ignasiiglesias-cornella/projecte-educatiu/ilec/" title="Read ILEC:  Impuls de la Lectura">Llegeix més»</a></p>
