{"id":601,"date":"2017-10-01T17:52:49","date_gmt":"2017-10-01T15:52:49","guid":{"rendered":"http:\/\/agora.xtec.cat\/ceip-ignasiiglesias-cornella\/?page_id=601"},"modified":"2018-12-27T14:08:19","modified_gmt":"2018-12-27T13:08:19","slug":"xarxa-de-competencies-basiques","status":"publish","type":"page","link":"https:\/\/agora.xtec.cat\/ceip-ignasiiglesias-cornella\/projecte-educatiu\/xarxa-de-competencies-basiques\/","title":{"rendered":"Xarxa de compet\u00e8ncies b\u00e0siques"},"content":{"rendered":"<p style=\"text-align: center;\">APRENEM JUNTS<\/p>\n<p>Aquest \u00e9s el tercer any que l\u2019escola participa activament a la Xarxa de Compet\u00e8ncies B\u00e0siques.<\/p>\n<p>Som un grup de docents que reflexionem i actuem en equip per transformar l\u2019escola en un espai que afavoreixi l\u2019aprenentatge.<\/p>\n<p>Volem que tots els alumnes aprenguin m\u00e9s i millor, perqu\u00e8 creiem que l\u2019alumne ha de ser el protagonista del seu aprenentatge, treballant en equip, fomentant la iniciativa, la creativitat i el gust\u00a0 per aprendre.<\/p>\n<p>L\u2019objectiu d\u2019aquest projecte \u00e9s millorar l\u2019aprenentatge, no els resultats,\u00a0 a partir de qualsevol inter\u00e8s que es generi des de l\u2019escola i\/o l\u2019alumne amb equitat.<\/p>\n<p>Aquest projecte \/ repte comporta un canvi en la metodologia de treball, l\u2019avaluaci\u00f3 (que ser\u00e0 competencial, per dimensions i habilitats) i que implica una participaci\u00f3 directa de l\u2019alumne, de manera cooperativa.<\/p>\n<p>Aquest curs el projecte d\u2019escola \u00e9s el Cinema, i per tant, els Projectes de Treball aniran en aquesta l\u00ednia.<\/p>\n<p>Podeu accedir al Diari docent del projecte de l&#8217; escola clicant <strong><a href=\"http:\/\/blocs.xtec.cat\/xcbprojecte257\/category\/centres-docents\/escola-ignasi-iglesias\/\" target=\"_blank\" rel=\"noopener noreferrer\">AQU\u00cd<\/a><\/strong><\/p>\n","protected":false},"excerpt":{"rendered":"<p>APRENEM JUNTS<br \/>\nAquest \u00e9s el tercer any que l\u2019escola participa activament a la Xarxa de Compet\u00e8ncies B\u00e0siques.<br \/>\nSom un grup de docents que reflexionem i actuem en equip per transformar l\u2019escola en un espai que afavoreixi l\u2019aprenentatge.<br \/>\nVolem que tots els alumnes aprenguin m\u00e9s i millor, perqu\u00e8 creiem&hellip;  <a href=\"https:\/\/agora.xtec.cat\/ceip-ignasiiglesias-cornella\/projecte-educatiu\/xarxa-de-competencies-basiques\/\" title=\"Read Xarxa de compet\u00e8ncies b\u00e0siques\">Llegeix m\u00e9s\u00bb<\/a><\/p>\n","protected":false},"author":1,"featured_media":0,"parent":64,"menu_order":0,"comment_status":"closed","ping_status":"closed","template":"page-templates\/side-menu.php","meta":{"_bbp_topic_count":0,"_bbp_reply_count":0,"_bbp_total_topic_count":0,"_bbp_total_reply_count":0,"_bbp_voice_count":0,"_bbp_anonymous_reply_count":0,"_bbp_topic_count_hidden":0,"_bbp_reply_count_hidden":0,"_bbp_forum_subforum_count":0,"footnotes":""},"class_list":["post-601","page","type-page","status-publish","hentry"],"post_mailing_queue_ids":[],"_links":{"self":[{"href":"https:\/\/agora.xtec.cat\/ceip-ignasiiglesias-cornella\/wp-json\/wp\/v2\/pages\/601","targetHints":{"allow":["GET"]}}],"collection":[{"href":"https:\/\/agora.xtec.cat\/ceip-ignasiiglesias-cornella\/wp-json\/wp\/v2\/pages"}],"about":[{"href":"https:\/\/agora.xtec.cat\/ceip-ignasiiglesias-cornella\/wp-json\/wp\/v2\/types\/page"}],"author":[{"embeddable":true,"href":"https:\/\/agora.xtec.cat\/ceip-ignasiiglesias-cornella\/wp-json\/wp\/v2\/users\/1"}],"replies":[{"embeddable":true,"href":"https:\/\/agora.xtec.cat\/ceip-ignasiiglesias-cornella\/wp-json\/wp\/v2\/comments?post=601"}],"version-history":[{"count":3,"href":"https:\/\/agora.xtec.cat\/ceip-ignasiiglesias-cornella\/wp-json\/wp\/v2\/pages\/601\/revisions"}],"predecessor-version":[{"id":2569,"href":"https:\/\/agora.xtec.cat\/ceip-ignasiiglesias-cornella\/wp-json\/wp\/v2\/pages\/601\/revisions\/2569"}],"up":[{"embeddable":true,"href":"https:\/\/agora.xtec.cat\/ceip-ignasiiglesias-cornella\/wp-json\/wp\/v2\/pages\/64"}],"wp:attachment":[{"href":"https:\/\/agora.xtec.cat\/ceip-ignasiiglesias-cornella\/wp-json\/wp\/v2\/media?parent=601"}],"curies":[{"name":"wp","href":"https:\/\/api.w.org\/{rel}","templated":true}]}}

Xarxa de competències bàsiques

<p style="text-align: center;">APRENEM JUNTS</p>
<p>Aquest és el tercer any que l’escola participa activament a la Xarxa de Competències Bàsiques.</p>
<p>Som un grup de docents que reflexionem i actuem en equip per transformar l’escola en un espai que afavoreixi l’aprenentatge.</p>
<p>Volem que tots els alumnes aprenguin més i millor, perquè creiem que l’alumne ha de ser el protagonista del seu aprenentatge, treballant en equip, fomentant la iniciativa, la creativitat i el gust  per aprendre.</p>
<p>L’objectiu d’aquest projecte és millorar l’aprenentatge, no els resultats,  a partir de qualsevol interès que es generi des de l’escola i/o l’alumne amb equitat.</p>
<p>Aquest projecte / repte comporta un canvi en la metodologia de treball, l’avaluació (que serà competencial, per dimensions i habilitats) i que implica una participació directa de l’alumne, de manera cooperativa.</p>
<p>Aquest curs el projecte d’escola és el Cinema, i per tant, els Projectes de Treball aniran en aquesta línia.</p>
<p>Podeu accedir al Diari docent del projecte de l&#8217; escola clicant <strong><a href="http://blocs.xtec.cat/xcbprojecte257/category/centres-docents/escola-ignasi-iglesias/" target="_blank" rel="noopener noreferrer">AQUÍ</a></strong></p>

<p>APRENEM JUNTS<br />
Aquest és el tercer any que l’escola participa activament a la Xarxa de Competències Bàsiques.<br />
Som un grup de docents que reflexionem i actuem en equip per transformar l’escola en un espai que afavoreixi l’aprenentatge.<br />
Volem que tots els alumnes aprenguin més i millor, perquè creiem&hellip;  <a href="https://agora.xtec.cat/ceip-ignasiiglesias-cornella/projecte-educatiu/xarxa-de-competencies-basiques/" title="Read Xarxa de competències bàsiques">Llegeix més»</a></p>
