{"id":599,"date":"2017-10-01T17:51:50","date_gmt":"2017-10-01T15:51:50","guid":{"rendered":"http:\/\/agora.xtec.cat\/ceip-ignasiiglesias-cornella\/?page_id=599"},"modified":"2020-03-20T16:18:18","modified_gmt":"2020-03-20T15:18:18","slug":"escola-verda","status":"publish","type":"page","link":"https:\/\/agora.xtec.cat\/ceip-ignasiiglesias-cornella\/projecte-educatiu\/escola-verda\/","title":{"rendered":"Escola verda"},"content":{"rendered":"<p>Ja fa uns anys que l\u2019Escola Ignasi Iglesias t\u00e9 el distintiu d\u2019 Escola Verda, aix\u00f2 implica que eduquem als nostres alumnes en la sostenibilitat i el respecte al medi ambient.<\/p>\n<p>Un dels punts a treballar \u00e9s generar el m\u00ednim de residus i reciclar tants com sigui possible; aix\u00ed com, avan\u00e7ar en el comprom\u00eds cap a una alimentaci\u00f3 sana i equilibrada tots els dimarts amb l\u2019esmorzar de fruita.<\/p>\n<p>Es distribueixen les tasques per cicles:<\/p>\n<ul>\n<li>Dos alumnes de 3er. una mica abans del pati treuen la galleda de la mat\u00e8ria org\u00e0nica.<\/li>\n<li>Dos alumnes de 4art. Treuen les capses per recollir les carmanyoles o boc\u2019n roll. Han de vetllar per a que els residus que s\u2019hi dipositen siguin els correctes. Quan acabi l\u2019esbarjo entren les galledes i contenidors.<\/li>\n<li>L\u2019alumnat del cicle mig i 5\u00e8 s\u2019encarrega de treure els contenidors (pl\u00e0stic i org\u00e0nica) a l\u2019hora de l\u2019esbarjo.<\/li>\n<li>Tots els dilluns els alumnes porten les clakis al punt de recollida. L\u2019alumnat de 6\u00e8, recullen les clakis plenes de\u00a0prim\u00e0ria i infantil, i donen les buides.\u00a0L\u2019alumnat responsable comptabilitza els litres d\u2019oli i passen les dades a la\u00a0p\u00e0gina web d\u2019OLIKLAC. Podeu saber-ne m\u00e9s clicant la imatge.<\/li>\n<\/ul>\n<p><a href=\"https:\/\/www.claki.cat\/\" target=\"_blank\" rel=\"noopener noreferrer\"><img loading=\"lazy\" decoding=\"async\" class=\"aligncenter wp-image-1325\" src=\"http:\/\/agora.xtec.cat\/ceip-ignasiiglesias-cornella\/wp-content\/uploads\/usu1592\/2017\/10\/claki-oliklak1.jpg\" alt=\"\" width=\"99\" height=\"103\" \/><\/a><\/p>\n<ul>\n<li>L&#8217; Escola tamb\u00e9 participa al projecte APILO, per fer recollida selectiva de piles. Podeu saber-ne m\u00e9s clicant la imatge.<a href=\"http:\/\/www.apilo.cat\/#\" target=\"_blank\" rel=\"noopener noreferrer\"><img loading=\"lazy\" decoding=\"async\" class=\"aligncenter wp-image-1328\" src=\"http:\/\/agora.xtec.cat\/ceip-ignasiiglesias-cornella\/wp-content\/uploads\/usu1592\/2017\/10\/home-title-img.png\" alt=\"\" width=\"100\" height=\"113\" srcset=\"https:\/\/agora.xtec.cat\/ceip-ignasiiglesias-cornella\/wp-content\/uploads\/usu1592\/2017\/10\/home-title-img.png 500w, https:\/\/agora.xtec.cat\/ceip-ignasiiglesias-cornella\/wp-content\/uploads\/usu1592\/2017\/10\/home-title-img-264x300.png 264w\" sizes=\"auto, (max-width: 100px) 100vw, 100px\" \/><\/a><\/li>\n<\/ul>\n","protected":false},"excerpt":{"rendered":"<p>Ja fa uns anys que l\u2019Escola Ignasi Iglesias t\u00e9 el distintiu d\u2019 Escola Verda, aix\u00f2 implica que eduquem als nostres alumnes en la sostenibilitat i el respecte al medi ambient.<br \/>\nUn dels punts a treballar \u00e9s generar el m\u00ednim de residus i reciclar tants com sigui&hellip;  <a href=\"https:\/\/agora.xtec.cat\/ceip-ignasiiglesias-cornella\/projecte-educatiu\/escola-verda\/\" title=\"Read Escola verda\">Llegeix m\u00e9s\u00bb<\/a><\/p>\n","protected":false},"author":1,"featured_media":0,"parent":64,"menu_order":0,"comment_status":"closed","ping_status":"closed","template":"page-templates\/side-menu.php","meta":{"_bbp_topic_count":0,"_bbp_reply_count":0,"_bbp_total_topic_count":0,"_bbp_total_reply_count":0,"_bbp_voice_count":0,"_bbp_anonymous_reply_count":0,"_bbp_topic_count_hidden":0,"_bbp_reply_count_hidden":0,"_bbp_forum_subforum_count":0,"footnotes":""},"class_list":["post-599","page","type-page","status-publish","hentry"],"post_mailing_queue_ids":[],"_links":{"self":[{"href":"https:\/\/agora.xtec.cat\/ceip-ignasiiglesias-cornella\/wp-json\/wp\/v2\/pages\/599","targetHints":{"allow":["GET"]}}],"collection":[{"href":"https:\/\/agora.xtec.cat\/ceip-ignasiiglesias-cornella\/wp-json\/wp\/v2\/pages"}],"about":[{"href":"https:\/\/agora.xtec.cat\/ceip-ignasiiglesias-cornella\/wp-json\/wp\/v2\/types\/page"}],"author":[{"embeddable":true,"href":"https:\/\/agora.xtec.cat\/ceip-ignasiiglesias-cornella\/wp-json\/wp\/v2\/users\/1"}],"replies":[{"embeddable":true,"href":"https:\/\/agora.xtec.cat\/ceip-ignasiiglesias-cornella\/wp-json\/wp\/v2\/comments?post=599"}],"version-history":[{"count":4,"href":"https:\/\/agora.xtec.cat\/ceip-ignasiiglesias-cornella\/wp-json\/wp\/v2\/pages\/599\/revisions"}],"predecessor-version":[{"id":4261,"href":"https:\/\/agora.xtec.cat\/ceip-ignasiiglesias-cornella\/wp-json\/wp\/v2\/pages\/599\/revisions\/4261"}],"up":[{"embeddable":true,"href":"https:\/\/agora.xtec.cat\/ceip-ignasiiglesias-cornella\/wp-json\/wp\/v2\/pages\/64"}],"wp:attachment":[{"href":"https:\/\/agora.xtec.cat\/ceip-ignasiiglesias-cornella\/wp-json\/wp\/v2\/media?parent=599"}],"curies":[{"name":"wp","href":"https:\/\/api.w.org\/{rel}","templated":true}]}}

<p>Ja fa uns anys que l’Escola Ignasi Iglesias té el distintiu d’ Escola Verda, això implica que eduquem als nostres alumnes en la sostenibilitat i el respecte al medi ambient.</p>
<p>Un dels punts a treballar és generar el mínim de residus i reciclar tants com sigui possible; així com, avançar en el compromís cap a una alimentació sana i equilibrada tots els dimarts amb l’esmorzar de fruita.</p>
<p>Es distribueixen les tasques per cicles:</p>
<ul>
<li>Dos alumnes de 3er. una mica abans del pati treuen la galleda de la matèria orgànica.</li>
<li>Dos alumnes de 4art. Treuen les capses per recollir les carmanyoles o boc’n roll. Han de vetllar per a que els residus que s’hi dipositen siguin els correctes. Quan acabi l’esbarjo entren les galledes i contenidors.</li>
<li>L’alumnat del cicle mig i 5è s’encarrega de treure els contenidors (plàstic i orgànica) a l’hora de l’esbarjo.</li>
<li>Tots els dilluns els alumnes porten les clakis al punt de recollida. L’alumnat de 6è, recullen les clakis plenes de primària i infantil, i donen les buides. L’alumnat responsable comptabilitza els litres d’oli i passen les dades a la pàgina web d’OLIKLAC. Podeu saber-ne més clicant la imatge.</li>
</ul>
<p><a href="https://www.claki.cat/" target="_blank" rel="noopener noreferrer"><img loading="lazy" decoding="async" class="aligncenter wp-image-1325" src="http://agora.xtec.cat/ceip-ignasiiglesias-cornella/wp-content/uploads/usu1592/2017/10/claki-oliklak1.jpg" alt="" width="99" height="103" /></a></p>
<ul>
<li>L&#8217; Escola també participa al projecte APILO, per fer recollida selectiva de piles. Podeu saber-ne més clicant la imatge.<a href="http://www.apilo.cat/#" target="_blank" rel="noopener noreferrer"><img loading="lazy" decoding="async" class="aligncenter wp-image-1328" src="http://agora.xtec.cat/ceip-ignasiiglesias-cornella/wp-content/uploads/usu1592/2017/10/home-title-img.png" alt="" width="100" height="113" srcset="https://agora.xtec.cat/ceip-ignasiiglesias-cornella/wp-content/uploads/usu1592/2017/10/home-title-img.png 500w, https://agora.xtec.cat/ceip-ignasiiglesias-cornella/wp-content/uploads/usu1592/2017/10/home-title-img-264x300.png 264w" sizes="auto, (max-width: 100px) 100vw, 100px" /></a></li>
</ul>

<p>Ja fa uns anys que l’Escola Ignasi Iglesias té el distintiu d’ Escola Verda, això implica que eduquem als nostres alumnes en la sostenibilitat i el respecte al medi ambient.<br />
Un dels punts a treballar és generar el mínim de residus i reciclar tants com sigui&hellip;  <a href="https://agora.xtec.cat/ceip-ignasiiglesias-cornella/projecte-educatiu/escola-verda/" title="Read Escola verda">Llegeix més»</a></p>
