{"id":4248,"date":"2020-03-20T16:08:24","date_gmt":"2020-03-20T15:08:24","guid":{"rendered":"http:\/\/agora.xtec.cat\/ceip-ignasiiglesias-cornella\/?page_id=4248"},"modified":"2023-11-09T13:41:20","modified_gmt":"2023-11-09T12:41:20","slug":"esmorzar-collaboratiu-2","status":"publish","type":"page","link":"https:\/\/agora.xtec.cat\/ceip-ignasiiglesias-cornella\/projecte-educatiu\/esmorzar-collaboratiu-2\/","title":{"rendered":"Esmorzar cooperatiu"},"content":{"rendered":"<p><span style=\"font-weight: 400;\">El petit mos del mat\u00ed, un acte quotidi\u00e0 i constant en el dia a dia de l\u2019escola, esdev\u00e9 un espai educatiu despr\u00e9s d\u2019una mirada atenta i un debat entorn als temps educatius per part de l\u2019equip del cicle. <\/span>A partir d&#8217;aquesta reflexi\u00f3 conjunta, esdev\u00e9 <strong>L&#8217;ESMORZAR COOPERATIU<\/strong>.<\/p>\n<p><span style=\"font-weight: 400;\">La curiositat innata dels infants els fa tenir inter\u00e8s per tot aliment que \u00e9s nou. Estan oberts a propostes.<\/span><\/p>\n<p><span style=\"font-weight: 400;\">L&#8217;esmorzar a l&#8217;escola est\u00e0 pensat com un espai educatiu dels h\u00e0bits d&#8217;alimentaci\u00f3 i higiene.\u00a0<\/span><\/p>\n<p><span style=\"font-weight: 400;\">L&#8217;esmorzar cooperatiu permet introduir h\u00e0bits de treball aut\u00f2nom com a part d&#8217;un objectiu comunitari.<\/span><\/p>\n<p><span style=\"font-weight: 400;\">Des de la tutoria es reparteixen grups de 4\/5 infants (en funci\u00f3 de la r\u00e0tio de cada aula) durant els 5 dies de la setmana amb 4\/5 tipus d&#8217;aliments, aix\u00ed tothom participa de l&#8217;esmorzar. Per tant, cada dia, un grup de fam\u00edlies s\u00f3n les encarregades de portar a la classe l&#8217;esmorzar de la resta de companyes i companys. Tots els dies hi ha un tipus de pa (torrades, bastonets, barra de pa), 2\/3 tipus diferents de fruita (de temporada) i un aliment d&#8217;acompanyament (hummus, crema de formatge, tonyina, xocolata 85%, formatge curat, panses, compota de poma, melmelada).\u00a0<\/span><\/p>\n<p><span style=\"font-weight: 400;\">Amb aix\u00f2 pretenem fer un \u00e0pat equilibrat i no caure en la comoditat de la pastisseria industrial.<\/span><\/p>\n<p><span style=\"font-weight: 400;\">L\u2019organitzaci\u00f3 d&#8217;aquests esmorzar es porta amb la mestra i les nenes i nens que han portat els aliments.<\/span><\/p>\n<p><span style=\"font-weight: 400;\">L&#8217;ambient de preparaci\u00f3 \u00e9s un moment tutorial bonic, van parlant fent conversa espont\u00e0nia entorn a fets quotidians del menjar. Gaudeixen i aprenen preparant els plats a compartir, seguint una indicaci\u00f3 de gust est\u00e8tic que els ajuda a integrar tamb\u00e9 els conceptes de la simetria i la proporcionalitat. A\u00a0 l&#8217;acabar, freguen els estris comuns i els deixen ben col\u00b7locats. Els grups d\u2019infants estan plenament satisfets de la din\u00e0mica de l&#8217;esmorzar. Ho fan amb inter\u00e8s i motivaci\u00f3.\u00a0<\/span><\/p>\n<p><span style=\"font-weight: 400;\">Un altre factor que els fa valorar la proposta \u00e9s la motivaci\u00f3 i comprom\u00eds dels nens\/es vers els esmorzars i el sentit de cooperaci\u00f3 entre ells\/es.\u00a0<\/span><\/p>\n<p><a href=\"https:\/\/photos.google.com\/u\/1\/share\/AF1QipPmx3rfn0Oh7dzDQGuYKAwdRX-a6bhyGwwIim5FwCMaMUPCoS6P7EVFKLP-iBRtpA?key=V2N4REJrZjB2dEQ2SjZuQ2g1SmtoaGFVNGpFbFln\" rel=\"attachment wp-att-4301\"><img loading=\"lazy\" decoding=\"async\" class=\"aligncenter wp-image-4301\" src=\"https:\/\/agora.xtec.cat\/ceip-ignasiiglesias-cornella\/wp-content\/uploads\/usu1592\/2020\/03\/esmorzar.jpg\" alt=\"\" width=\"400\" height=\"300\" srcset=\"https:\/\/agora.xtec.cat\/ceip-ignasiiglesias-cornella\/wp-content\/uploads\/usu1592\/2020\/03\/esmorzar.jpg 1343w, https:\/\/agora.xtec.cat\/ceip-ignasiiglesias-cornella\/wp-content\/uploads\/usu1592\/2020\/03\/esmorzar-300x225.jpg 300w, https:\/\/agora.xtec.cat\/ceip-ignasiiglesias-cornella\/wp-content\/uploads\/usu1592\/2020\/03\/esmorzar-768x576.jpg 768w, https:\/\/agora.xtec.cat\/ceip-ignasiiglesias-cornella\/wp-content\/uploads\/usu1592\/2020\/03\/esmorzar-1024x768.jpg 1024w, https:\/\/agora.xtec.cat\/ceip-ignasiiglesias-cornella\/wp-content\/uploads\/usu1592\/2020\/03\/esmorzar-200x150.jpg 200w\" sizes=\"auto, (max-width: 400px) 100vw, 400px\" \/><\/a><\/p>\n","protected":false},"excerpt":{"rendered":"<p>El petit mos del mat\u00ed, un acte quotidi\u00e0 i constant en el dia a dia de l\u2019escola, esdev\u00e9 un espai educatiu despr\u00e9s d\u2019una mirada atenta i un debat entorn als temps educatius per part de l\u2019equip del cicle. A partir d&#8217;aquesta reflexi\u00f3 conjunta, esdev\u00e9 L&#8217;ESMORZAR&hellip;  <a href=\"https:\/\/agora.xtec.cat\/ceip-ignasiiglesias-cornella\/projecte-educatiu\/esmorzar-collaboratiu-2\/\" title=\"Read Esmorzar cooperatiu\">Llegeix m\u00e9s\u00bb<\/a><\/p>\n","protected":false},"author":4,"featured_media":0,"parent":64,"menu_order":0,"comment_status":"closed","ping_status":"closed","template":"page-templates\/side-menu.php","meta":{"_bbp_topic_count":0,"_bbp_reply_count":0,"_bbp_total_topic_count":0,"_bbp_total_reply_count":0,"_bbp_voice_count":0,"_bbp_anonymous_reply_count":0,"_bbp_topic_count_hidden":0,"_bbp_reply_count_hidden":0,"_bbp_forum_subforum_count":0,"footnotes":""},"class_list":["post-4248","page","type-page","status-publish","hentry"],"post_mailing_queue_ids":[],"_links":{"self":[{"href":"https:\/\/agora.xtec.cat\/ceip-ignasiiglesias-cornella\/wp-json\/wp\/v2\/pages\/4248","targetHints":{"allow":["GET"]}}],"collection":[{"href":"https:\/\/agora.xtec.cat\/ceip-ignasiiglesias-cornella\/wp-json\/wp\/v2\/pages"}],"about":[{"href":"https:\/\/agora.xtec.cat\/ceip-ignasiiglesias-cornella\/wp-json\/wp\/v2\/types\/page"}],"author":[{"embeddable":true,"href":"https:\/\/agora.xtec.cat\/ceip-ignasiiglesias-cornella\/wp-json\/wp\/v2\/users\/4"}],"replies":[{"embeddable":true,"href":"https:\/\/agora.xtec.cat\/ceip-ignasiiglesias-cornella\/wp-json\/wp\/v2\/comments?post=4248"}],"version-history":[{"count":6,"href":"https:\/\/agora.xtec.cat\/ceip-ignasiiglesias-cornella\/wp-json\/wp\/v2\/pages\/4248\/revisions"}],"predecessor-version":[{"id":7243,"href":"https:\/\/agora.xtec.cat\/ceip-ignasiiglesias-cornella\/wp-json\/wp\/v2\/pages\/4248\/revisions\/7243"}],"up":[{"embeddable":true,"href":"https:\/\/agora.xtec.cat\/ceip-ignasiiglesias-cornella\/wp-json\/wp\/v2\/pages\/64"}],"wp:attachment":[{"href":"https:\/\/agora.xtec.cat\/ceip-ignasiiglesias-cornella\/wp-json\/wp\/v2\/media?parent=4248"}],"curies":[{"name":"wp","href":"https:\/\/api.w.org\/{rel}","templated":true}]}}

<p><span style="font-weight: 400;">El petit mos del matí, un acte quotidià i constant en el dia a dia de l’escola, esdevé un espai educatiu després d’una mirada atenta i un debat entorn als temps educatius per part de l’equip del cicle. </span>A partir d&#8217;aquesta reflexió conjunta, esdevé <strong>L&#8217;ESMORZAR COOPERATIU</strong>.</p>
<p><span style="font-weight: 400;">La curiositat innata dels infants els fa tenir interès per tot aliment que és nou. Estan oberts a propostes.</span></p>
<p><span style="font-weight: 400;">L&#8217;esmorzar a l&#8217;escola està pensat com un espai educatiu dels hàbits d&#8217;alimentació i higiene. </span></p>
<p><span style="font-weight: 400;">L&#8217;esmorzar cooperatiu permet introduir hàbits de treball autònom com a part d&#8217;un objectiu comunitari.</span></p>
<p><span style="font-weight: 400;">Des de la tutoria es reparteixen grups de 4/5 infants (en funció de la ràtio de cada aula) durant els 5 dies de la setmana amb 4/5 tipus d&#8217;aliments, així tothom participa de l&#8217;esmorzar. Per tant, cada dia, un grup de famílies són les encarregades de portar a la classe l&#8217;esmorzar de la resta de companyes i companys. Tots els dies hi ha un tipus de pa (torrades, bastonets, barra de pa), 2/3 tipus diferents de fruita (de temporada) i un aliment d&#8217;acompanyament (hummus, crema de formatge, tonyina, xocolata 85%, formatge curat, panses, compota de poma, melmelada). </span></p>
<p><span style="font-weight: 400;">Amb això pretenem fer un àpat equilibrat i no caure en la comoditat de la pastisseria industrial.</span></p>
<p><span style="font-weight: 400;">L’organització d&#8217;aquests esmorzar es porta amb la mestra i les nenes i nens que han portat els aliments.</span></p>
<p><span style="font-weight: 400;">L&#8217;ambient de preparació és un moment tutorial bonic, van parlant fent conversa espontània entorn a fets quotidians del menjar. Gaudeixen i aprenen preparant els plats a compartir, seguint una indicació de gust estètic que els ajuda a integrar també els conceptes de la simetria i la proporcionalitat. A  l&#8217;acabar, freguen els estris comuns i els deixen ben col·locats. Els grups d’infants estan plenament satisfets de la dinàmica de l&#8217;esmorzar. Ho fan amb interès i motivació. </span></p>
<p><span style="font-weight: 400;">Un altre factor que els fa valorar la proposta és la motivació i compromís dels nens/es vers els esmorzars i el sentit de cooperació entre ells/es. </span></p>
<p><a href="https://photos.google.com/u/1/share/AF1QipPmx3rfn0Oh7dzDQGuYKAwdRX-a6bhyGwwIim5FwCMaMUPCoS6P7EVFKLP-iBRtpA?key=V2N4REJrZjB2dEQ2SjZuQ2g1SmtoaGFVNGpFbFln" rel="attachment wp-att-4301"><img loading="lazy" decoding="async" class="aligncenter wp-image-4301" src="https://agora.xtec.cat/ceip-ignasiiglesias-cornella/wp-content/uploads/usu1592/2020/03/esmorzar.jpg" alt="" width="400" height="300" srcset="https://agora.xtec.cat/ceip-ignasiiglesias-cornella/wp-content/uploads/usu1592/2020/03/esmorzar.jpg 1343w, https://agora.xtec.cat/ceip-ignasiiglesias-cornella/wp-content/uploads/usu1592/2020/03/esmorzar-300x225.jpg 300w, https://agora.xtec.cat/ceip-ignasiiglesias-cornella/wp-content/uploads/usu1592/2020/03/esmorzar-768x576.jpg 768w, https://agora.xtec.cat/ceip-ignasiiglesias-cornella/wp-content/uploads/usu1592/2020/03/esmorzar-1024x768.jpg 1024w, https://agora.xtec.cat/ceip-ignasiiglesias-cornella/wp-content/uploads/usu1592/2020/03/esmorzar-200x150.jpg 200w" sizes="auto, (max-width: 400px) 100vw, 400px" /></a></p>

<p>El petit mos del matí, un acte quotidià i constant en el dia a dia de l’escola, esdevé un espai educatiu després d’una mirada atenta i un debat entorn als temps educatius per part de l’equip del cicle. A partir d&#8217;aquesta reflexió conjunta, esdevé L&#8217;ESMORZAR&hellip;  <a href="https://agora.xtec.cat/ceip-ignasiiglesias-cornella/projecte-educatiu/esmorzar-collaboratiu-2/" title="Read Esmorzar cooperatiu">Llegeix més»</a></p>
