{"id":28,"date":"2014-09-18T12:29:35","date_gmt":"2014-09-18T11:29:35","guid":{"rendered":"http:\/\/agora.xtec.cat\/ceip-ignasiiglesias-cornella\/?page_id=28"},"modified":"2025-09-04T13:44:15","modified_gmt":"2025-09-04T11:44:15","slug":"consell-escolar","status":"publish","type":"page","link":"https:\/\/agora.xtec.cat\/ceip-ignasiiglesias-cornella\/lescola\/consell-escolar\/","title":{"rendered":"Consell escolar"},"content":{"rendered":"<p style=\"color: #444444;\">El Consell Escolar \u00e9s l&#8217; \u00f2rgan de participaci\u00f3 m\u00e9s important del centre, en aquest estan representats els diferents estaments que formen l&#8217; escola.<\/p>\n<p><a href=\"https:\/\/drive.google.com\/drive\/folders\/1TidzURLrXy4gqF9l7eMAtsWi-fBirmKc?usp=sharing\" target=\"_blank\" rel=\"noopener noreferrer\"><strong>ACORDS CONSELL ESCOLAR<\/strong><\/a><\/p>\n<h3 style=\"color: #444444;\">Membres<\/h3>\n<table style=\"background-color: #f5d7da;\">\n<tbody>\n<tr>\n<td style=\"text-align: left; width: 254.444px;\">SECTOR FAM\u00cdLIES<\/td>\n<td style=\"width: 438.889px;\">Alexandra R., Cristina C., Cristina M., Judith M., Sergio S.<\/p>\n<p>AFA: Valeria C.<\/td>\n<\/tr>\n<tr>\n<td style=\"width: 254.444px;\">SECTOR MESTRES<\/td>\n<td style=\"width: 438.889px;\">Ana Q. (direcci\u00f3),\u00a0 Anna M. (cap d&#8217;estudis), Alexandra A. (secret\u00e0ria), , Dolors G.,\u00a0 Marina O., Mireia F., Jessica H., Andrea M., Tere M.<\/td>\n<\/tr>\n<tr>\n<td style=\"width: 254.444px;\">AJUNTAMENT<\/td>\n<td style=\"width: 438.889px;\">Ot G.<\/td>\n<\/tr>\n<tr>\n<td style=\"width: 254.444px;\">PAS\/PAE<\/td>\n<td style=\"width: 438.889px;\">Administrativa i TEI<\/td>\n<\/tr>\n<\/tbody>\n<\/table>\n<h3 style=\"color: #444444;\">Comissions<\/h3>\n<table style=\"height: 264px; background-color: #f5d7da;\" width=\"696\">\n<tbody>\n<tr>\n<td style=\"width: 254.444px;\">PERMANENT<\/td>\n<td style=\"width: 437.778px;\">Ana Q.,\u00a0 Cristina C., &#8212;&#8212;&#8212;&#8212;,&#8212;&#8212;&#8212;&#8212;<\/td>\n<\/tr>\n<tr>\n<td style=\"width: 254.444px;\">ECON\u00d2MICA<\/td>\n<td style=\"width: 437.778px;\">Ana Q., &#8212;&#8212;&#8212;&#8212;,\u00a0 Ot G., Sergio S., Valeria C., &#8212;&#8212;&#8212;&#8212;<\/td>\n<\/tr>\n<tr>\n<td style=\"width: 254.444px;\">CONVIV\u00c8NCIA<\/td>\n<td style=\"width: 437.778px;\">Anna M.,\u00a0 Ana Q. Cristina M., Dolors G., Sergio S.<\/td>\n<\/tr>\n<tr>\n<td style=\"width: 254.444px;\">MENJADOR<\/td>\n<td style=\"width: 437.778px;\">Alexandra R., Ana Q., Cristina C., &#8212;&#8212;&#8212;&#8212;, Mireia Font, Valeria C., &#8212;&#8212;&#8212;&#8212;.<\/td>\n<\/tr>\n<tr>\n<td style=\"width: 254.444px;\">EXTRAESCOLAR<\/td>\n<td style=\"width: 437.778px;\">Anna M.,\u00a0 Ana Q., &#8212;&#8212;&#8212;., Judith M., Valeria C.<\/td>\n<\/tr>\n<\/tbody>\n<\/table>\n<p>&nbsp;<\/p>\n","protected":false},"excerpt":{"rendered":"<p>El Consell Escolar \u00e9s l&#8217; \u00f2rgan de participaci\u00f3 m\u00e9s important del centre, en aquest estan representats els diferents estaments que formen l&#8217; escola.<br \/>\n<a href=\"https:\/\/drive.google.com\/drive\/folders\/1TidzURLrXy4gqF9l7eMAtsWi-fBirmKc?usp=sharing\" target=\"_blank\" rel=\"noopener noreferrer\">ACORDS CONSELL ESCOLAR<\/a><br \/>\nMembres<\/p>\n<p>SECTOR FAM\u00cdLIES<br \/>\nAlexandra R., Cristina C., Cristina M., Judith M., Sergio S.<br \/>\nAFA: Valeria C.<\/p>\n<p>SECTOR MESTRES<br \/>\nAna Q. (direcci\u00f3),\u00a0 Anna&hellip;  <a href=\"https:\/\/agora.xtec.cat\/ceip-ignasiiglesias-cornella\/lescola\/consell-escolar\/\" title=\"Read Consell escolar\">Llegeix m\u00e9s\u00bb<\/a><\/p>\n","protected":false},"author":1,"featured_media":0,"parent":22,"menu_order":40,"comment_status":"closed","ping_status":"closed","template":"page-templates\/side-menu.php","meta":{"_bbp_topic_count":0,"_bbp_reply_count":0,"_bbp_total_topic_count":0,"_bbp_total_reply_count":0,"_bbp_voice_count":0,"_bbp_anonymous_reply_count":0,"_bbp_topic_count_hidden":0,"_bbp_reply_count_hidden":0,"_bbp_forum_subforum_count":0,"footnotes":""},"class_list":["post-28","page","type-page","status-publish","hentry"],"post_mailing_queue_ids":[],"_links":{"self":[{"href":"https:\/\/agora.xtec.cat\/ceip-ignasiiglesias-cornella\/wp-json\/wp\/v2\/pages\/28","targetHints":{"allow":["GET"]}}],"collection":[{"href":"https:\/\/agora.xtec.cat\/ceip-ignasiiglesias-cornella\/wp-json\/wp\/v2\/pages"}],"about":[{"href":"https:\/\/agora.xtec.cat\/ceip-ignasiiglesias-cornella\/wp-json\/wp\/v2\/types\/page"}],"author":[{"embeddable":true,"href":"https:\/\/agora.xtec.cat\/ceip-ignasiiglesias-cornella\/wp-json\/wp\/v2\/users\/1"}],"replies":[{"embeddable":true,"href":"https:\/\/agora.xtec.cat\/ceip-ignasiiglesias-cornella\/wp-json\/wp\/v2\/comments?post=28"}],"version-history":[{"count":8,"href":"https:\/\/agora.xtec.cat\/ceip-ignasiiglesias-cornella\/wp-json\/wp\/v2\/pages\/28\/revisions"}],"predecessor-version":[{"id":7865,"href":"https:\/\/agora.xtec.cat\/ceip-ignasiiglesias-cornella\/wp-json\/wp\/v2\/pages\/28\/revisions\/7865"}],"up":[{"embeddable":true,"href":"https:\/\/agora.xtec.cat\/ceip-ignasiiglesias-cornella\/wp-json\/wp\/v2\/pages\/22"}],"wp:attachment":[{"href":"https:\/\/agora.xtec.cat\/ceip-ignasiiglesias-cornella\/wp-json\/wp\/v2\/media?parent=28"}],"curies":[{"name":"wp","href":"https:\/\/api.w.org\/{rel}","templated":true}]}}

<p style="color: #444444;">El Consell Escolar és l&#8217; òrgan de participació més important del centre, en aquest estan representats els diferents estaments que formen l&#8217; escola.</p>
<p><a href="https://drive.google.com/drive/folders/1TidzURLrXy4gqF9l7eMAtsWi-fBirmKc?usp=sharing" target="_blank" rel="noopener noreferrer"><strong>ACORDS CONSELL ESCOLAR</strong></a></p>
<h3 style="color: #444444;">Membres</h3>
<table style="background-color: #f5d7da;">
<tbody>
<tr>
<td style="text-align: left; width: 254.444px;">SECTOR FAMÍLIES</td>
<td style="width: 438.889px;">Alexandra R., Cristina C., Cristina M., Judith M., Sergio S.</p>
<p>AFA: Valeria C.</td>
</tr>
<tr>
<td style="width: 254.444px;">SECTOR MESTRES</td>
<td style="width: 438.889px;">Ana Q. (direcció),  Anna M. (cap d&#8217;estudis), Alexandra A. (secretària), , Dolors G.,  Marina O., Mireia F., Jessica H., Andrea M., Tere M.</td>
</tr>
<tr>
<td style="width: 254.444px;">AJUNTAMENT</td>
<td style="width: 438.889px;">Ot G.</td>
</tr>
<tr>
<td style="width: 254.444px;">PAS/PAE</td>
<td style="width: 438.889px;">Administrativa i TEI</td>
</tr>
</tbody>
</table>
<h3 style="color: #444444;">Comissions</h3>
<table style="height: 264px; background-color: #f5d7da;" width="696">
<tbody>
<tr>
<td style="width: 254.444px;">PERMANENT</td>
<td style="width: 437.778px;">Ana Q.,  Cristina C., &#8212;&#8212;&#8212;&#8212;,&#8212;&#8212;&#8212;&#8212;</td>
</tr>
<tr>
<td style="width: 254.444px;">ECONÒMICA</td>
<td style="width: 437.778px;">Ana Q., &#8212;&#8212;&#8212;&#8212;,  Ot G., Sergio S., Valeria C., &#8212;&#8212;&#8212;&#8212;</td>
</tr>
<tr>
<td style="width: 254.444px;">CONVIVÈNCIA</td>
<td style="width: 437.778px;">Anna M.,  Ana Q. Cristina M., Dolors G., Sergio S.</td>
</tr>
<tr>
<td style="width: 254.444px;">MENJADOR</td>
<td style="width: 437.778px;">Alexandra R., Ana Q., Cristina C., &#8212;&#8212;&#8212;&#8212;, Mireia Font, Valeria C., &#8212;&#8212;&#8212;&#8212;.</td>
</tr>
<tr>
<td style="width: 254.444px;">EXTRAESCOLAR</td>
<td style="width: 437.778px;">Anna M.,  Ana Q., &#8212;&#8212;&#8212;., Judith M., Valeria C.</td>
</tr>
</tbody>
</table>
<p>&nbsp;</p>

<p>El Consell Escolar és l&#8217; òrgan de participació més important del centre, en aquest estan representats els diferents estaments que formen l&#8217; escola.<br />
<a href="https://drive.google.com/drive/folders/1TidzURLrXy4gqF9l7eMAtsWi-fBirmKc?usp=sharing" target="_blank" rel="noopener noreferrer">ACORDS CONSELL ESCOLAR</a><br />
Membres</p>
<p>SECTOR FAMÍLIES<br />
Alexandra R., Cristina C., Cristina M., Judith M., Sergio S.<br />
AFA: Valeria C.</p>
<p>SECTOR MESTRES<br />
Ana Q. (direcció),  Anna&hellip;  <a href="https://agora.xtec.cat/ceip-ignasiiglesias-cornella/lescola/consell-escolar/" title="Read Consell escolar">Llegeix més»</a></p>
