{"id":26,"date":"2014-09-18T12:24:32","date_gmt":"2014-09-18T11:24:32","guid":{"rendered":"http:\/\/agora.xtec.cat\/ceip-ignasiiglesias-cornella\/?page_id=26"},"modified":"2017-12-07T13:26:28","modified_gmt":"2017-12-07T12:26:28","slug":"historia","status":"publish","type":"page","link":"https:\/\/agora.xtec.cat\/ceip-ignasiiglesias-cornella\/lescola\/historia\/","title":{"rendered":"Qui som"},"content":{"rendered":"<p align=\"justify\"><span style=\"font-family: Calibri, sans-serif; font-size: medium;\">L\u2019escola Ignasi Iglesias \u00e9s a Cornell\u00e0 de Llobregat. Est\u00e0 ubicada al barri del Pedr\u00f3, concretament al carrer Mari\u00e0 Benlliure n\u00famero 29.<\/span><\/p>\n<p align=\"justify\"><span style=\"font-family: Calibri, sans-serif; font-size: medium;\">El centre es va crear el 1980 per donar resposta a la demanda de la poblaci\u00f3 i per acollir els alumnes d\u2019altres barris que no tenien pla\u00e7a a l\u2019escola m\u00e9s propera. Cap als anys 90 l\u2019escola es va fusionar amb un altra escola del barri (Torres i Bages) El curs 2007\/2008 es va traslladar al nou edifici amb capacitat per a dues l\u00ednies d\u2019etapa infantil i prim\u00e0ria. La r\u00e0tio per aula \u00e9s m\u00e9s \/ menys de 25 alumnes. A partir del curs 2014\/15 la doble l\u00ednia est\u00e0 completada. \u00c9s un centre on els indicadors el cataloguen com a creixent.<\/span><\/p>\n<p align=\"justify\"><span style=\"font-family: Calibri, sans-serif; font-size: medium;\">Els equipaments culturals i socials del barri i de la ciutat ofereixen serveis did\u00e0ctics i recreatius com ara, la Biblioteca Central, l\u2019Orfe\u00f3 Catalal\u00f2nia, el Patronat Cultural recreatiu, l\u2019Auditori, Associacions de ve\u00efns i esplais.<\/span><\/p>\n<p align=\"justify\"><span style=\"font-family: Calibri, sans-serif; font-size: medium;\">El centre realitza el trasp\u00e0s a secund\u00e0ria i a les diferents escoles que ho demanin .\u00a0 Estem adscrit a l&#8217;IES Francesc Maci\u00e0 i a l&#8217;IES Esteve Terrades.<br \/>\n<\/span><\/p>\n","protected":false},"excerpt":{"rendered":"<p>L\u2019escola Ignasi Iglesias \u00e9s a Cornell\u00e0 de Llobregat. Est\u00e0 ubicada al barri del Pedr\u00f3, concretament al carrer Mari\u00e0 Benlliure n\u00famero 29.<br \/>\nEl centre es va crear el 1980 per donar resposta a la demanda de la poblaci\u00f3 i per acollir els alumnes d\u2019altres barris que no&hellip;  <a href=\"https:\/\/agora.xtec.cat\/ceip-ignasiiglesias-cornella\/lescola\/historia\/\" title=\"Read Qui som\">Llegeix m\u00e9s\u00bb<\/a><\/p>\n","protected":false},"author":1,"featured_media":0,"parent":22,"menu_order":10,"comment_status":"closed","ping_status":"closed","template":"page-templates\/side-menu.php","meta":{"_bbp_topic_count":0,"_bbp_reply_count":0,"_bbp_total_topic_count":0,"_bbp_total_reply_count":0,"_bbp_voice_count":0,"_bbp_anonymous_reply_count":0,"_bbp_topic_count_hidden":0,"_bbp_reply_count_hidden":0,"_bbp_forum_subforum_count":0,"footnotes":""},"class_list":["post-26","page","type-page","status-publish","hentry"],"post_mailing_queue_ids":[],"_links":{"self":[{"href":"https:\/\/agora.xtec.cat\/ceip-ignasiiglesias-cornella\/wp-json\/wp\/v2\/pages\/26","targetHints":{"allow":["GET"]}}],"collection":[{"href":"https:\/\/agora.xtec.cat\/ceip-ignasiiglesias-cornella\/wp-json\/wp\/v2\/pages"}],"about":[{"href":"https:\/\/agora.xtec.cat\/ceip-ignasiiglesias-cornella\/wp-json\/wp\/v2\/types\/page"}],"author":[{"embeddable":true,"href":"https:\/\/agora.xtec.cat\/ceip-ignasiiglesias-cornella\/wp-json\/wp\/v2\/users\/1"}],"replies":[{"embeddable":true,"href":"https:\/\/agora.xtec.cat\/ceip-ignasiiglesias-cornella\/wp-json\/wp\/v2\/comments?post=26"}],"version-history":[{"count":3,"href":"https:\/\/agora.xtec.cat\/ceip-ignasiiglesias-cornella\/wp-json\/wp\/v2\/pages\/26\/revisions"}],"predecessor-version":[{"id":1283,"href":"https:\/\/agora.xtec.cat\/ceip-ignasiiglesias-cornella\/wp-json\/wp\/v2\/pages\/26\/revisions\/1283"}],"up":[{"embeddable":true,"href":"https:\/\/agora.xtec.cat\/ceip-ignasiiglesias-cornella\/wp-json\/wp\/v2\/pages\/22"}],"wp:attachment":[{"href":"https:\/\/agora.xtec.cat\/ceip-ignasiiglesias-cornella\/wp-json\/wp\/v2\/media?parent=26"}],"curies":[{"name":"wp","href":"https:\/\/api.w.org\/{rel}","templated":true}]}}

<p align="justify"><span style="font-family: Calibri, sans-serif; font-size: medium;">L’escola Ignasi Iglesias és a Cornellà de Llobregat. Està ubicada al barri del Pedró, concretament al carrer Marià Benlliure número 29.</span></p>
<p align="justify"><span style="font-family: Calibri, sans-serif; font-size: medium;">El centre es va crear el 1980 per donar resposta a la demanda de la població i per acollir els alumnes d’altres barris que no tenien plaça a l’escola més propera. Cap als anys 90 l’escola es va fusionar amb un altra escola del barri (Torres i Bages) El curs 2007/2008 es va traslladar al nou edifici amb capacitat per a dues línies d’etapa infantil i primària. La ràtio per aula és més / menys de 25 alumnes. A partir del curs 2014/15 la doble línia està completada. És un centre on els indicadors el cataloguen com a creixent.</span></p>
<p align="justify"><span style="font-family: Calibri, sans-serif; font-size: medium;">Els equipaments culturals i socials del barri i de la ciutat ofereixen serveis didàctics i recreatius com ara, la Biblioteca Central, l’Orfeó Catalalònia, el Patronat Cultural recreatiu, l’Auditori, Associacions de veïns i esplais.</span></p>
<p align="justify"><span style="font-family: Calibri, sans-serif; font-size: medium;">El centre realitza el traspàs a secundària i a les diferents escoles que ho demanin .  Estem adscrit a l&#8217;IES Francesc Macià i a l&#8217;IES Esteve Terrades.<br />
</span></p>

<p>L’escola Ignasi Iglesias és a Cornellà de Llobregat. Està ubicada al barri del Pedró, concretament al carrer Marià Benlliure número 29.<br />
El centre es va crear el 1980 per donar resposta a la demanda de la població i per acollir els alumnes d’altres barris que no&hellip;  <a href="https://agora.xtec.cat/ceip-ignasiiglesias-cornella/lescola/historia/" title="Read Qui som">Llegeix més»</a></p>
