{"id":3512,"date":"2025-08-06T18:02:22","date_gmt":"2025-08-06T16:02:22","guid":{"rendered":"https:\/\/agora.xtec.cat\/ceip-gerbert-d-orlhac\/?page_id=3512"},"modified":"2026-01-28T13:19:23","modified_gmt":"2026-01-28T12:19:23","slug":"sala-multi","status":"publish","type":"page","link":"https:\/\/agora.xtec.cat\/ceip-gerbert-d-orlhac\/lescola\/espais\/sala-multi\/","title":{"rendered":"Aula multisensorial"},"content":{"rendered":"\n<p>Qu\u00e8 \u00e9s una aula multisensorial?<\/p>\n\n\n\n<p>L&#8217;aula Multi \u00e9s un espai polivalent del centre dissenyat per acollir diferents activitats educatives, pedag\u00f2giques i de conviv\u00e8ncia.<\/p>\n\n\n\n<p>A m\u00e9s, aquest espai permet desenvolupar activitats d\u2019estimulaci\u00f3 multisensorial, afavorint el treball dels<strong> cinc sentits<\/strong>: la vista, l\u2019o\u00efda, el tacte, l\u2019olfacte i el gust. A trav\u00e9s de materials, llums, sons, textures, olors i propostes manipulatives, l\u2019alumnat pot explorar i experimentar l\u2019entorn de manera global. Aquest tipus d\u2019estimulaci\u00f3 contribueix al desenvolupament cognitiu, emocional i sensorial, facilita l\u2019atenci\u00f3 i la regulaci\u00f3 emocional, i respon a la diversitat de ritmes i necessitats.<\/p>\n\n\n\n<p>La Sala Multi no \u00e9s tan sols un espai on es treballa, sin\u00f3 tamb\u00e9 un espai de temps lliure i benestar, on l\u2019alumnat pot relaxar-se, expressar-se lliurement i sentir-se segur. \u00c9s un entorn acollidor que promou la confian\u00e7a, el respecte i la conviv\u00e8ncia, afavorint el vincle emocional i convertint-se en un espai de refer\u00e8ncia on els infants se senten escoltats, cuidats i acompanyats..<\/p>\n\n\n\n<h2 class=\"wp-block-heading\">Qu\u00e8 hi ha dins d\u2019una aula multisensorial?<\/h2>\n\n\n\n<p>&#8211; Tub de llums de colors: Les llums canvien de color i creen un ambient relaxant.<\/p>\n\n\n\n<p>&#8211; Sons suaus: Com m\u00fasica tranquil\u00b7la o sons de la natura que ajuden a calmar-te.<\/p>\n\n\n\n<p>&#8211; Coses per tocar: Objectes tous, rugosos, suaus o amb textures diferents que pots agafar amb les mans.<\/p>\n\n\n\n<p>&#8211; Aromes: Olors agradables com la lavanda o la taronja que et fan sentir relaxat.<\/p>\n\n\n\n<p>&#8211; Altres sorpreses:Com bombolles i projeccions a la paret.<\/p>\n\n\n\n<figure class=\"wp-block-image size-full\"><a href=\"https:\/\/agora.xtec.cat\/ceip-gerbert-d-orlhac\/wp-content\/uploads\/usu691\/2026\/01\/image-7.png\"><img loading=\"lazy\" decoding=\"async\" width=\"752\" height=\"423\" src=\"https:\/\/agora.xtec.cat\/ceip-gerbert-d-orlhac\/wp-content\/uploads\/usu691\/2026\/01\/image-7.png\" alt=\"\" class=\"wp-image-4215\" srcset=\"https:\/\/agora.xtec.cat\/ceip-gerbert-d-orlhac\/wp-content\/uploads\/usu691\/2026\/01\/image-7.png 752w, https:\/\/agora.xtec.cat\/ceip-gerbert-d-orlhac\/wp-content\/uploads\/usu691\/2026\/01\/image-7-300x169.png 300w\" sizes=\"auto, (max-width: 752px) 100vw, 752px\" \/><\/a><\/figure>\n\n\n\n<p><\/p>\n","protected":false},"excerpt":{"rendered":"<p>Qu\u00e8 \u00e9s una aula multisensorial? L&#8217;aula Multi \u00e9s un espai polivalent del centre dissenyat per acollir diferents activitats educatives, pedag\u00f2giques i de conviv\u00e8ncia. A m\u00e9s, aquest espai permet desenvolupar activitats d\u2019estimulaci\u00f3 multisensorial, afavorint el treball dels cinc sentits: la vista, l\u2019o\u00efda, el tacte, l\u2019olfacte i el gust. A trav\u00e9s de materials, llums, sons, textures, olors [&hellip;]<\/p>\n","protected":false},"author":14,"featured_media":4215,"parent":3500,"menu_order":0,"comment_status":"closed","ping_status":"closed","template":"","meta":{"_bbp_topic_count":0,"_bbp_reply_count":0,"_bbp_total_topic_count":0,"_bbp_total_reply_count":0,"_bbp_voice_count":0,"_bbp_anonymous_reply_count":0,"_bbp_topic_count_hidden":0,"_bbp_reply_count_hidden":0,"_bbp_forum_subforum_count":0,"site-sidebar-layout":"default","site-content-layout":"","ast-site-content-layout":"default","site-content-style":"default","site-sidebar-style":"default","ast-global-header-display":"","ast-banner-title-visibility":"","ast-main-header-display":"","ast-hfb-above-header-display":"","ast-hfb-below-header-display":"","ast-hfb-mobile-header-display":"","site-post-title":"","ast-breadcrumbs-content":"","ast-featured-img":"","footer-sml-layout":"","theme-transparent-header-meta":"default","adv-header-id-meta":"","stick-header-meta":"","header-above-stick-meta":"","header-main-stick-meta":"","header-below-stick-meta":"","astra-migrate-meta-layouts":"set","ast-page-background-enabled":"default","ast-page-background-meta":{"desktop":{"background-color":"var(--ast-global-color-4)","background-image":"","background-repeat":"repeat","background-position":"center center","background-size":"auto","background-attachment":"scroll","background-type":"","background-media":"","overlay-type":"","overlay-color":"","overlay-opacity":"","overlay-gradient":""},"tablet":{"background-color":"","background-image":"","background-repeat":"repeat","background-position":"center center","background-size":"auto","background-attachment":"scroll","background-type":"","background-media":"","overlay-type":"","overlay-color":"","overlay-opacity":"","overlay-gradient":""},"mobile":{"background-color":"","background-image":"","background-repeat":"repeat","background-position":"center center","background-size":"auto","background-attachment":"scroll","background-type":"","background-media":"","overlay-type":"","overlay-color":"","overlay-opacity":"","overlay-gradient":""}},"ast-content-background-meta":{"desktop":{"background-color":"var(--ast-global-color-5)","background-image":"","background-repeat":"repeat","background-position":"center center","background-size":"auto","background-attachment":"scroll","background-type":"","background-media":"","overlay-type":"","overlay-color":"","overlay-opacity":"","overlay-gradient":""},"tablet":{"background-color":"var(--ast-global-color-5)","background-image":"","background-repeat":"repeat","background-position":"center center","background-size":"auto","background-attachment":"scroll","background-type":"","background-media":"","overlay-type":"","overlay-color":"","overlay-opacity":"","overlay-gradient":""},"mobile":{"background-color":"var(--ast-global-color-5)","background-image":"","background-repeat":"repeat","background-position":"center center","background-size":"auto","background-attachment":"scroll","background-type":"","background-media":"","overlay-type":"","overlay-color":"","overlay-opacity":"","overlay-gradient":""}},"footnotes":""},"class_list":["post-3512","page","type-page","status-publish","has-post-thumbnail","hentry"],"post_mailing_queue_ids":[],"_links":{"self":[{"href":"https:\/\/agora.xtec.cat\/ceip-gerbert-d-orlhac\/wp-json\/wp\/v2\/pages\/3512","targetHints":{"allow":["GET"]}}],"collection":[{"href":"https:\/\/agora.xtec.cat\/ceip-gerbert-d-orlhac\/wp-json\/wp\/v2\/pages"}],"about":[{"href":"https:\/\/agora.xtec.cat\/ceip-gerbert-d-orlhac\/wp-json\/wp\/v2\/types\/page"}],"author":[{"embeddable":true,"href":"https:\/\/agora.xtec.cat\/ceip-gerbert-d-orlhac\/wp-json\/wp\/v2\/users\/14"}],"replies":[{"embeddable":true,"href":"https:\/\/agora.xtec.cat\/ceip-gerbert-d-orlhac\/wp-json\/wp\/v2\/comments?post=3512"}],"version-history":[{"count":3,"href":"https:\/\/agora.xtec.cat\/ceip-gerbert-d-orlhac\/wp-json\/wp\/v2\/pages\/3512\/revisions"}],"predecessor-version":[{"id":4216,"href":"https:\/\/agora.xtec.cat\/ceip-gerbert-d-orlhac\/wp-json\/wp\/v2\/pages\/3512\/revisions\/4216"}],"up":[{"embeddable":true,"href":"https:\/\/agora.xtec.cat\/ceip-gerbert-d-orlhac\/wp-json\/wp\/v2\/pages\/3500"}],"wp:featuredmedia":[{"embeddable":true,"href":"https:\/\/agora.xtec.cat\/ceip-gerbert-d-orlhac\/wp-json\/wp\/v2\/media\/4215"}],"wp:attachment":[{"href":"https:\/\/agora.xtec.cat\/ceip-gerbert-d-orlhac\/wp-json\/wp\/v2\/media?parent=3512"}],"curies":[{"name":"wp","href":"https:\/\/api.w.org\/{rel}","templated":true}]}}