{"id":34,"date":"2014-09-18T12:32:18","date_gmt":"2014-09-18T12:32:18","guid":{"rendered":"http:\/\/agora.xtec.cat\/ceip-general-prim-reus\/?page_id=34"},"modified":"2026-04-24T13:34:41","modified_gmt":"2026-04-24T11:34:41","slug":"oferta-educativa","status":"publish","type":"page","link":"https:\/\/agora.xtec.cat\/ceip-general-prim-reus\/lescola\/oferta-educativa\/","title":{"rendered":"Claustre curs 2025\/26"},"content":{"rendered":"<table style=\"width: 87.6047%;\" width=\"336\" cellspacing=\"0\" cellpadding=\"3\">\n<tbody>\n<tr>\n<td style=\"width: 30.1887%;\" width=\"165\"><strong><span style=\"font-family: Arial, sans-serif;\">E Q U I P\u00a0 \u00a0 <\/span><\/strong><strong><span style=\"font-family: Arial, sans-serif;\">D I R E C T I U<\/span><\/strong><\/td>\n<td style=\"width: 146.353%;\" width=\"158\"><strong>\u00a0<\/strong><\/td>\n<\/tr>\n<tr>\n<td style=\"width: 30.1887%;\" width=\"165\"><em><span style=\"font-family: Arial, sans-serif;\">Directora<\/span><\/em><\/td>\n<td style=\"width: 146.353%;\" width=\"158\"><span style=\"font-family: Arial, sans-serif;\">N\u00faria Serrano<\/span><\/td>\n<\/tr>\n<tr>\n<td style=\"width: 30.1887%;\" width=\"165\"><em><span style=\"font-family: Arial, sans-serif;\">Cap d&#8217;estudis<\/span><\/em><\/td>\n<td style=\"width: 146.353%;\" width=\"158\"><span style=\"font-family: Arial, sans-serif;\">Marina Piqu\u00e9<\/span><\/td>\n<\/tr>\n<tr>\n<td style=\"width: 30.1887%;\" width=\"165\"><em><span style=\"font-family: Arial, sans-serif;\">Secret\u00e0ria<\/span><\/em><\/td>\n<td style=\"width: 146.353%;\" width=\"158\"><span style=\"font-family: Arial, sans-serif;\">Marta Tena<\/span><\/td>\n<\/tr>\n<\/tbody>\n<\/table>\n<table style=\"width: 87.5841%;\" width=\"86%\" cellspacing=\"0\" cellpadding=\"3\">\n<tbody>\n<tr>\n<td style=\"width: 44.3404%;\" width=\"53%\"><strong><span style=\"font-family: Arial, sans-serif;\">A L T R E S\u00a0 \u00a0 <\/span><\/strong><strong><span style=\"font-family: Arial, sans-serif;\">P R O F E S S I O N A L S<\/span><\/strong><\/td>\n<td style=\"width: 83.6811%;\" width=\"47%\"><\/td>\n<\/tr>\n<tr>\n<td style=\"width: 44.3404%;\" width=\"53%\"><em><span style=\"font-family: Arial, sans-serif;\">Psicopedagoga EAP<\/span><\/em><\/td>\n<td style=\"width: 83.6811%;\" width=\"47%\"><span style=\"font-family: Arial, sans-serif;\">Mar Gispert<\/span><\/td>\n<\/tr>\n<tr>\n<td style=\"width: 44.3404%;\" width=\"53%\"><em><span style=\"font-family: Arial, sans-serif;\">Administratiu<\/span><\/em><\/td>\n<td style=\"width: 83.6811%;\" width=\"47%\"><span style=\"font-family: Arial, sans-serif;\">Albert Costa<\/span><\/td>\n<\/tr>\n<tr>\n<td style=\"width: 44.3404%;\" width=\"53%\"><em><span style=\"font-family: Arial, sans-serif;\">Conserge<\/span><\/em><\/td>\n<td style=\"width: 83.6811%;\" width=\"47%\"><span style=\"font-family: Arial, sans-serif;\">Dolors Mir\u00f3<\/span><\/td>\n<\/tr>\n<\/tbody>\n<\/table>\n<table style=\"width: 87.7637%;\" width=\"85%\" cellspacing=\"0\" cellpadding=\"3\">\n<tbody>\n<tr>\n<td style=\"width: 28.3793%;\" width=\"56%\"><strong><span style=\"font-family: Arial, sans-serif;\"><span style=\"font-size: medium;\">E Q U I P\u00a0 \u00a0 <\/span><\/span><\/strong><strong><span style=\"font-family: Arial, sans-serif;\"><span style=\"font-size: medium;\">I N F A N T I L<\/span><\/span><\/strong><\/td>\n<td style=\"width: 83.1402%;\" width=\"44%\"><strong>\u00a0<\/strong><\/td>\n<\/tr>\n<tr>\n<td style=\"width: 28.3793%;\" width=\"56%\"><em><span style=\"font-family: Arial, sans-serif;\"><span style=\"font-size: medium;\">I3 A<\/span><\/span><\/em><\/td>\n<td style=\"width: 83.1402%;\" width=\"44%\"><span style=\"font-family: Arial, sans-serif;\"><span style=\"font-size: medium;\">Andreu S\u00e1nchez <\/span><\/span><a href=\"mailto:andreu@generalprim.cat\"><span style=\"font-family: Arial, sans-serif;\"><span style=\"font-size: medium;\">andreu@generalprim.cat<\/span><\/span><\/a><\/td>\n<\/tr>\n<tr>\n<td style=\"width: 28.3793%;\" width=\"56%\"><em><span style=\"font-family: Arial, sans-serif;\"><span style=\"font-size: medium;\">I3 B<\/span><\/span><\/em><\/td>\n<td style=\"width: 83.1402%;\" width=\"44%\"><span style=\"font-family: Arial, sans-serif;\"><span style=\"font-size: medium;\">Merc\u00e8 Pedret<\/span><\/span> <a href=\"mailto:mercep@generalprim.cat\"><span style=\"font-family: Arial, sans-serif;\"><span style=\"font-size: medium;\">mercep@generalprim.cat<\/span><\/span><\/a><\/td>\n<\/tr>\n<tr>\n<td style=\"width: 28.3793%;\" width=\"56%\"><em><span style=\"font-family: Arial, sans-serif;\"><span style=\"font-size: medium;\">TEEI<\/span><\/span><\/em><\/td>\n<td style=\"width: 83.1402%;\" width=\"44%\"><span style=\"font-family: Arial, sans-serif;\"><span style=\"font-size: medium;\">Fina Llaberia<\/span><\/span><\/td>\n<\/tr>\n<tr>\n<td style=\"width: 28.3793%;\" width=\"56%\"><em><span style=\"font-family: Arial, sans-serif;\"><span style=\"font-size: medium;\">I4 A<\/span><\/span><\/em><\/td>\n<td style=\"width: 83.1402%;\" width=\"44%\"><span style=\"font-family: Arial, sans-serif;\"><span style=\"font-size: medium;\">Carme Fuentes <\/span><\/span><a href=\"mailto:carmef@generalprim.cat\"><span style=\"font-family: Arial, sans-serif;\"><span style=\"font-size: medium;\">carmef@generalprim.cat<\/span><\/span><\/a><\/td>\n<\/tr>\n<tr>\n<td style=\"width: 28.3793%;\" width=\"56%\"><em><span style=\"font-family: Arial, sans-serif;\"><span style=\"font-size: medium;\">I4 B <\/span><\/span><\/em><\/td>\n<td style=\"width: 83.1402%;\" width=\"44%\"><span style=\"font-family: Arial, sans-serif;\"><span style=\"font-size: medium;\">Domi Roig <\/span><\/span><a href=\"mailto:dominic@generalprim.cat\"><span style=\"font-family: Arial, sans-serif;\"><span style=\"font-size: medium;\">dominic@generalprim.cat<\/span><\/span><\/a><\/td>\n<\/tr>\n<tr>\n<td style=\"width: 28.3793%;\" width=\"56%\"><em><span style=\"font-family: Arial, sans-serif;\"><span style=\"font-size: medium;\">I5 A<\/span><\/span><\/em><\/td>\n<td style=\"width: 83.1402%;\" width=\"44%\"><span style=\"font-family: Arial, sans-serif;\"><span style=\"font-size: medium;\">Magda Bordes <\/span><\/span><a href=\"mailto:magdab@generalprim.cat\"><span style=\"font-family: Arial, sans-serif;\"><span style=\"font-size: medium;\">magdab@generalprim.cat<\/span><\/span><\/a><\/td>\n<\/tr>\n<tr>\n<td style=\"width: 28.3793%;\" width=\"56%\"><em><span style=\"font-family: Arial, sans-serif;\"><span style=\"font-size: medium;\">I5 B<\/span><\/span><\/em><\/td>\n<td style=\"width: 83.1402%;\" width=\"44%\"><span style=\"font-family: Arial, sans-serif;\"><span style=\"font-size: medium;\">Ant\u00f2nia Navarro <\/span><\/span><a href=\"mailto:antonia@generalprim.cat\"><span style=\"font-family: Arial, sans-serif;\"><span style=\"font-size: medium;\">antonia@generalprim.cat<\/span><\/span><\/a><\/td>\n<\/tr>\n<tr>\n<td style=\"width: 28.3793%;\" width=\"56%\"><em><span style=\"font-family: Arial, sans-serif;\"><span style=\"font-size: medium;\">Coord. Petits, PRL i Suport<\/span><\/span><\/em><\/td>\n<td style=\"width: 83.1402%;\" width=\"44%\"><span style=\"font-family: Arial, sans-serif;\"><span style=\"font-size: medium;\">Gl\u00f2ria Vidal <\/span><\/span><a href=\"mailto:gloria@generalprim.cat\"><span style=\"font-family: Arial, sans-serif;\"><span style=\"font-size: medium;\">gloria@generalprim.cat<\/span><\/span><\/a><\/td>\n<\/tr>\n<tr>\n<td style=\"width: 28.3793%;\" width=\"56%\"><em><span style=\"font-family: Arial, sans-serif;\"><span style=\"font-size: medium;\">Suport Petits<\/span><\/span><\/em><\/td>\n<td style=\"width: 83.1402%;\" width=\"44%\"><span style=\"font-family: Arial, sans-serif;\"><span style=\"font-size: medium;\">Ana\u00eds Moncl\u00fas i <\/span><\/span><span style=\"font-family: Arial, sans-serif;\"><span style=\"font-size: medium;\">Yasmina Query<\/span><\/span><\/td>\n<\/tr>\n<tr>\n<td style=\"width: 28.3793%;\" width=\"56%\"><em><span style=\"font-family: Arial, sans-serif;\"><span style=\"font-size: medium;\">Auxiliar d\u2019Ed. Especial<\/span><\/span><\/em><\/td>\n<td style=\"width: 83.1402%;\" width=\"44%\"><span style=\"font-family: Arial, sans-serif;\"><span style=\"font-size: medium;\">Georgina Aldea i Maria Gal<\/span><\/span><\/td>\n<\/tr>\n<tr>\n<td style=\"width: 28.3793%;\" width=\"56%\"><em><span style=\"font-family: Arial, sans-serif;\"><span style=\"font-size: medium;\">Psicomotricitat Petits<\/span><\/span><\/em><\/td>\n<td style=\"width: 83.1402%;\" width=\"44%\"><span style=\"font-family: Arial, sans-serif;\"><span style=\"font-size: medium;\">Sime\u00f3 Besora<\/span><\/span><\/td>\n<\/tr>\n<tr>\n<td style=\"width: 28.3793%;\" width=\"56%\"><em><span style=\"font-family: Arial, sans-serif;\"><span style=\"font-size: medium;\">Psicomotricitat Suport<\/span><\/span><\/em><\/td>\n<td style=\"width: 83.1402%;\" width=\"44%\"><span style=\"font-family: Arial, sans-serif;\"><span style=\"font-size: medium;\">Yasmina Query<\/span><\/span><\/td>\n<\/tr>\n<tr>\n<td style=\"width: 28.3793%;\" width=\"56%\"><em><span style=\"font-family: Arial, sans-serif;\"><span style=\"font-size: medium;\">Angl\u00e8s Petits<\/span><\/span><\/em><\/td>\n<td style=\"width: 83.1402%;\" width=\"44%\"><span style=\"font-family: Arial, sans-serif;\"><span style=\"font-size: medium;\">Andreu S\u00e1nchez <\/span><\/span><a href=\"mailto:andreu@generalprim.cat\"><span style=\"font-family: Arial, sans-serif;\"><span style=\"font-size: medium;\">andreu@generalprim.cat<\/span><\/span><\/a><\/td>\n<\/tr>\n<tr>\n<td style=\"width: 28.3793%;\" width=\"56%\"><em><span style=\"font-family: Arial, sans-serif;\"><span style=\"font-size: medium;\">Atenci\u00f3 a la diversitat Petits<\/span><\/span><\/em><\/td>\n<td style=\"width: 83.1402%;\" width=\"44%\"><span style=\"font-family: Arial, sans-serif;\"><span style=\"font-size: medium;\">Carla Dom\u00e8nech <\/span><\/span><a href=\"mailto:carla@generalprim.cat\"><span style=\"font-family: Arial, sans-serif;\"><span style=\"font-size: medium;\">carla@generalprim.cat<\/span><\/span><\/a><\/td>\n<\/tr>\n<\/tbody>\n<\/table>\n<table style=\"width: 87.761%;\" width=\"86%\" cellspacing=\"0\" cellpadding=\"3\">\n<tbody>\n<tr>\n<td style=\"width: 28.4222%;\" width=\"61%\"><strong><span style=\"font-family: Arial, sans-serif;\"><span style=\"font-size: medium;\">E Q U I P\u00a0 \u00a0<\/span><\/span><\/strong> <strong><span style=\"font-family: Arial, sans-serif;\"><span style=\"font-size: medium;\">P R I M \u00c0 R I A<\/span><\/span><\/strong><\/td>\n<td style=\"width: 84.5273%;\" width=\"39%\"><strong>\u00a0<\/strong><\/td>\n<\/tr>\n<tr>\n<td style=\"width: 28.4222%;\" width=\"61%\"><em><span style=\"font-family: Arial, sans-serif;\"><span style=\"font-size: medium;\">1r A<\/span><\/span><\/em><\/td>\n<td style=\"width: 84.5273%;\" width=\"39%\"><span style=\"font-family: Arial, sans-serif;\"><span style=\"font-size: medium;\">Noelia Criado <\/span><\/span><a href=\"mailto:noelia@generalprim.cat\"><span style=\"font-family: Arial, sans-serif;\"><span style=\"font-size: medium;\">noelia@generalprim.cat<\/span><\/span><\/a><\/td>\n<\/tr>\n<tr>\n<td style=\"width: 28.4222%;\" width=\"61%\"><em><span style=\"font-family: Arial, sans-serif;\"><span style=\"font-size: medium;\">1r B<\/span><\/span><\/em><\/td>\n<td style=\"width: 84.5273%;\" width=\"39%\"><span style=\"font-family: Arial, sans-serif;\"><span style=\"font-size: medium;\">Agn\u00e8s Delgado i Blau Hellin <\/span><\/span><a href=\"mailto:1rb@generalprim.cat\"><span style=\"font-family: Arial, sans-serif;\"><span style=\"font-size: medium;\">1rb@generalprim.cat<\/span><\/span><\/a><\/td>\n<\/tr>\n<tr>\n<td style=\"width: 28.4222%;\" width=\"61%\"><em><span style=\"font-family: Arial, sans-serif;\"><span style=\"font-size: medium;\">2n &#8211; Coordinador Projecte Erasmus+<\/span><\/span><\/em><\/td>\n<td style=\"width: 84.5273%;\" width=\"39%\"><span style=\"font-family: Arial, sans-serif;\"><span style=\"font-size: medium;\">Jorge Miranda <\/span><\/span><a href=\"mailto:jorge@generalprim.cat\"><span style=\"font-family: Arial, sans-serif;\"><span style=\"font-size: medium;\">jorge@generalprim.cat<\/span><\/span><\/a><\/td>\n<\/tr>\n<tr>\n<td style=\"width: 28.4222%;\" width=\"61%\"><em><span style=\"font-family: Arial, sans-serif;\"><span style=\"font-size: medium;\">3r A &#8211; Coord. Mitjans<\/span><\/span><\/em><\/td>\n<td style=\"width: 84.5273%;\" width=\"39%\"><span style=\"font-family: Arial, sans-serif;\"><span style=\"font-size: medium;\">Marina Quintana <\/span><\/span><a href=\"mailto:marinaq@generalprim.cat\"><span style=\"font-family: Arial, sans-serif;\"><span style=\"font-size: medium;\">marinaq@generalprim.cat<\/span><\/span><\/a><\/td>\n<\/tr>\n<tr>\n<td style=\"width: 28.4222%;\"><em><span style=\"font-family: Arial, sans-serif;\"><span style=\"font-size: medium;\">3r B<\/span><\/span><\/em><\/td>\n<td style=\"width: 84.5273%;\"><span style=\"font-family: Arial, sans-serif;\"><span style=\"font-size: medium;\">Ariadna Valldosera <\/span><\/span><a href=\"mailto:ariadna@generalprim.cat\"><span style=\"font-family: Arial, sans-serif;\"><span style=\"font-size: medium;\">ariadna@generalprim.cat<\/span><\/span><\/a><\/td>\n<\/tr>\n<tr>\n<td style=\"width: 28.4222%;\" width=\"61%\"><em><span style=\"font-family: Arial, sans-serif;\"><span style=\"font-size: medium;\">4t<\/span><\/span><\/em><\/td>\n<td style=\"width: 84.5273%;\" width=\"39%\"><span style=\"font-family: Arial, sans-serif;\"><span style=\"font-size: medium;\">Dolors Exp\u00f3sito <\/span><\/span><a href=\"mailto:dolors@generalprim.cat\"><span style=\"font-family: Arial, sans-serif;\"><span style=\"font-size: medium;\">dolors@generalprim.cat<\/span><\/span><\/a><\/td>\n<\/tr>\n<tr>\n<td style=\"width: 28.4222%;\" width=\"61%\"><em><span style=\"font-family: Arial, sans-serif;\"><span style=\"font-size: medium;\">5\u00e8 &#8211; Coord. Grans<\/span><\/span><\/em><\/td>\n<td style=\"width: 84.5273%;\" width=\"39%\"><span style=\"font-family: Arial, sans-serif;\"><span style=\"font-size: medium;\">Rub\u00e9n Cerezuela <\/span><\/span><a href=\"mailto:ruben@generalprim.cat\"><span style=\"font-family: Arial, sans-serif;\"><span style=\"font-size: medium;\">ruben@generalprim.cat<\/span><\/span><\/a><\/td>\n<\/tr>\n<tr>\n<td style=\"width: 28.4222%;\" width=\"61%\"><em><span style=\"font-family: Arial, sans-serif;\"><span style=\"font-size: medium;\">6\u00e8 A<\/span><\/span><\/em><\/td>\n<td style=\"width: 84.5273%;\" width=\"39%\"><span style=\"font-family: Arial, sans-serif;\"><span style=\"font-size: medium;\">David Cort <\/span><\/span><a href=\"mailto:david@generalprim.cat\"><span style=\"font-family: Arial, sans-serif;\"><span style=\"font-size: medium;\">david@generalprim.cat<\/span><\/span><\/a><\/td>\n<\/tr>\n<tr>\n<td style=\"width: 28.4222%;\" width=\"61%\"><em><span style=\"font-family: Arial, sans-serif;\"><span style=\"font-size: medium;\">6\u00e8 B<\/span><\/span><\/em><\/td>\n<td style=\"width: 84.5273%;\" width=\"39%\"><span style=\"font-family: Arial, sans-serif;\"><span style=\"font-size: medium;\">Joan Castell <\/span><\/span><a href=\"mailto:joan@generalprim.cat\"><span style=\"font-family: Arial, sans-serif;\"><span style=\"font-size: medium;\">joan@generalprim.cat<\/span><\/span><\/a><\/td>\n<\/tr>\n<tr>\n<td style=\"width: 28.4222%;\" width=\"61%\"><em><span style=\"font-family: Arial, sans-serif;\"><span style=\"font-size: medium;\">Suport Prim\u00e0ria<\/span><\/span><\/em><\/td>\n<td style=\"width: 84.5273%;\" width=\"39%\"><span style=\"font-family: Arial, sans-serif;\"><span style=\"font-size: medium;\">Aina Mart\u00edn i <\/span><\/span><span style=\"font-family: Arial, sans-serif;\"><span style=\"font-size: medium;\">Lourdes Benedicto<\/span><\/span><\/td>\n<\/tr>\n<tr>\n<td style=\"width: 28.4222%;\" width=\"61%\"><em><span style=\"font-family: Arial, sans-serif;\"><span style=\"font-size: medium;\">Angl\u00e8s Prim\u00e0ria<\/span><\/span><\/em><\/td>\n<td style=\"width: 84.5273%;\" width=\"39%\"><span style=\"font-family: Arial, sans-serif;\"><span style=\"font-size: medium;\">Maria G\u00f3mez <\/span><\/span><a href=\"mailto:maria@generalprim.cat\"><span style=\"font-family: Arial, sans-serif;\"><span style=\"font-size: medium;\">maria@generalprim.cat<\/span><\/span><\/a><\/td>\n<\/tr>\n<tr>\n<td style=\"width: 28.4222%;\" width=\"61%\"><em><span style=\"font-family: Arial, sans-serif;\"><span style=\"font-size: medium;\">Suport Angl\u00e8s Prim\u00e0ria<\/span><\/span><\/em><\/td>\n<td style=\"width: 84.5273%;\" width=\"39%\"><span style=\"font-family: Arial, sans-serif;\"><span style=\"font-size: medium;\">Blau Hellin<\/span><\/span><\/td>\n<\/tr>\n<tr>\n<td style=\"width: 28.4222%;\" width=\"61%\"><em><span style=\"font-family: Arial, sans-serif;\"><span style=\"font-size: medium;\">M\u00fasica<\/span><\/span><\/em><\/td>\n<td style=\"width: 84.5273%;\" width=\"39%\"><span style=\"font-family: Arial, sans-serif;\"><span style=\"font-size: medium;\">Empar L\u00f3pez <\/span><\/span><a href=\"mailto:amparo@generalprim.cat\"><span style=\"font-family: Arial, sans-serif;\"><span style=\"font-size: medium;\">amparo@generalprim.cat<\/span><\/span><\/a><\/td>\n<\/tr>\n<tr>\n<td style=\"width: 28.4222%;\" width=\"61%\"><em><span style=\"font-family: Arial, sans-serif;\"><span style=\"font-size: medium;\">Religi\u00f3 &#8211; Coordinadora TAC<\/span><\/span><\/em><\/td>\n<td style=\"width: 84.5273%;\" width=\"39%\"><span style=\"font-family: Arial, sans-serif;\"><span style=\"font-size: medium;\">Anna Gomis <\/span><\/span><a href=\"mailto:anna@generalprim.cat\"><span style=\"font-family: Arial, sans-serif;\"><span style=\"font-size: medium;\">anna@generalprim.cat<\/span><\/span><\/a><\/td>\n<\/tr>\n<tr>\n<td style=\"width: 28.4222%;\" width=\"61%\"><em><span style=\"font-family: Arial, sans-serif;\"><span style=\"font-size: medium;\">T\u00e8cnic d&#8217;Integraci\u00f3 Social (TIS)<\/span><\/span><\/em><\/td>\n<td style=\"width: 84.5273%;\" width=\"39%\"><span style=\"font-family: Arial, sans-serif;\"><span style=\"font-size: medium;\">Jordi<\/span><\/span><\/td>\n<\/tr>\n<tr>\n<td style=\"width: 28.4222%;\" width=\"61%\"><em><span style=\"font-family: Arial, sans-serif;\"><span style=\"font-size: medium;\">Ed. F\u00edsica (Petits i Mitjans)<\/span><\/span><\/em><\/td>\n<td style=\"width: 84.5273%;\" width=\"39%\"><span style=\"font-family: Arial, sans-serif;\"><span style=\"font-size: medium;\">Sime\u00f3 Besora <\/span><\/span><a href=\"mailto:simeo@generalprim.cat\"><span style=\"font-family: Arial, sans-serif;\"><span style=\"font-size: medium;\">simeo@generalprim.cat<\/span><\/span><\/a><\/td>\n<\/tr>\n<tr>\n<td style=\"width: 28.4222%;\" width=\"61%\"><em><span style=\"font-family: Arial, sans-serif;\"><span style=\"font-size: medium;\">Ed. F\u00edsica (Grans)<\/span><\/span><\/em><\/td>\n<td style=\"width: 84.5273%;\" width=\"39%\"><span style=\"font-family: Arial, sans-serif;\"><span style=\"font-size: medium;\">David Cort<\/span><\/span><\/td>\n<\/tr>\n<tr>\n<td style=\"width: 28.4222%;\" width=\"61%\"><em><span style=\"font-family: Arial, sans-serif;\"><span style=\"font-size: medium;\">Atenci\u00f3 a la diversitat Mitjans\/Grans i Coord. Ling\u00fc\u00edstica (CLIC)<\/span><\/span><\/em><\/td>\n<td style=\"width: 84.5273%;\" width=\"39%\"><span style=\"font-family: Arial, sans-serif;\"><span style=\"font-size: medium;\">Carla Dom\u00e8nech<\/span><\/span><\/td>\n<\/tr>\n<tr>\n<td style=\"width: 28.4222%;\" width=\"61%\"><em><span style=\"font-family: Arial, sans-serif;\"><span style=\"font-size: medium;\">Aula d&#8217;acollida<\/span><\/span><\/em><\/td>\n<td style=\"width: 84.5273%;\" width=\"39%\"><span style=\"font-family: Arial, sans-serif;\"><span style=\"font-size: medium;\">Josep Le\u00f3n<\/span><\/span><\/td>\n<\/tr>\n<tr>\n<td style=\"width: 28.4222%;\" width=\"61%\"><em><span style=\"font-family: Arial, sans-serif;\"><span style=\"font-size: medium;\">Vetlladora<\/span><\/span><\/em><\/td>\n<td style=\"width: 84.5273%;\" width=\"39%\"><span style=\"font-family: Arial, sans-serif;\"><span style=\"font-size: medium;\">Eul\u00e0lia Espar\u00f3<\/span><\/span><\/td>\n<\/tr>\n<tr>\n<td style=\"width: 28.4222%;\" width=\"61%\"><em><span style=\"font-family: Arial, sans-serif;\"><span style=\"font-size: medium;\">Coordinadora de coeducaci\u00f3, conviv\u00e8ncia i benestar emocional (COCOBE)<\/span><\/span><\/em><\/td>\n<td style=\"width: 84.5273%;\" width=\"39%\"><span style=\"font-family: Arial, sans-serif; font-size: medium; background-color: #ffffff;\">Aina Mart\u00edn<\/span><\/td>\n<\/tr>\n<\/tbody>\n<\/table>\n<table style=\"width: 87.8375%;\" width=\"85%\" cellspacing=\"0\" cellpadding=\"3\">\n<tbody>\n<tr>\n<td style=\"width: 100%;\" width=\"100%\"><strong><span style=\"font-family: Arial, sans-serif;\">A U L A\u00a0 \u00a0 \u00a0<\/span><\/strong><strong><span style=\"font-family: Arial, sans-serif;\">I N T E G R A L\u00a0 \u00a0 \u00a0D E\u00a0 \u00a0 \u00a0<\/span><\/strong><strong><span style=\"font-family: Arial, sans-serif;\">S U P O R T\u00a0 \u00a0 \u00a0( A I S )<\/span><\/strong><\/td>\n<\/tr>\n<tr>\n<td style=\"width: 100%;\" width=\"100%\"><span style=\"font-family: Arial, sans-serif;\">Aina Arquimbau<\/span><\/td>\n<\/tr>\n<tr>\n<td style=\"width: 100%;\" width=\"100%\"><span style=\"font-family: Arial, sans-serif;\">Judith Pe\u00f1a<\/span><\/td>\n<\/tr>\n<tr>\n<td style=\"width: 100%;\"><span style=\"font-family: Arial, sans-serif;\">Adriana (Vetlladora)<\/span><\/td>\n<\/tr>\n<\/tbody>\n<\/table>\n","protected":false},"excerpt":{"rendered":"<p>E Q U I P\u00a0 \u00a0 D I R E C T I U \u00a0 Directora N\u00faria Serrano Cap d&#8217;estudis Marina Piqu\u00e9 Secret\u00e0ria Marta Tena A L T R E S\u00a0 \u00a0 P R O F E S S I O N A L S Psicopedagoga EAP Mar Gispert Administratiu Albert Costa Conserge Dolors Mir\u00f3 [&hellip;]<\/p>\n","protected":false},"author":2,"featured_media":0,"parent":22,"menu_order":60,"comment_status":"closed","ping_status":"closed","template":"","meta":{"_bbp_topic_count":0,"_bbp_reply_count":0,"_bbp_total_topic_count":0,"_bbp_total_reply_count":0,"_bbp_voice_count":0,"_bbp_anonymous_reply_count":0,"_bbp_topic_count_hidden":0,"_bbp_reply_count_hidden":0,"_bbp_forum_subforum_count":0,"site-sidebar-layout":"default","site-content-layout":"","ast-site-content-layout":"default","site-content-style":"default","site-sidebar-style":"default","ast-global-header-display":"","ast-banner-title-visibility":"","ast-main-header-display":"","ast-hfb-above-header-display":"","ast-hfb-below-header-display":"","ast-hfb-mobile-header-display":"","site-post-title":"","ast-breadcrumbs-content":"","ast-featured-img":"","footer-sml-layout":"","theme-transparent-header-meta":"","adv-header-id-meta":"","stick-header-meta":"","header-above-stick-meta":"","header-main-stick-meta":"","header-below-stick-meta":"","astra-migrate-meta-layouts":"set","ast-page-background-enabled":"default","ast-page-background-meta":{"desktop":{"background-color":"var(--ast-global-color-4)","background-image":"","background-repeat":"repeat","background-position":"center center","background-size":"auto","background-attachment":"scroll","background-type":"","background-media":"","overlay-type":"","overlay-color":"","overlay-opacity":"","overlay-gradient":""},"tablet":{"background-color":"","background-image":"","background-repeat":"repeat","background-position":"center center","background-size":"auto","background-attachment":"scroll","background-type":"","background-media":"","overlay-type":"","overlay-color":"","overlay-opacity":"","overlay-gradient":""},"mobile":{"background-color":"","background-image":"","background-repeat":"repeat","background-position":"center center","background-size":"auto","background-attachment":"scroll","background-type":"","background-media":"","overlay-type":"","overlay-color":"","overlay-opacity":"","overlay-gradient":""}},"ast-content-background-meta":{"desktop":{"background-color":"var(--ast-global-color-5)","background-image":"","background-repeat":"repeat","background-position":"center center","background-size":"auto","background-attachment":"scroll","background-type":"","background-media":"","overlay-type":"","overlay-color":"","overlay-opacity":"","overlay-gradient":""},"tablet":{"background-color":"var(--ast-global-color-5)","background-image":"","background-repeat":"repeat","background-position":"center center","background-size":"auto","background-attachment":"scroll","background-type":"","background-media":"","overlay-type":"","overlay-color":"","overlay-opacity":"","overlay-gradient":""},"mobile":{"background-color":"var(--ast-global-color-5)","background-image":"","background-repeat":"repeat","background-position":"center center","background-size":"auto","background-attachment":"scroll","background-type":"","background-media":"","overlay-type":"","overlay-color":"","overlay-opacity":"","overlay-gradient":""}},"footnotes":""},"class_list":["post-34","page","type-page","status-publish","hentry"],"post_mailing_queue_ids":[],"_links":{"self":[{"href":"https:\/\/agora.xtec.cat\/ceip-general-prim-reus\/wp-json\/wp\/v2\/pages\/34","targetHints":{"allow":["GET"]}}],"collection":[{"href":"https:\/\/agora.xtec.cat\/ceip-general-prim-reus\/wp-json\/wp\/v2\/pages"}],"about":[{"href":"https:\/\/agora.xtec.cat\/ceip-general-prim-reus\/wp-json\/wp\/v2\/types\/page"}],"author":[{"embeddable":true,"href":"https:\/\/agora.xtec.cat\/ceip-general-prim-reus\/wp-json\/wp\/v2\/users\/2"}],"replies":[{"embeddable":true,"href":"https:\/\/agora.xtec.cat\/ceip-general-prim-reus\/wp-json\/wp\/v2\/comments?post=34"}],"version-history":[{"count":6,"href":"https:\/\/agora.xtec.cat\/ceip-general-prim-reus\/wp-json\/wp\/v2\/pages\/34\/revisions"}],"predecessor-version":[{"id":6654,"href":"https:\/\/agora.xtec.cat\/ceip-general-prim-reus\/wp-json\/wp\/v2\/pages\/34\/revisions\/6654"}],"up":[{"embeddable":true,"href":"https:\/\/agora.xtec.cat\/ceip-general-prim-reus\/wp-json\/wp\/v2\/pages\/22"}],"wp:attachment":[{"href":"https:\/\/agora.xtec.cat\/ceip-general-prim-reus\/wp-json\/wp\/v2\/media?parent=34"}],"curies":[{"name":"wp","href":"https:\/\/api.w.org\/{rel}","templated":true}]}}