{"id":32,"date":"2014-09-18T12:31:33","date_gmt":"2014-09-18T11:31:33","guid":{"rendered":"http:\/\/agora.xtec.cat\/ceip-garbi-poboleda\/?page_id=32"},"modified":"2020-01-02T12:16:11","modified_gmt":"2020-01-02T11:16:11","slug":"calendari-del-curs","status":"publish","type":"page","link":"https:\/\/agora.xtec.cat\/ceip-garbi-poboleda\/lescola\/calendari-del-curs\/","title":{"rendered":"Calendari escolar curs 2019 &#8211; 2020"},"content":{"rendered":"<h4><strong>Inici de curs:<\/strong><\/h4>\n<p>12 de setembre de 2019<\/p>\n<h4><strong>Vacances:<\/strong><\/h4>\n<p>Per\u00edode de vacances de Nadal: del 21 de desembre de 2019 al 7 de gener de 2020\u00a0 (ambd\u00f3s inclosos)<\/p>\n<p>Per\u00edode de vacances de Pasqua: del 4 d&#8217;abril al 13 d\u2019abril de 2020 (ambd\u00f3s inclosos)<\/p>\n<p>A partir del 19 de juny de 2020 s&#8217;inicien les vacances d&#8217;estiu.<\/p>\n<h4><strong>Dies festius de lliure disposici\u00f3:<\/strong><\/h4>\n<p>31 d&#8217;octubre de 2019<\/p>\n<p>4 de novembre de 2019<\/p>\n<p>9 de desembre de 2019<\/p>\n<p>24 de febrer de 2020<\/p>\n<p>14 d&#8217;abril de 2020<\/p>\n<h4><strong>Jornada intensiva:<\/strong><\/h4>\n<p>20 de desembre de 2019 i del 8 al 19 de juny de 2020 (ambd\u00f3s inclosos)<\/p>\n<p><span style=\"text-decoration: underline;\"><strong>HORARI LECTIU<\/strong><\/span><\/p>\n<p>L\u2019horari lectiu\u00a0del centre \u00e9s:<\/p>\n<p>Els dilluns i els divendres de 9 a 12,30h i de 14,30 a 16,00h per a tots els alumnes del centre.<\/p>\n<p>Els dimarts, els dimecres i els dijous de 8:45 a 12,30h i de 14,30 a 16,00h per a tots els alumnes del centre.<\/p>\n<p>Els segons i quarts dimecres de cada mes a la tarda els alumnes no tenen escola ja que els mestres es reuneixen a nivell de ZER amb la resta d&#8217;escoles de la zona rural per tal de fer les reunions de coordinaci\u00f3.<\/p>\n<p>Per als alumnes que inicien l\u2019escolaritzaci\u00f3 a P3 s\u2019organitza un breu per\u00edode d\u2019adaptaci\u00f3 que suposa una certa flexibilitat dels horaris dels primers dies de classe, i que es fa saber a les fam\u00edlies en les reunions pr\u00e8vies d&#8217;inici d&#8217;escolaritzaci\u00f3.<\/p>\n","protected":false},"excerpt":{"rendered":"<p>Inici de curs:<br \/>\n12 de setembre de 2019<br \/>\nVacances:<br \/>\nPer\u00edode de vacances de Nadal: del 21 de desembre de 2019 al 7 de gener de 2020\u00a0 (ambd\u00f3s inclosos)<br \/>\nPer\u00edode de vacances de Pasqua: del 4 d&#8217;abril al 13 d\u2019abril de 2020 (ambd\u00f3s inclosos)<br \/>\nA partir del 19 de juny de&hellip;  <a href=\"https:\/\/agora.xtec.cat\/ceip-garbi-poboleda\/lescola\/calendari-del-curs\/\" title=\"Read Calendari escolar curs 2019 &#8211; 2020\">Llegeix m\u00e9s\u00bb<\/a><\/p>\n","protected":false},"author":1,"featured_media":0,"parent":22,"menu_order":50,"comment_status":"closed","ping_status":"closed","template":"page-templates\/side-menu.php","meta":{"_bbp_topic_count":0,"_bbp_reply_count":0,"_bbp_total_topic_count":0,"_bbp_total_reply_count":0,"_bbp_voice_count":0,"_bbp_anonymous_reply_count":0,"_bbp_topic_count_hidden":0,"_bbp_reply_count_hidden":0,"_bbp_forum_subforum_count":0,"footnotes":""},"class_list":["post-32","page","type-page","status-publish","hentry"],"post_mailing_queue_ids":[],"_links":{"self":[{"href":"https:\/\/agora.xtec.cat\/ceip-garbi-poboleda\/wp-json\/wp\/v2\/pages\/32","targetHints":{"allow":["GET"]}}],"collection":[{"href":"https:\/\/agora.xtec.cat\/ceip-garbi-poboleda\/wp-json\/wp\/v2\/pages"}],"about":[{"href":"https:\/\/agora.xtec.cat\/ceip-garbi-poboleda\/wp-json\/wp\/v2\/types\/page"}],"author":[{"embeddable":true,"href":"https:\/\/agora.xtec.cat\/ceip-garbi-poboleda\/wp-json\/wp\/v2\/users\/1"}],"replies":[{"embeddable":true,"href":"https:\/\/agora.xtec.cat\/ceip-garbi-poboleda\/wp-json\/wp\/v2\/comments?post=32"}],"version-history":[{"count":3,"href":"https:\/\/agora.xtec.cat\/ceip-garbi-poboleda\/wp-json\/wp\/v2\/pages\/32\/revisions"}],"predecessor-version":[{"id":587,"href":"https:\/\/agora.xtec.cat\/ceip-garbi-poboleda\/wp-json\/wp\/v2\/pages\/32\/revisions\/587"}],"up":[{"embeddable":true,"href":"https:\/\/agora.xtec.cat\/ceip-garbi-poboleda\/wp-json\/wp\/v2\/pages\/22"}],"wp:attachment":[{"href":"https:\/\/agora.xtec.cat\/ceip-garbi-poboleda\/wp-json\/wp\/v2\/media?parent=32"}],"curies":[{"name":"wp","href":"https:\/\/api.w.org\/{rel}","templated":true}]}}