{"id":3052,"date":"2019-11-14T09:09:34","date_gmt":"2019-11-14T08:09:34","guid":{"rendered":"http:\/\/agora.xtec.cat\/ceip-galceran-de-pinos\/?page_id=3052"},"modified":"2024-09-02T22:34:49","modified_gmt":"2024-09-02T20:34:49","slug":"families","status":"publish","type":"page","link":"https:\/\/agora.xtec.cat\/ceip-galceran-de-pinos\/families\/","title":{"rendered":"FAM\u00cdLIES"},"content":{"rendered":"<p>En aquest apartat trobareu tota la informaci\u00f3 relacionada amb els vostres fills\/es, documents, circulars, les activitats de l&#8217;AFA, &#8230; tamb\u00e9 us deixem l&#8217;enlla\u00e7 de la web del Departament on hi trobareu recursos i articles interessants sobre educaci\u00f3.<\/p>\n<p><a href=\"http:\/\/educacio.gencat.cat\/ca\/arees-actuacio\/families\/\" target=\"_blank\" rel=\"noopener noreferrer\">http:\/\/educacio.gencat.cat\/ca\/arees-actuacio\/families\/<\/a><\/p>\n<ul class=\"breadcrumb-trail breadcrumbs\">\n<li class=\"trail-end\"><a href=\"https:\/\/agora.xtec.cat\/ceip-galceran-de-pinos\/informacions\/\" target=\"_blank\" rel=\"noopener noreferrer\">DOCUMENTS I INFORMACIONS PER A LES FAM\u00cdLIES<\/a><\/li>\n<li class=\"trail-end\"><a href=\"https:\/\/agora.xtec.cat\/ceip-galceran-de-pinos\/circulars-per-a-les-families\/\" target=\"_blank\" rel=\"noopener noreferrer\">CIRCULARS SORTIDES I ACTIVITATS<\/a><\/li>\n<li><a href=\"https:\/\/agora.xtec.cat\/ceip-galceran-de-pinos\/categoria\/ampa\/\" target=\"_blank\" rel=\"noopener noreferrer\">AFA<\/a><\/li>\n<li><a href=\"http:\/\/agora.xtec.cat\/ceip-galceran-de-pinos\/internet-segura-i-families-digitals\/\" target=\"_blank\" rel=\"noopener noreferrer\">Internet Segura i Projecte Fam\u00edlies digitals<\/a><\/li>\n<\/ul>\n","protected":false},"excerpt":{"rendered":"<p>En aquest apartat trobareu tota la informaci\u00f3 relacionada amb els vostres fills\/es, documents, circulars, les activitats de l&#8217;AFA, &#8230; tamb\u00e9 us deixem l&#8217;enlla\u00e7 de la web del Departament on hi trobareu recursos i articles interessants sobre educaci\u00f3. http:\/\/educacio.gencat.cat\/ca\/arees-actuacio\/families\/ DOCUMENTS I INFORMACIONS PER A LES FAM\u00cdLIES CIRCULARS SORTIDES I ACTIVITATS AFA Internet Segura i Projecte Fam\u00edlies [&hellip;]<\/p>\n","protected":false},"author":1,"featured_media":0,"parent":0,"menu_order":0,"comment_status":"closed","ping_status":"closed","template":"page-templates\/side-menu.php","meta":{"_bbp_topic_count":0,"_bbp_reply_count":0,"_bbp_total_topic_count":0,"_bbp_total_reply_count":0,"_bbp_voice_count":0,"_bbp_anonymous_reply_count":0,"_bbp_topic_count_hidden":0,"_bbp_reply_count_hidden":0,"_bbp_forum_subforum_count":0,"site-sidebar-layout":"default","site-content-layout":"","ast-site-content-layout":"","site-content-style":"default","site-sidebar-style":"default","ast-global-header-display":"","ast-banner-title-visibility":"","ast-main-header-display":"","ast-hfb-above-header-display":"","ast-hfb-below-header-display":"","ast-hfb-mobile-header-display":"","site-post-title":"","ast-breadcrumbs-content":"","ast-featured-img":"","footer-sml-layout":"","theme-transparent-header-meta":"","adv-header-id-meta":"","stick-header-meta":"","header-above-stick-meta":"","header-main-stick-meta":"","header-below-stick-meta":"","astra-migrate-meta-layouts":"default","ast-page-background-enabled":"default","ast-page-background-meta":{"desktop":{"background-color":"var(--ast-global-color-4)","background-image":"","background-repeat":"repeat","background-position":"center center","background-size":"auto","background-attachment":"scroll","background-type":"","background-media":"","overlay-type":"","overlay-color":"","overlay-opacity":"","overlay-gradient":""},"tablet":{"background-color":"","background-image":"","background-repeat":"repeat","background-position":"center center","background-size":"auto","background-attachment":"scroll","background-type":"","background-media":"","overlay-type":"","overlay-color":"","overlay-opacity":"","overlay-gradient":""},"mobile":{"background-color":"","background-image":"","background-repeat":"repeat","background-position":"center center","background-size":"auto","background-attachment":"scroll","background-type":"","background-media":"","overlay-type":"","overlay-color":"","overlay-opacity":"","overlay-gradient":""}},"ast-content-background-meta":{"desktop":{"background-color":"var(--ast-global-color-5)","background-image":"","background-repeat":"repeat","background-position":"center center","background-size":"auto","background-attachment":"scroll","background-type":"","background-media":"","overlay-type":"","overlay-color":"","overlay-opacity":"","overlay-gradient":""},"tablet":{"background-color":"var(--ast-global-color-5)","background-image":"","background-repeat":"repeat","background-position":"center center","background-size":"auto","background-attachment":"scroll","background-type":"","background-media":"","overlay-type":"","overlay-color":"","overlay-opacity":"","overlay-gradient":""},"mobile":{"background-color":"var(--ast-global-color-5)","background-image":"","background-repeat":"repeat","background-position":"center center","background-size":"auto","background-attachment":"scroll","background-type":"","background-media":"","overlay-type":"","overlay-color":"","overlay-opacity":"","overlay-gradient":""}},"footnotes":""},"class_list":["post-3052","page","type-page","status-publish","hentry"],"post_mailing_queue_ids":[],"_links":{"self":[{"href":"https:\/\/agora.xtec.cat\/ceip-galceran-de-pinos\/wp-json\/wp\/v2\/pages\/3052","targetHints":{"allow":["GET"]}}],"collection":[{"href":"https:\/\/agora.xtec.cat\/ceip-galceran-de-pinos\/wp-json\/wp\/v2\/pages"}],"about":[{"href":"https:\/\/agora.xtec.cat\/ceip-galceran-de-pinos\/wp-json\/wp\/v2\/types\/page"}],"author":[{"embeddable":true,"href":"https:\/\/agora.xtec.cat\/ceip-galceran-de-pinos\/wp-json\/wp\/v2\/users\/1"}],"replies":[{"embeddable":true,"href":"https:\/\/agora.xtec.cat\/ceip-galceran-de-pinos\/wp-json\/wp\/v2\/comments?post=3052"}],"version-history":[{"count":4,"href":"https:\/\/agora.xtec.cat\/ceip-galceran-de-pinos\/wp-json\/wp\/v2\/pages\/3052\/revisions"}],"predecessor-version":[{"id":5992,"href":"https:\/\/agora.xtec.cat\/ceip-galceran-de-pinos\/wp-json\/wp\/v2\/pages\/3052\/revisions\/5992"}],"wp:attachment":[{"href":"https:\/\/agora.xtec.cat\/ceip-galceran-de-pinos\/wp-json\/wp\/v2\/media?parent=3052"}],"curies":[{"name":"wp","href":"https:\/\/api.w.org\/{rel}","templated":true}]}}