{"id":9220,"date":"2025-06-26T17:33:51","date_gmt":"2025-06-26T15:33:51","guid":{"rendered":"https:\/\/agora.xtec.cat\/ceip-gabriel-castella\/?page_id=9220"},"modified":"2025-06-26T17:49:38","modified_gmt":"2025-06-26T15:49:38","slug":"projectes-3","status":"publish","type":"page","link":"https:\/\/agora.xtec.cat\/ceip-gabriel-castella\/projectes-3\/","title":{"rendered":"Projectes"},"content":{"rendered":"\n<div class=\"wp-block-buttons is-content-justification-center is-layout-flex wp-container-core-buttons-is-layout-1 wp-block-buttons-is-layout-flex\">\n<div class=\"wp-block-button has-custom-width wp-block-button__width-50 has-custom-font-size has-medium-font-size\"><a class=\"wp-block-button__link has-ast-global-color-1-background-color has-background wp-element-button\" href=\"https:\/\/agora.xtec.cat\/ceip-gabriel-castella\/lescola\/projecte-escoltam\/\">Projecte Escolta&#8217;m<\/a><\/div>\n\n\n\n<div class=\"wp-block-button has-custom-width wp-block-button__width-50 has-custom-font-size has-medium-font-size\"><a class=\"wp-block-button__link has-ast-global-color-1-background-color has-background wp-element-button\" href=\"https:\/\/agora.xtec.cat\/ceip-gabriel-castella\/lescola\/pla-musical-instruments-de-corda-fregada\/\">Ara Art (Pla Musical, instruments de corda fregada)<\/a><\/div>\n\n\n\n<div class=\"wp-block-button has-custom-width wp-block-button__width-50 has-custom-font-size has-medium-font-size\"><a class=\"wp-block-button__link has-ast-global-color-1-background-color has-background wp-element-button\" href=\"https:\/\/agora.xtec.cat\/ceip-gabriel-castella\/programa-magnet\/\">Magnet<\/a><\/div>\n\n\n\n<div class=\"wp-block-button has-custom-width wp-block-button__width-50 has-custom-font-size has-medium-font-size\"><a class=\"wp-block-button__link has-ast-global-color-1-background-color has-background wp-element-button\" href=\"https:\/\/agora.xtec.cat\/ceip-gabriel-castella\/infadimed\/\">Programa INFADIMED<\/a><\/div>\n<\/div>\n\n\n\n        <div class=\"wp-block-getwid-post-slider custom-post-type-post has-arrows-inside has-dots-inside\">\n            <div data-slider-option=\"{&quot;getwid_fade_effect&quot;:&quot;slide&quot;,&quot;getwid_autoplay&quot;:false,&quot;getwid_pause_on_hover&quot;:false,&quot;getwid_autoplay_speed&quot;:6000,&quot;getwid_infinite&quot;:true,&quot;getwid_animation_speed&quot;:800,&quot;getwid_arrows&quot;:&quot;inside&quot;,&quot;getwid_dots&quot;:&quot;inside&quot;}\" class=\"wp-block-getwid-post-slider__content\">\n                \t\t\t\t\t\t\t<div class=\"wp-block-getwid-post-slider__slide\" style=\"\">\n\t\t\t\t\t\t\t\t\n<div class=\"wp-block-getwid-post-slider__post \">\n        <div class=\"wp-block-getwid-post-slider__post-overlay \"><\/div>\n    <div class=\"wp-block-getwid-post-slider__post-content-wrapper\">\n        <h3 class=\"wp-block-getwid-post-slider__post-title\"><a href=\"https:\/\/agora.xtec.cat\/ceip-gabriel-castella\/primaria\/2n-programa-la-radio-del-gabriel-castella\/\">2n programa &#8220;La R\u00e0dio del Gabriel Castell\u00e0&#8221;<\/a><\/h3>        <div class=\"wp-block-getwid-post-slider__post-excerpt\"><p>2n programa de R\u00e0dio creat per: Haroun, Leire, Amani, Amir, Zakaria, Gayt, Ferran, Nayla, Lia, chikaima, Niama, Basma i Masha.<\/p>\n<\/div>\n    <\/div>\n<\/div>\n\t\t\t\t\t\t\t<\/div>\n\t\t\t\t\t\t\t\t\t\t\t\t\t<div class=\"wp-block-getwid-post-slider__slide\" style=\"\">\n\t\t\t\t\t\t\t\t\n<div class=\"wp-block-getwid-post-slider__post \">\n            <div class=\"wp-block-getwid-post-slider__post-thumbnail\">\n            <img loading=\"lazy\" decoding=\"async\" width=\"362\" height=\"261\" src=\"https:\/\/agora.xtec.cat\/ceip-gabriel-castella\/wp-content\/uploads\/usu2108\/2025\/10\/Grup-1-Ensenyem-lescola.png\" class=\"attachment-post-thumbnail size-post-thumbnail wp-post-image\" alt=\"\" srcset=\"https:\/\/agora.xtec.cat\/ceip-gabriel-castella\/wp-content\/uploads\/usu2108\/2025\/10\/Grup-1-Ensenyem-lescola.png 362w, https:\/\/agora.xtec.cat\/ceip-gabriel-castella\/wp-content\/uploads\/usu2108\/2025\/10\/Grup-1-Ensenyem-lescola-300x216.png 300w\" sizes=\"auto, (max-width: 362px) 100vw, 362px\" \/>        <\/div>\n        <div class=\"wp-block-getwid-post-slider__post-overlay \"><\/div>\n    <div class=\"wp-block-getwid-post-slider__post-content-wrapper\">\n        <h3 class=\"wp-block-getwid-post-slider__post-title\"><a href=\"https:\/\/agora.xtec.cat\/ceip-gabriel-castella\/general\/3r-programa-de-lunivers-escolar-de-lescola-gabriel-castella-i-raich\/\">3r programa de l&#8217;Univers escolar de l&#8217;escola Gabriel Castell\u00e0 i Raich<\/a><\/h3>        <div class=\"wp-block-getwid-post-slider__post-excerpt\"><\/div>\n    <\/div>\n<\/div>\n\t\t\t\t\t\t\t<\/div>\n\t\t\t\t\t\t\t\t\t\t\t\t\t<div class=\"wp-block-getwid-post-slider__slide\" style=\"\">\n\t\t\t\t\t\t\t\t\n<div class=\"wp-block-getwid-post-slider__post \">\n            <div class=\"wp-block-getwid-post-slider__post-thumbnail\">\n            <img loading=\"lazy\" decoding=\"async\" width=\"362\" height=\"261\" src=\"https:\/\/agora.xtec.cat\/ceip-gabriel-castella\/wp-content\/uploads\/usu2108\/2025\/10\/Grup-1-Ensenyem-lescola.png\" class=\"attachment-post-thumbnail size-post-thumbnail wp-post-image\" alt=\"\" srcset=\"https:\/\/agora.xtec.cat\/ceip-gabriel-castella\/wp-content\/uploads\/usu2108\/2025\/10\/Grup-1-Ensenyem-lescola.png 362w, https:\/\/agora.xtec.cat\/ceip-gabriel-castella\/wp-content\/uploads\/usu2108\/2025\/10\/Grup-1-Ensenyem-lescola-300x216.png 300w\" sizes=\"auto, (max-width: 362px) 100vw, 362px\" \/>        <\/div>\n        <div class=\"wp-block-getwid-post-slider__post-overlay \"><\/div>\n    <div class=\"wp-block-getwid-post-slider__post-content-wrapper\">\n        <h3 class=\"wp-block-getwid-post-slider__post-title\"><a href=\"https:\/\/agora.xtec.cat\/ceip-gabriel-castella\/general\/2n-programa-de-lunivers-escolar-de-lescola-gabriel-castella-i-raich\/\">2n programa de l&#8217;Univers escolar de l&#8217;escola Gabriel Castell\u00e0 i Raich<\/a><\/h3>        <div class=\"wp-block-getwid-post-slider__post-excerpt\"><\/div>\n    <\/div>\n<\/div>\n\t\t\t\t\t\t\t<\/div>\n\t\t\t\t\t\t\t\t\t\t\t\t\t<div class=\"wp-block-getwid-post-slider__slide\" style=\"\">\n\t\t\t\t\t\t\t\t\n<div class=\"wp-block-getwid-post-slider__post \">\n            <div class=\"wp-block-getwid-post-slider__post-thumbnail\">\n            <img loading=\"lazy\" decoding=\"async\" width=\"2000\" height=\"1500\" src=\"https:\/\/agora.xtec.cat\/ceip-gabriel-castella\/wp-content\/uploads\/usu2108\/2025\/12\/WhatsApp-Image-2025-12-05-at-22.39.53.jpeg\" class=\"attachment-post-thumbnail size-post-thumbnail wp-post-image\" alt=\"\" srcset=\"https:\/\/agora.xtec.cat\/ceip-gabriel-castella\/wp-content\/uploads\/usu2108\/2025\/12\/WhatsApp-Image-2025-12-05-at-22.39.53.jpeg 2000w, https:\/\/agora.xtec.cat\/ceip-gabriel-castella\/wp-content\/uploads\/usu2108\/2025\/12\/WhatsApp-Image-2025-12-05-at-22.39.53-300x225.jpeg 300w, https:\/\/agora.xtec.cat\/ceip-gabriel-castella\/wp-content\/uploads\/usu2108\/2025\/12\/WhatsApp-Image-2025-12-05-at-22.39.53-1024x768.jpeg 1024w, https:\/\/agora.xtec.cat\/ceip-gabriel-castella\/wp-content\/uploads\/usu2108\/2025\/12\/WhatsApp-Image-2025-12-05-at-22.39.53-768x576.jpeg 768w, https:\/\/agora.xtec.cat\/ceip-gabriel-castella\/wp-content\/uploads\/usu2108\/2025\/12\/WhatsApp-Image-2025-12-05-at-22.39.53-1536x1152.jpeg 1536w\" sizes=\"auto, (max-width: 2000px) 100vw, 2000px\" \/>        <\/div>\n        <div class=\"wp-block-getwid-post-slider__post-overlay \"><\/div>\n    <div class=\"wp-block-getwid-post-slider__post-content-wrapper\">\n        <h3 class=\"wp-block-getwid-post-slider__post-title\"><a href=\"https:\/\/agora.xtec.cat\/ceip-gabriel-castella\/general\/la-nostra-escola-rep-la-placa-proa-del-crp-de-lanoia\/\">La nostra escola rep la placa PROA+ del CRP de l&#8217;Anoia<\/a><\/h3>        <div class=\"wp-block-getwid-post-slider__post-excerpt\"><p>Estem tant contents d&#8217;anunciar-vos aquesta not\u00edcia!!! Ahir vam rebre una molt bona not\u00edcia: el Centre de Recursos Pedag\u00f2gics de l\u2019Anoia ens ha fet entrega de la placa PROA+, un distintiu que reconeix la participaci\u00f3 del centre en el Pla de Millora d\u2019Oportunitats Educatives, impulsat pel Ministeri d\u2019Educaci\u00f3, Formaci\u00f3 Professional i Esports. El programa PROA+ t\u00e9 [&hellip;]<\/p>\n<\/div>\n    <\/div>\n<\/div>\n\t\t\t\t\t\t\t<\/div>\n\t\t\t\t\t\t\t\t\t\t\t\t\t<div class=\"wp-block-getwid-post-slider__slide\" style=\"\">\n\t\t\t\t\t\t\t\t\n<div class=\"wp-block-getwid-post-slider__post \">\n            <div class=\"wp-block-getwid-post-slider__post-thumbnail\">\n            <img loading=\"lazy\" decoding=\"async\" width=\"2000\" height=\"1500\" src=\"https:\/\/agora.xtec.cat\/ceip-gabriel-castella\/wp-content\/uploads\/usu2108\/2025\/11\/IMG-20251121-WA0012-1.jpg\" class=\"attachment-post-thumbnail size-post-thumbnail wp-post-image\" alt=\"\" srcset=\"https:\/\/agora.xtec.cat\/ceip-gabriel-castella\/wp-content\/uploads\/usu2108\/2025\/11\/IMG-20251121-WA0012-1.jpg 2000w, https:\/\/agora.xtec.cat\/ceip-gabriel-castella\/wp-content\/uploads\/usu2108\/2025\/11\/IMG-20251121-WA0012-1-300x225.jpg 300w, https:\/\/agora.xtec.cat\/ceip-gabriel-castella\/wp-content\/uploads\/usu2108\/2025\/11\/IMG-20251121-WA0012-1-1024x768.jpg 1024w, https:\/\/agora.xtec.cat\/ceip-gabriel-castella\/wp-content\/uploads\/usu2108\/2025\/11\/IMG-20251121-WA0012-1-768x576.jpg 768w, https:\/\/agora.xtec.cat\/ceip-gabriel-castella\/wp-content\/uploads\/usu2108\/2025\/11\/IMG-20251121-WA0012-1-1536x1152.jpg 1536w\" sizes=\"auto, (max-width: 2000px) 100vw, 2000px\" \/>        <\/div>\n        <div class=\"wp-block-getwid-post-slider__post-overlay \"><\/div>\n    <div class=\"wp-block-getwid-post-slider__post-content-wrapper\">\n        <h3 class=\"wp-block-getwid-post-slider__post-title\"><a href=\"https:\/\/agora.xtec.cat\/ceip-gabriel-castella\/general\/santa-cecilia-a-lescola\/\">Santa Cec\u00edlia a l&#8217;escola<\/a><\/h3>        <div class=\"wp-block-getwid-post-slider__post-excerpt\"><p>Durant aquesta setmana hem realitzat diferents activitats per celebrar Santa Cec\u00edlia, patrona de la m\u00fasica. Dimarts un grup d&#8217;infants que van a l&#8217;escola de m\u00fasica van oferir un concert de viol\u00ed, viola i violoncel als seus companys de 3r, 5\u00e8 i 6\u00e8. I, divendres els infants de les classes de les \u00e0ligues, la geganta i [&hellip;]<\/p>\n<\/div>\n    <\/div>\n<\/div>\n\t\t\t\t\t\t\t<\/div>\n\t\t\t\t\t\t            <\/div>\n        <\/div>\n        ","protected":false},"excerpt":{"rendered":"","protected":false},"author":40,"featured_media":0,"parent":0,"menu_order":0,"comment_status":"closed","ping_status":"close","template":"","meta":{"_bbp_topic_count":0,"_bbp_reply_count":0,"_bbp_total_topic_count":0,"_bbp_total_reply_count":0,"_bbp_voice_count":0,"_bbp_anonymous_reply_count":0,"_bbp_topic_count_hidden":0,"_bbp_reply_count_hidden":0,"_bbp_forum_subforum_count":0,"site-sidebar-layout":"default","site-content-layout":"","ast-site-content-layout":"default","site-content-style":"default","site-sidebar-style":"default","ast-global-header-display":"","ast-banner-title-visibility":"","ast-main-header-display":"","ast-hfb-above-header-display":"","ast-hfb-below-header-display":"","ast-hfb-mobile-header-display":"","site-post-title":"","ast-breadcrumbs-content":"","ast-featured-img":"","footer-sml-layout":"","theme-transparent-header-meta":"","adv-header-id-meta":"","stick-header-meta":"","header-above-stick-meta":"","header-main-stick-meta":"","header-below-stick-meta":"","astra-migrate-meta-layouts":"set","ast-page-background-enabled":"default","ast-page-background-meta":{"desktop":{"background-color":"var(--ast-global-color-4)","background-image":"","background-repeat":"repeat","background-position":"center center","background-size":"auto","background-attachment":"scroll","background-type":"","background-media":"","overlay-type":"","overlay-color":"","overlay-opacity":"","overlay-gradient":""},"tablet":{"background-color":"","background-image":"","background-repeat":"repeat","background-position":"center center","background-size":"auto","background-attachment":"scroll","background-type":"","background-media":"","overlay-type":"","overlay-color":"","overlay-opacity":"","overlay-gradient":""},"mobile":{"background-color":"","background-image":"","background-repeat":"repeat","background-position":"center center","background-size":"auto","background-attachment":"scroll","background-type":"","background-media":"","overlay-type":"","overlay-color":"","overlay-opacity":"","overlay-gradient":""}},"ast-content-background-meta":{"desktop":{"background-color":"var(--ast-global-color-5)","background-image":"","background-repeat":"repeat","background-position":"center center","background-size":"auto","background-attachment":"scroll","background-type":"","background-media":"","overlay-type":"","overlay-color":"","overlay-opacity":"","overlay-gradient":""},"tablet":{"background-color":"var(--ast-global-color-5)","background-image":"","background-repeat":"repeat","background-position":"center center","background-size":"auto","background-attachment":"scroll","background-type":"","background-media":"","overlay-type":"","overlay-color":"","overlay-opacity":"","overlay-gradient":""},"mobile":{"background-color":"var(--ast-global-color-5)","background-image":"","background-repeat":"repeat","background-position":"center center","background-size":"auto","background-attachment":"scroll","background-type":"","background-media":"","overlay-type":"","overlay-color":"","overlay-opacity":"","overlay-gradient":""}},"footnotes":""},"class_list":["post-9220","page","type-page","status-publish","hentry"],"post_mailing_queue_ids":[],"_links":{"self":[{"href":"https:\/\/agora.xtec.cat\/ceip-gabriel-castella\/wp-json\/wp\/v2\/pages\/9220","targetHints":{"allow":["GET"]}}],"collection":[{"href":"https:\/\/agora.xtec.cat\/ceip-gabriel-castella\/wp-json\/wp\/v2\/pages"}],"about":[{"href":"https:\/\/agora.xtec.cat\/ceip-gabriel-castella\/wp-json\/wp\/v2\/types\/page"}],"author":[{"embeddable":true,"href":"https:\/\/agora.xtec.cat\/ceip-gabriel-castella\/wp-json\/wp\/v2\/users\/40"}],"replies":[{"embeddable":true,"href":"https:\/\/agora.xtec.cat\/ceip-gabriel-castella\/wp-json\/wp\/v2\/comments?post=9220"}],"version-history":[{"count":4,"href":"https:\/\/agora.xtec.cat\/ceip-gabriel-castella\/wp-json\/wp\/v2\/pages\/9220\/revisions"}],"predecessor-version":[{"id":9229,"href":"https:\/\/agora.xtec.cat\/ceip-gabriel-castella\/wp-json\/wp\/v2\/pages\/9220\/revisions\/9229"}],"wp:attachment":[{"href":"https:\/\/agora.xtec.cat\/ceip-gabriel-castella\/wp-json\/wp\/v2\/media?parent=9220"}],"curies":[{"name":"wp","href":"https:\/\/api.w.org\/{rel}","templated":true}]}}

<div class="wp-block-buttons is-content-justification-center is-layout-flex wp-container-core-buttons-is-layout-1 wp-block-buttons-is-layout-flex">
<div class="wp-block-button has-custom-width wp-block-button__width-50 has-custom-font-size has-medium-font-size"><a class="wp-block-button__link has-ast-global-color-1-background-color has-background wp-element-button" href="https://agora.xtec.cat/ceip-gabriel-castella/lescola/projecte-escoltam/">Projecte Escolta&#8217;m</a></div>



<div class="wp-block-button has-custom-width wp-block-button__width-50 has-custom-font-size has-medium-font-size"><a class="wp-block-button__link has-ast-global-color-1-background-color has-background wp-element-button" href="https://agora.xtec.cat/ceip-gabriel-castella/lescola/pla-musical-instruments-de-corda-fregada/">Ara Art (Pla Musical, instruments de corda fregada)</a></div>



<div class="wp-block-button has-custom-width wp-block-button__width-50 has-custom-font-size has-medium-font-size"><a class="wp-block-button__link has-ast-global-color-1-background-color has-background wp-element-button" href="https://agora.xtec.cat/ceip-gabriel-castella/programa-magnet/">Magnet</a></div>



<div class="wp-block-button has-custom-width wp-block-button__width-50 has-custom-font-size has-medium-font-size"><a class="wp-block-button__link has-ast-global-color-1-background-color has-background wp-element-button" href="https://agora.xtec.cat/ceip-gabriel-castella/infadimed/">Programa INFADIMED</a></div>
</div>



        <div class="wp-block-getwid-post-slider custom-post-type-post has-arrows-inside has-dots-inside">
            <div data-slider-option="{&quot;getwid_fade_effect&quot;:&quot;slide&quot;,&quot;getwid_autoplay&quot;:false,&quot;getwid_pause_on_hover&quot;:false,&quot;getwid_autoplay_speed&quot;:6000,&quot;getwid_infinite&quot;:true,&quot;getwid_animation_speed&quot;:800,&quot;getwid_arrows&quot;:&quot;inside&quot;,&quot;getwid_dots&quot;:&quot;inside&quot;}" class="wp-block-getwid-post-slider__content">
                							<div class="wp-block-getwid-post-slider__slide" style="">
								
<div class="wp-block-getwid-post-slider__post ">
        <div class="wp-block-getwid-post-slider__post-overlay "></div>
    <div class="wp-block-getwid-post-slider__post-content-wrapper">
        <h3 class="wp-block-getwid-post-slider__post-title"><a href="https://agora.xtec.cat/ceip-gabriel-castella/primaria/2n-programa-la-radio-del-gabriel-castella/">2n programa &#8220;La Ràdio del Gabriel Castellà&#8221;</a></h3>        <div class="wp-block-getwid-post-slider__post-excerpt"><p>2n programa de Ràdio creat per: Haroun, Leire, Amani, Amir, Zakaria, Gayt, Ferran, Nayla, Lia, chikaima, Niama, Basma i Masha.</p>
</div>
    </div>
</div>
							</div>
													<div class="wp-block-getwid-post-slider__slide" style="">
								
<div class="wp-block-getwid-post-slider__post ">
            <div class="wp-block-getwid-post-slider__post-thumbnail">
            <img loading="lazy" decoding="async" width="362" height="261" src="https://agora.xtec.cat/ceip-gabriel-castella/wp-content/uploads/usu2108/2025/10/Grup-1-Ensenyem-lescola.png" class="attachment-post-thumbnail size-post-thumbnail wp-post-image" alt="" srcset="https://agora.xtec.cat/ceip-gabriel-castella/wp-content/uploads/usu2108/2025/10/Grup-1-Ensenyem-lescola.png 362w, https://agora.xtec.cat/ceip-gabriel-castella/wp-content/uploads/usu2108/2025/10/Grup-1-Ensenyem-lescola-300x216.png 300w" sizes="auto, (max-width: 362px) 100vw, 362px" />        </div>
        <div class="wp-block-getwid-post-slider__post-overlay "></div>
    <div class="wp-block-getwid-post-slider__post-content-wrapper">
        <h3 class="wp-block-getwid-post-slider__post-title"><a href="https://agora.xtec.cat/ceip-gabriel-castella/general/3r-programa-de-lunivers-escolar-de-lescola-gabriel-castella-i-raich/">3r programa de l&#8217;Univers escolar de l&#8217;escola Gabriel Castellà i Raich</a></h3>        <div class="wp-block-getwid-post-slider__post-excerpt"></div>
    </div>
</div>
							</div>
													<div class="wp-block-getwid-post-slider__slide" style="">
								
<div class="wp-block-getwid-post-slider__post ">
            <div class="wp-block-getwid-post-slider__post-thumbnail">
            <img loading="lazy" decoding="async" width="362" height="261" src="https://agora.xtec.cat/ceip-gabriel-castella/wp-content/uploads/usu2108/2025/10/Grup-1-Ensenyem-lescola.png" class="attachment-post-thumbnail size-post-thumbnail wp-post-image" alt="" srcset="https://agora.xtec.cat/ceip-gabriel-castella/wp-content/uploads/usu2108/2025/10/Grup-1-Ensenyem-lescola.png 362w, https://agora.xtec.cat/ceip-gabriel-castella/wp-content/uploads/usu2108/2025/10/Grup-1-Ensenyem-lescola-300x216.png 300w" sizes="auto, (max-width: 362px) 100vw, 362px" />        </div>
        <div class="wp-block-getwid-post-slider__post-overlay "></div>
    <div class="wp-block-getwid-post-slider__post-content-wrapper">
        <h3 class="wp-block-getwid-post-slider__post-title"><a href="https://agora.xtec.cat/ceip-gabriel-castella/general/2n-programa-de-lunivers-escolar-de-lescola-gabriel-castella-i-raich/">2n programa de l&#8217;Univers escolar de l&#8217;escola Gabriel Castellà i Raich</a></h3>        <div class="wp-block-getwid-post-slider__post-excerpt"></div>
    </div>
</div>
							</div>
													<div class="wp-block-getwid-post-slider__slide" style="">
								
<div class="wp-block-getwid-post-slider__post ">
            <div class="wp-block-getwid-post-slider__post-thumbnail">
            <img loading="lazy" decoding="async" width="2000" height="1500" src="https://agora.xtec.cat/ceip-gabriel-castella/wp-content/uploads/usu2108/2025/12/WhatsApp-Image-2025-12-05-at-22.39.53.jpeg" class="attachment-post-thumbnail size-post-thumbnail wp-post-image" alt="" srcset="https://agora.xtec.cat/ceip-gabriel-castella/wp-content/uploads/usu2108/2025/12/WhatsApp-Image-2025-12-05-at-22.39.53.jpeg 2000w, https://agora.xtec.cat/ceip-gabriel-castella/wp-content/uploads/usu2108/2025/12/WhatsApp-Image-2025-12-05-at-22.39.53-300x225.jpeg 300w, https://agora.xtec.cat/ceip-gabriel-castella/wp-content/uploads/usu2108/2025/12/WhatsApp-Image-2025-12-05-at-22.39.53-1024x768.jpeg 1024w, https://agora.xtec.cat/ceip-gabriel-castella/wp-content/uploads/usu2108/2025/12/WhatsApp-Image-2025-12-05-at-22.39.53-768x576.jpeg 768w, https://agora.xtec.cat/ceip-gabriel-castella/wp-content/uploads/usu2108/2025/12/WhatsApp-Image-2025-12-05-at-22.39.53-1536x1152.jpeg 1536w" sizes="auto, (max-width: 2000px) 100vw, 2000px" />        </div>
        <div class="wp-block-getwid-post-slider__post-overlay "></div>
    <div class="wp-block-getwid-post-slider__post-content-wrapper">
        <h3 class="wp-block-getwid-post-slider__post-title"><a href="https://agora.xtec.cat/ceip-gabriel-castella/general/la-nostra-escola-rep-la-placa-proa-del-crp-de-lanoia/">La nostra escola rep la placa PROA+ del CRP de l&#8217;Anoia</a></h3>        <div class="wp-block-getwid-post-slider__post-excerpt"><p>Estem tant contents d&#8217;anunciar-vos aquesta notícia!!! Ahir vam rebre una molt bona notícia: el Centre de Recursos Pedagògics de l’Anoia ens ha fet entrega de la placa PROA+, un distintiu que reconeix la participació del centre en el Pla de Millora d’Oportunitats Educatives, impulsat pel Ministeri d’Educació, Formació Professional i Esports. El programa PROA+ té [&hellip;]</p>
</div>
    </div>
</div>
							</div>
													<div class="wp-block-getwid-post-slider__slide" style="">
								
<div class="wp-block-getwid-post-slider__post ">
            <div class="wp-block-getwid-post-slider__post-thumbnail">
            <img loading="lazy" decoding="async" width="2000" height="1500" src="https://agora.xtec.cat/ceip-gabriel-castella/wp-content/uploads/usu2108/2025/11/IMG-20251121-WA0012-1.jpg" class="attachment-post-thumbnail size-post-thumbnail wp-post-image" alt="" srcset="https://agora.xtec.cat/ceip-gabriel-castella/wp-content/uploads/usu2108/2025/11/IMG-20251121-WA0012-1.jpg 2000w, https://agora.xtec.cat/ceip-gabriel-castella/wp-content/uploads/usu2108/2025/11/IMG-20251121-WA0012-1-300x225.jpg 300w, https://agora.xtec.cat/ceip-gabriel-castella/wp-content/uploads/usu2108/2025/11/IMG-20251121-WA0012-1-1024x768.jpg 1024w, https://agora.xtec.cat/ceip-gabriel-castella/wp-content/uploads/usu2108/2025/11/IMG-20251121-WA0012-1-768x576.jpg 768w, https://agora.xtec.cat/ceip-gabriel-castella/wp-content/uploads/usu2108/2025/11/IMG-20251121-WA0012-1-1536x1152.jpg 1536w" sizes="auto, (max-width: 2000px) 100vw, 2000px" />        </div>
        <div class="wp-block-getwid-post-slider__post-overlay "></div>
    <div class="wp-block-getwid-post-slider__post-content-wrapper">
        <h3 class="wp-block-getwid-post-slider__post-title"><a href="https://agora.xtec.cat/ceip-gabriel-castella/general/santa-cecilia-a-lescola/">Santa Cecília a l&#8217;escola</a></h3>        <div class="wp-block-getwid-post-slider__post-excerpt"><p>Durant aquesta setmana hem realitzat diferents activitats per celebrar Santa Cecília, patrona de la música. Dimarts un grup d&#8217;infants que van a l&#8217;escola de música van oferir un concert de violí, viola i violoncel als seus companys de 3r, 5è i 6è. I, divendres els infants de les classes de les àligues, la geganta i [&hellip;]</p>
</div>
    </div>
</div>
							</div>
						            </div>
        </div>
