{"id":7441,"date":"2022-11-07T18:21:12","date_gmt":"2022-11-07T17:21:12","guid":{"rendered":"https:\/\/agora.xtec.cat\/ceip-gabriel-castella\/?page_id=7441"},"modified":"2022-11-07T18:45:25","modified_gmt":"2022-11-07T17:45:25","slug":"infadimed","status":"publish","type":"page","link":"https:\/\/agora.xtec.cat\/ceip-gabriel-castella\/infadimed\/","title":{"rendered":"Programa INFADIMED"},"content":{"rendered":"<p>QU\u00c8 \u00c9S INFADIMED?<\/p>\n<p>INFADIMED (Inf\u00e0ncia i Dieta Mediterr\u00e0nia) \u00e9s un programa que fa promoci\u00f3 de la Dieta<br \/>\nMediterr\u00e0nia i que est\u00e0 portat a terme per professionals d\u2019infermeria d\u2019atenci\u00f3<br \/>\nprim\u00e0ria de l\u2019Institut Catal\u00e0 de la Salut. El programa est\u00e0 dirigit a alumnes d\u2019educaci\u00f3<br \/>\ninfantil i prim\u00e0ria amb l\u2019objectiu de donar eines als infants per tal que puguin decidir<br \/>\nqu\u00e8 \u00e9s m\u00e9s benefici\u00f3s per a la seva salut. A difer\u00e8ncia d\u2019altres programes d\u2019educaci\u00f3<br \/>\nnutricional, INFADIMED\u00ae ha fet servir un canal transmissor innovador en aquest tipus<br \/>\nd\u2019intervenci\u00f3: ha creat una s\u00e8rie de dibuixos animats amb aquesta finalitat, amb un<br \/>\npersonatge central que \u00e9s l\u2019encarregat d\u2019explicar als infants els beneficis d\u2019un estil de<br \/>\nvida saludable: el Capit\u00e0 Vitamines.<\/p>\n<p><a href=\"https:\/\/agora.xtec.cat\/ceip-gabriel-castella\/wp-content\/uploads\/usu2108\/2022\/11\/Document-Programa-INFADIMED-Escoles-2021-V.2.pdf\"><img loading=\"lazy\" decoding=\"async\" class=\"\" src=\"https:\/\/pbs.twimg.com\/profile_images\/1517782955644628992\/y8un4SVU_400x400.jpg\" alt=\"Capit\u00e0 Vitamines \u00ae (@capitavitamines) \/ Twitter\" width=\"239\" height=\"195\" \/><\/a><\/p>\n<p><a href=\"https:\/\/agora.xtec.cat\/ceip-gabriel-castella\/wp-content\/uploads\/usu2108\/2022\/11\/Document-Programa-INFADIMED-Escoles-2021-V.2.pdf\">https:\/\/agora.xtec.cat\/ceip-gabriel-castella\/wp-content\/uploads\/usu2108\/2022\/11\/Document-Programa-INFADIMED-Escoles-2021-V.2.pdf<\/a><\/p>\n","protected":false},"excerpt":{"rendered":"<p>QU\u00c8 \u00c9S INFADIMED? INFADIMED (Inf\u00e0ncia i Dieta Mediterr\u00e0nia) \u00e9s un programa que fa promoci\u00f3 de la Dieta Mediterr\u00e0nia i que est\u00e0 portat a terme per professionals d\u2019infermeria d\u2019atenci\u00f3 prim\u00e0ria de l\u2019Institut Catal\u00e0 de la Salut. El programa est\u00e0 dirigit a alumnes d\u2019educaci\u00f3 infantil i prim\u00e0ria amb l\u2019objectiu de donar eines als infants per tal que [&hellip;]<\/p>\n","protected":false},"author":7,"featured_media":0,"parent":0,"menu_order":0,"comment_status":"closed","ping_status":"closed","template":"","meta":{"_bbp_topic_count":0,"_bbp_reply_count":0,"_bbp_total_topic_count":0,"_bbp_total_reply_count":0,"_bbp_voice_count":0,"_bbp_anonymous_reply_count":0,"_bbp_topic_count_hidden":0,"_bbp_reply_count_hidden":0,"_bbp_forum_subforum_count":0,"site-sidebar-layout":"default","site-content-layout":"","ast-site-content-layout":"","site-content-style":"default","site-sidebar-style":"default","ast-global-header-display":"","ast-banner-title-visibility":"","ast-main-header-display":"","ast-hfb-above-header-display":"","ast-hfb-below-header-display":"","ast-hfb-mobile-header-display":"","site-post-title":"","ast-breadcrumbs-content":"","ast-featured-img":"","footer-sml-layout":"","theme-transparent-header-meta":"","adv-header-id-meta":"","stick-header-meta":"","header-above-stick-meta":"","header-main-stick-meta":"","header-below-stick-meta":"","astra-migrate-meta-layouts":"default","ast-page-background-enabled":"default","ast-page-background-meta":{"desktop":{"background-color":"var(--ast-global-color-4)","background-image":"","background-repeat":"repeat","background-position":"center center","background-size":"auto","background-attachment":"scroll","background-type":"","background-media":"","overlay-type":"","overlay-color":"","overlay-opacity":"","overlay-gradient":""},"tablet":{"background-color":"","background-image":"","background-repeat":"repeat","background-position":"center center","background-size":"auto","background-attachment":"scroll","background-type":"","background-media":"","overlay-type":"","overlay-color":"","overlay-opacity":"","overlay-gradient":""},"mobile":{"background-color":"","background-image":"","background-repeat":"repeat","background-position":"center center","background-size":"auto","background-attachment":"scroll","background-type":"","background-media":"","overlay-type":"","overlay-color":"","overlay-opacity":"","overlay-gradient":""}},"ast-content-background-meta":{"desktop":{"background-color":"var(--ast-global-color-5)","background-image":"","background-repeat":"repeat","background-position":"center center","background-size":"auto","background-attachment":"scroll","background-type":"","background-media":"","overlay-type":"","overlay-color":"","overlay-opacity":"","overlay-gradient":""},"tablet":{"background-color":"var(--ast-global-color-5)","background-image":"","background-repeat":"repeat","background-position":"center center","background-size":"auto","background-attachment":"scroll","background-type":"","background-media":"","overlay-type":"","overlay-color":"","overlay-opacity":"","overlay-gradient":""},"mobile":{"background-color":"var(--ast-global-color-5)","background-image":"","background-repeat":"repeat","background-position":"center center","background-size":"auto","background-attachment":"scroll","background-type":"","background-media":"","overlay-type":"","overlay-color":"","overlay-opacity":"","overlay-gradient":""}},"footnotes":""},"class_list":["post-7441","page","type-page","status-publish","hentry"],"post_mailing_queue_ids":[],"_links":{"self":[{"href":"https:\/\/agora.xtec.cat\/ceip-gabriel-castella\/wp-json\/wp\/v2\/pages\/7441","targetHints":{"allow":["GET"]}}],"collection":[{"href":"https:\/\/agora.xtec.cat\/ceip-gabriel-castella\/wp-json\/wp\/v2\/pages"}],"about":[{"href":"https:\/\/agora.xtec.cat\/ceip-gabriel-castella\/wp-json\/wp\/v2\/types\/page"}],"author":[{"embeddable":true,"href":"https:\/\/agora.xtec.cat\/ceip-gabriel-castella\/wp-json\/wp\/v2\/users\/7"}],"replies":[{"embeddable":true,"href":"https:\/\/agora.xtec.cat\/ceip-gabriel-castella\/wp-json\/wp\/v2\/comments?post=7441"}],"version-history":[{"count":3,"href":"https:\/\/agora.xtec.cat\/ceip-gabriel-castella\/wp-json\/wp\/v2\/pages\/7441\/revisions"}],"predecessor-version":[{"id":7453,"href":"https:\/\/agora.xtec.cat\/ceip-gabriel-castella\/wp-json\/wp\/v2\/pages\/7441\/revisions\/7453"}],"wp:attachment":[{"href":"https:\/\/agora.xtec.cat\/ceip-gabriel-castella\/wp-json\/wp\/v2\/media?parent=7441"}],"curies":[{"name":"wp","href":"https:\/\/api.w.org\/{rel}","templated":true}]}}